-- https://www.phpmyadmin.net/
--

START TRANSACTION;



--
-- Database: `demo12cm_hair_salon_tf`
--

-- --------------------------------------------------------

--
-- Table structure for table `woobooking_apps`
--

CREATE TABLE `woobooking_apps` (
  `id` int(11) UNSIGNED NOT NULL,
  `name` varchar(200) NOT NULL,
  `alias` varchar(200) NOT NULL,
  `ordering` int(11) NOT NULL,
  `description` text NOT NULL
) ENGINE=InnoDB DEFAULT CHARSET=utf8;

--
-- Dumping data for table `woobooking_apps`
--

INSERT INTO `woobooking_apps` (`id`, `name`, `alias`, `ordering`, `description`) VALUES
(1, 'woobooking', 'woobooking', 0, '');

-- --------------------------------------------------------

--
-- Table structure for table `woobooking_billing`
--

CREATE TABLE `woobooking_billing` (
  `id` int(11) NOT NULL,
  `ordering` int(11) NOT NULL,
  `order_id` int(11) NOT NULL,
  `email` varchar(50) NOT NULL,
  `first_name` varchar(50) NOT NULL,
  `company` varchar(255) NOT NULL,
  `country` varchar(50) NOT NULL,
  `address_1` varchar(255) NOT NULL,
  `address_2` varchar(255) NOT NULL,
  `postcode` varchar(50) NOT NULL,
  `city` varchar(50) NOT NULL,
  `state` varchar(50) NOT NULL,
  `phone` varchar(50) NOT NULL,
  `title` varchar(200) NOT NULL,
  `alias` varchar(200) NOT NULL,
  `data` text NOT NULL
) ENGINE=InnoDB DEFAULT CHARSET=utf8;

--
-- Dumping data for table `woobooking_billing`
--

INSERT INTO `woobooking_billing` (`id`, `ordering`, `order_id`, `email`, `first_name`, `company`, `country`, `address_1`, `address_2`, `postcode`, `city`, `state`, `phone`, `title`, `alias`, `data`) VALUES
(4, 0, 8, 'nguyendinhcuong@gmail.com', 'sdfds', 'sdfsdfds', 'VN', 'sdfdsfdsf', '', '34334', 'ssdf', '', '', '', '', '');

-- --------------------------------------------------------

--
-- Table structure for table `woobooking_block`
--

CREATE TABLE `woobooking_block` (
  `id` int(11) UNSIGNED NOT NULL,
  `open_source_client_id` varchar(255) NOT NULL,
  `name` varchar(200) NOT NULL,
  `type` varchar(50) NOT NULL,
  `alias` varchar(200) NOT NULL,
  `ordering` int(11) NOT NULL,
  `description` text NOT NULL,
  `params` mediumtext NOT NULL
) ENGINE=InnoDB DEFAULT CHARSET=utf8;

--
-- Dumping data for table `woobooking_block`
--

INSERT INTO `woobooking_block` (`id`, `open_source_client_id`, `name`, `type`, `alias`, `ordering`, `description`, `params`) VALUES
(1, '', '', 'service-list', '', 0, '', ''),
(2, '', '', 'service-list', '', 0, '', ''),
(3, '', '', 'service-list', '', 0, '', ''),
(4, '', '', 'service-list', '', 0, '', ''),
(5, '', '', 'service-list', '', 0, '', ''),
(6, '', '', 'service-list', '', 0, '', ''),
(7, '', '', 'service-list', '', 0, '', ''),
(8, '', '', 'service-list', '', 0, '', ''),
(9, '', '', 'service-list', '', 0, '', ''),
(10, '', '', 'service-list', '', 0, '', ''),
(11, '', '', 'service-list', '', 0, '', ''),
(12, '', '', 'service-list', '', 0, '', ''),
(13, '', '', 'service-list', '', 0, '', ''),
(14, '', '', 'service-list', '', 0, '', ''),
(15, '', '', 'service-list', '', 0, '', ''),
(16, '', '', '', '', 0, '', ''),
(17, '', '', 'service-list', '', 0, '', ''),
(18, '', '', 'service-list', '', 0, '', '{\"category_id\":\"33\"}'),
(19, '', '', 'service-list', '', 0, '', '{\"category_id\":\"33\"}'),
(20, '', '', 'service-list', '', 0, '', '{\"category_id\":\"37\"}'),
(21, '', '', 'service-list', '', 0, '', '{\"category_id\":\"32\"}'),
(22, '', '', 'event-list', '', 0, '', ''),
(23, '', '', 'service-list', '', 0, '', '{\"category_id\":\"32\"}'),
(24, '', '', 'woobooking-employee-list', '', 0, '', ''),
(25, '', '', 'woobooking-employee-list', '', 0, '', ''),
(26, '', '', 'woobooking-employee-list', '', 0, '', ''),
(27, '', '', 'woobooking-service-list', '', 0, '', '{\"category_id\":\"32\"}'),
(28, '', '', 'woobooking-service-list', '', 0, '', '{\"category_id\":\"32\"}'),
(29, '', '', 'woobooking-appointment-default', '', 0, '', ''),
(30, '', '', 'woobooking-employee-list', '', 0, '', ''),
(31, '', '', 'woobooking-service-list', '', 0, '', '{\"category_id\":\"20\"}'),
(32, '', '', 'woobooking-category-list', '', 0, '', ''),
(33, '', '', '', '', 0, '', '{\"category_id\":\"20\"}'),
(34, '', '', 'woobooking-service-list', '', 0, '', ''),
(35, '', '', 'woobooking-service-list', '', 0, '', ''),
(36, '', '', 'woobooking-service-list', '', 0, '', ''),
(37, '', '', 'woobooking-service-list', '', 0, '', ''),
(38, '', '', 'woobooking-service-list', '', 0, '', ''),
(39, '', '', 'woobooking-service-list', '', 0, '', ''),
(40, '', '', 'woobooking-service-list', '', 0, '', ''),
(41, '', '', 'woobooking-service-list', '', 0, '', ''),
(42, '', '', 'woobooking-service-list', '', 0, '', ''),
(43, '', '', 'woobooking-service-list', '', 0, '', ''),
(44, '', '', 'woobooking-service-list', '', 0, '', ''),
(45, '', '', 'woobooking-service-list', '', 0, '', ''),
(46, '', '', 'woobooking-service-list', '', 0, '', ''),
(47, '', '', 'woobooking-category-list', '', 0, '', ''),
(48, '', '', 'woobooking-service-list', '', 0, '', ''),
(49, '', '', 'woobooking-service-list', '', 0, '', ''),
(50, '', '', 'woobooking-service-list', '', 0, '', ''),
(51, '', '', 'woobooking-service-list', '', 0, '', ''),
(52, '', '', 'woobooking-service-list', '', 0, '', ''),
(53, '', '', 'woobooking-service-list', '', 0, '', ''),
(54, '', '', 'woobooking-service-list', '', 0, '', ''),
(55, '', '', '', '', 0, '', '{\"category_id\":\"20\"}'),
(56, '', '', 'woobooking-service-list', '', 0, '', ''),
(57, '', '', 'woobooking-service-list', '', 0, '', ''),
(58, '', '', 'woobooking-service-list', '', 0, '', ''),
(59, '', '', 'woobooking-service-list', '', 0, '', ''),
(60, '', '', 'woobooking-service-list', '', 0, '', ''),
(61, '', '', 'woobooking-service-list', '', 0, '', ''),
(62, '', '', 'woobooking-service-list', '', 0, '', ''),
(63, '', '', 'woobooking-service-list', '', 0, '', ''),
(64, '', '', 'woobooking-service-list', '', 0, '', ''),
(65, '', '', 'woobooking-service-list', '', 0, '', '{\"category_id\":\"20\"}'),
(66, '', '', 'woobooking-category-list', '', 0, '', ''),
(67, '', '', 'woobooking-category-list', '', 0, '', ''),
(68, '', '', 'woobooking-category-list', '', 0, '', ''),
(69, '', '', 'woobooking-category-list', '', 0, '', '{\"children_layout\":\"home_page\"}'),
(70, '', '', 'woobooking-category-list', '', 0, '', '{\"children_layout\":\"home_page\"}'),
(71, '', '', 'woobooking-category-list', '', 0, '', '{\"children_layout\":\"home_page\"}'),
(72, '', '', 'woobooking-category-list', '', 0, '', ''),
(73, '', '', 'woobooking-category-list', '', 0, '', ''),
(74, '', '', 'woobooking-category-list', '', 0, '', ''),
(75, '', '', 'woobooking-category-list', '', 0, '', ''),
(76, '', '', 'woobooking-category-list', '', 0, '', ''),
(77, '', '', 'woobooking-category-list', '', 0, '', ''),
(78, '', '', 'woobooking-category-list', '', 0, '', '{\"children_layout\":\"list_home_page\"}'),
(79, '', '', 'woobooking-classtimeable-default', '', 0, '', ''),
(80, '', '', 'woobooking-classtimeable-default', '', 0, '', ''),
(81, '', '', 'woobooking-classtimeable-default', '', 0, '', ''),
(82, '', '', 'woobooking-block-classtimeable-default', '', 0, '', ''),
(83, '', '', 'woobooking-block-classtimeable-default', '', 0, '', ''),
(84, '', '', 'woobooking-block-classtimeable', '', 0, '', ''),
(85, '', '', 'woobooking-block-classtimeable', '', 0, '', ''),
(86, '', '', 'woobooking-block-classtimeable', '', 0, '', ''),
(87, '', '', 'woobooking-block-classtimeable', '', 0, '', ''),
(88, '', '', 'woobooking-block-classtimeable', '', 0, '', ''),
(89, '', '', 'woobooking-block-classtimeable', '', 0, '', ''),
(90, '', '', 'woobooking-block-classtimeable', '', 0, '', ''),
(91, '', '', 'woobooking-block-classtimeable', '', 0, '', ''),
(92, '', '', 'woobooking-block-classtimeable', '', 0, '', ''),
(93, '', '', 'woobooking-block-classtimeable', '', 0, '', ''),
(94, '', '', 'woobooking-block-classtimeable', '', 0, '', ''),
(95, '', '', 'woobooking-block-classtimeable', '', 0, '', '{\"category_id\":\"20\"}'),
(96, '', '', 'woobooking-block-classtimeable', '', 0, '', '{\"category_id\":\"22\"}'),
(97, '', '', 'woobooking-block-block_classtimeable', '', 0, '', ''),
(98, '', '', 'woobooking-block-block_classtimeable', '', 0, '', ''),
(99, '', 'sdfdsfds', 'woobooking-block-classtimeable', '', 0, '', 'null'),
(100, '', '', 'woobooking-booking-training', '', 0, '', ''),
(101, '', '', 'woobooking-category-list', '', 0, '', '{\"children_layout\":\"list_home_page\"}'),
(102, '', 'Table time', 'woobooking-block-classtimeable', '', 0, '', 'null'),
(103, '', '', 'woobooking-block-priceplanclass', '', 0, '', ''),
(104, '', '', 'woobooking-block-priceplanclass', '', 0, '', ''),
(105, '', '', 'woobooking-block-priceplanclass', '', 0, '', '{\"list_package_id\":[\"2\",\"3\",\"4\"],\"layout\":\"default\"}'),
(106, '', '', 'woobooking-block-priceplanclass', '', 0, '', '{\"category_id\":\"\",\"layout\":\"page_service_package_plan\"}'),
(107, '', '', 'woobooking-block-priceplanclass', '', 0, '', ''),
(108, '', '', 'woobooking-block-priceplanclass', '', 0, '', '{\"category_id\":\"\",\"layout\":\"page_service_package_plan\"}'),
(109, '', '', 'woobooking-block-meetourcoachs', '', 0, '', ''),
(110, '', '', 'woobooking-block-meetourcoachs', '', 0, '', '{\"employee_id\":[\"1\",\"3\",\"5\",\"6\",\"7\",\"8\",\"9\",\"15\",\"16\"],\"layout\":\"default\"}'),
(111, '', '', 'woobooking-block-priceplanclass', '', 0, '', ''),
(112, '', '', 'woobooking-block-priceplanclass', '', 0, '', ''),
(113, '', '', 'woobooking-block-categoryimage', '', 0, '', ''),
(114, '', '', 'woobooking-block-categoryimage', '', 0, '', ''),
(115, '', '', 'woobooking-block-categoryimage', '', 0, '', '{\"category_id\":[\"20\",\"21\",\"22\",\"23\",\"46\"],\"layout\":\"default\"}'),
(116, '', '', 'woobooking-block-categoryimage', '', 0, '', '{\"category_id\":[\"68\",\"23\",\"22\",\"21\",\"20\"],\"layout\":\"default\"}'),
(117, '', '', 'woobooking-block-categoryimage', '', 0, '', '{\"category_id\":[\"20\",\"21\",\"22\",\"23\",\"46\"],\"layout\":\"default\"}'),
(118, '', '', 'woobooking-block-meetourcoachs', '', 0, '', '{\"employee_id\":[\"1\",\"3\",\"17\"],\"layout\":\"default\"}'),
(119, '', '', 'woobooking-block-priceplanclass', '', 0, '', '{\"list_package_id\":[\"2\",\"3\",\"5\"],\"layout\":\"default\"}'),
(120, '', '', 'woobooking-block-meetourcoachs', '', 0, '', '{\"employee_id\":[\"1\",\"3\",\"5\",\"6\",\"7\",\"8\",\"9\",\"10\",\"15\"],\"layout\":\"default\"}'),
(121, '', '', 'woobooking-block-classtimeable', '', 0, '', ''),
(122, '', '', 'woobooking-block-categoryimage', '', 0, '', '{\"category_id\":[\"67\",\"20\",\"21\",\"22\",\"23\"],\"layout\":\"default\"}'),
(123, '', '', 'woobooking-block-galleryblock', '', 0, '', '{\"gallery_id\":[\"\"],\"layout\":\"default\"}'),
(124, '', '', 'woobooking-block-galleryblock', '', 0, '', ''),
(125, '', '', 'woobooking-block-galleryblock', '', 0, '', ''),
(126, '', '', 'woobooking-block-galleryblock', '', 0, '', ''),
(127, '', '', 'woobooking-block-galleryblock', '', 0, '', '{\"gallery_id\":[\"\"],\"layout\":\"default\"}'),
(128, '', '', 'woobooking-block-galleryblock', '', 0, '', ''),
(129, '', '', 'woobooking-block-galleryblock', '', 0, '', ''),
(130, '', '', 'woobooking-block-galleryblock', '', 0, '', '{\"service_id\":[\"45\",\"46\",\"47\",\"48\",\"49\",\"50\",\"51\",\"52\",\"57\"],\"layout\":\"default\"}'),
(131, '', '', 'woobooking-order-list', '', 0, '', ''),
(132, '', '', 'woobooking-account-list', '', 0, '', ''),
(133, '', '', 'woobooking-block-bookingtraining', '', 0, '', '{\"service_id\":[\"45\"],\"layout\":\"default\"}'),
(134, '', '', 'woobooking-block-listevent', '', 0, '', '{\"layout\":\"default\"}'),
(135, '', '', 'woobooking-block-listevent', '', 0, '', '{\"layout\":\"default\"}'),
(136, '', '', 'woobooking-block-listevent', '', 0, '', '{\"layout\":\"default\"}'),
(137, '', '', 'woobooking-block-listevent', '', 0, '', '{\"layout\":\"default\"}'),
(138, '', '', 'woobooking-block-listevent', '', 0, '', '{\"layout\":\"default\"}'),
(139, '', '', 'woobooking-block-bookingtraining', '', 0, '', '{\"layout\":\"default\"}'),
(140, '', 'block', 'woobooking-block-listevent', '', 0, '', '{\"layout\":\"default\"}'),
(141, '', 'hfhfhf', 'woobooking-block-searchmenu', '', 0, '', '{\"layout\":\"default\"}'),
(142, '', '', 'woobooking-block-searchmenu', '', 0, '', '{\"layout\":\"default\"}'),
(143, '', '', 'woobooking-block-searchmenu', '', 0, '', '{\"layout\":\"default\"}'),
(144, '', '', 'woobooking-block-priceplanclass', '', 0, '', '{\"list_package_id\":[\"2\",\"3\",\"4\"],\"layout\":\"default\"}'),
(145, '', '', 'woobooking-block-searchmenu', '', 0, '', '{\"layout\":\"default\"}'),
(146, '', '', 'woobooking-block-searchmenu', '', 0, '', '{\"layout\":\"default\"}'),
(147, '', '', 'woobooking-block-bookingtraining', '', 0, '', '{\"layout\":\"default\"}'),
(148, '', '', 'woobooking-block-location', '', 0, '', '{\"layout\":\"default\",\"locations\":[\"3\",\"4\",\"5\"]}'),
(149, '', '', 'woobooking-block-searchmenu', '', 0, '', '{\"layout\":\"default\"}'),
(150, '', '', 'woobooking-block-searchmenu', '', 0, '', '{\"layout\":\"default\"}'),
(151, '', '', 'woobooking-block-searchmenu', '', 0, '', '{\"layout\":\"default\"}'),
(152, '', '', 'woobooking-block-searchmenu', '', 0, '', '{\"layout\":\"default\"}'),
(153, '', '', 'woobooking-block-searchmenu', '', 0, '', '{\"layout\":\"default\"}'),
(154, '', '', 'woobooking-block-searchmenu', '', 0, '', '{\"layout\":\"default\"}'),
(155, '', '', 'woobooking-block-searchmenu', '', 0, '', '{\"layout\":\"default\"}'),
(156, '', '', 'woobooking-block-location', '', 0, '', '{\"layout\":\"default\",\"path_image1\":\"blocks\\/block_location\\/assets\\/images\\/img2.png\",\"link_1\":\"http:\\/\\/45.119.84.18\\/~wbkfitnes\\/woobooking-service-list\\/?category_id=20\",\"text_1\":\"HO CHI MINH\",\"path_image2\":\"blocks\\/block_location\\/assets\\/images\\/img3.png\",\"link_2\":\"http:\\/\\/45.119.84.18\\/~wbkfitnes\\/woobooking-service-list\\/?category_id=21\",\"text_2\":\"DA NANG\",\"path_image3\":\"blocks\\/block_location\\/assets\\/images\\/img4.png\",\"link_3\":\"http:\\/\\/45.119.84.18\\/~wbkfitnes\\/woobooking-service-list\\/?category_id=22\",\"text_3\":\"HA NOI\"}'),
(157, '', '', 'woobooking-block-location', '', 0, '', '{\"layout\":\"default\",\"path_image1\":\"blocks\\/block_location\\/assets\\/images\\/img2.png\",\"link_1\":\"http:\\/\\/45.119.84.18\\/~wbkfitnes\\/woobooking-service-list\\/?category_id=20\",\"text_1\":\"HO CHI MINH\",\"path_image2\":\"blocks\\/block_location\\/assets\\/images\\/img3.png\",\"link_2\":\"http:\\/\\/45.119.84.18\\/~wbkfitnes\\/woobooking-service-list\\/?category_id=21\",\"text_2\":\"DA NANG\",\"path_image3\":\"blocks\\/block_location\\/assets\\/images\\/img4.png\",\"link_3\":\"http:\\/\\/45.119.84.18\\/~wbkfitnes\\/woobooking-service-list\\/?category_id=22\",\"text_3\":\"HA NOI\"}'),
(158, '', '', 'woobooking-block-searchmenu', '', 0, '', '{\"layout\":\"default\"}'),
(159, '', 'block search', 'woobooking-block-searchmenu', '', 0, '', '{\"layout\":\"default\"}'),
(160, '', '', 'woobooking-block-location', '', 0, '', '{\"layout\":\"default\",\"path_image1\":\"\",\"link_1\":\"\",\"text_1\":\"\",\"path_image2\":\"\",\"link_2\":\"\",\"text_2\":\"\",\"path_image3\":\"\",\"link_3\":\"\",\"text_3\":\"\"}'),
(161, '', '', 'woobooking-block-location', '', 0, '', '{\"layout\":\"default\",\"path_image1\":\"\",\"link_1\":\"\",\"text_1\":\"\",\"path_image2\":\"\",\"link_2\":\"\",\"text_2\":\"\",\"path_image3\":\"\",\"link_3\":\"\",\"text_3\":\"\"}'),
(162, '', '', 'woobooking-block-location', '', 0, '', '{\"layout\":\"default\",\"locations\":[\"3\",\"4\",\"5\"]}'),
(163, '', '', 'woobooking-block-searchmenu', '', 0, '', ''),
(164, '', '', 'woobooking-block-searchmenu', '', 0, '', ''),
(165, '', '', 'woobooking-block-listevent', '', 0, '', ''),
(166, '', '', 'woobooking-block-priceplanclass', '', 0, '', ''),
(167, '', '', 'woobooking-block-priceplanclass', '', 0, '', ''),
(168, '', '', 'woobooking-block-bookingtraining', '', 0, '', ''),
(169, '', '', 'woobooking-block-categoryimage', '', 0, '', ''),
(170, '', '', 'woobooking-block-meetourcoachs', '', 0, '', ''),
(171, '', '', 'woobooking-block-classtimeable', '', 0, '', ''),
(172, '', '', 'woobooking-block-galleryblock', '', 0, '', ''),
(173, '', '', 'woobooking-block-location', '', 0, '', ''),
(174, '', '', 'woobooking-block-listevent', '', 0, '', ''),
(175, '', '', 'woobooking-block-priceplanclass', '', 0, '', ''),
(176, '', '', 'woobooking-block-searchmenu', '', 0, '', ''),
(177, '', '', 'woobooking-block-searchmenu', '', 0, '', '{\"layout\":\"default\"}'),
(178, '', '', 'woobooking-block-listevent', '', 0, '', ''),
(179, '', '', 'woobooking-block-listevent', '', 0, '', '{\"layout\":\"default\"}'),
(180, '', '', 'woobooking-block-priceplanclass', '', 0, '', '{\"layout\":\"default\"}'),
(181, '', '', 'woobooking-block-priceplanclass', '', 0, '', '{\"list_package_id\":[\"2\",\"3\",\"4\"],\"layout\":\"default\"}'),
(182, '', '', 'woobooking-block-bookingtraining', '', 0, '', '{\"layout\":\"default\"}'),
(183, '', '', 'woobooking-block-categoryimage', '', 0, '', '{\"category_id\":[\"70\",\"68\",\"23\",\"22\",\"21\",\"20\"],\"layout\":\"default\"}'),
(184, '', '', 'woobooking-block-meetourcoachs', '', 0, '', '{\"employee_id\":[\"1\",\"3\",\"5\",\"6\",\"7\",\"8\",\"9\",\"10\",\"15\"],\"layout\":\"default\"}'),
(185, '', '', 'woobooking-block-galleryblock', '', 0, '', '{\"service_id\":[\"45\",\"46\",\"47\",\"48\",\"49\",\"50\",\"51\",\"52\",\"57\",\"58\",\"59\"],\"layout\":\"default\"}'),
(186, '', '', 'woobooking-block-location', '', 0, '', '{\"layout\":\"default\",\"locations\":[\"3\",\"4\",\"5\"]}'),
(187, '0b63fa5', '', 'listservice', '', 0, '', ''),
(188, '00867e3', '', 'priceplanclass', '', 0, '', ''),
(189, '56fd41d', '', 'meetourcoachs', '', 0, '', ''),
(190, '71c7414', '', 'searchmenu', '', 0, '', ''),
(191, '1cda8d8', '', 'bookingtraining', '', 0, '', ''),
(192, '27309c5', '', 'priceplanclass', '', 0, '', ''),
(193, '6b42a33', '', 'listservice', '', 0, '', ''),
(194, 'f8ce7af', '', 'listservice', '', 0, '', ''),
(195, '03261ab', '', 'meetourcoachs', '', 0, '', ''),
(196, 'f98df8b', '', 'listservice', '', 0, '', ''),
(197, '28f5eb4', '', 'priceplanclass', '', 0, '', ''),
(198, 'bb4b8a1', '', 'listservice', '', 0, '', ''),
(199, '67ba010', '', 'priceplanclass', '', 0, '', ''),
(200, '18de702', '', 'priceplanclass', '', 0, '', ''),
(201, '393c32b', '', 'meetourcoachs', '', 0, '', ''),
(202, '677c33b', '', 'priceplanclass', '', 0, '', ''),
(203, 'f522a1b', '', 'searchmenu', '', 0, '', ''),
(204, 'afbb9f6', '', 'listservice', '', 0, '', ''),
(205, 'e48532a', '', 'meetourcoachs', '', 0, '', ''),
(206, 'b5246ba', '', 'searchmenu', '', 0, '', ''),
(207, '57fc1cc', '', 'priceplanclass', '', 0, '', ''),
(208, '7ef8936', '', 'searchmenu', '', 0, '', ''),
(209, 'e151f69', '', 'listservice', '', 0, '', ''),
(210, 'c12310d', '', 'categoryimage', '', 0, '', ''),
(211, '044e2cd', '', 'priceplanclass', '', 0, '', ''),
(212, 'a27c723', '', 'priceplanclass', '', 0, '', ''),
(213, '2e42f4a', '', 'meetourcoachs', '', 0, '', ''),
(214, '884efda', '', 'listservice', '', 0, '', ''),
(215, '549727c', '', 'priceplanclass', '', 0, '', ''),
(216, '731bf43', '', 'searchmenu', '', 0, '', ''),
(217, 'dc597b9', '', 'searchmenu', '', 0, '', ''),
(218, '0a19153', '', 'searchmenu', '', 0, '', ''),
(219, 'be1466e', '', 'meetourcoachs', '', 0, '', ''),
(220, 'd2a232a', '', 'searchmenu', '', 0, '', ''),
(221, 'd22028c', '', 'meetourcoachs', '', 0, '', ''),
(222, '766f45b', '', 'searchmenu', '', 0, '', ''),
(223, '16c075', '', 'meetourcoachs', '', 0, '', ''),
(224, '4eafafd6', '', 'priceplanclass', '', 0, '', ''),
(225, '57db6146', '', 'categoryimage', '', 0, '', ''),
(226, '65d0c563', '', 'searchmenu', '', 0, '', ''),
(227, '8cddafd', '', 'priceplanclass', '', 0, '', ''),
(228, '30b5211b', '', 'searchmenu', '', 0, '', ''),
(229, '2d92298', '', 'meetourcoachs', '', 0, '', ''),
(230, '4c93aee6', '', 'searchmenu', '', 0, '', ''),
(231, '7f9e0115', '', 'categoryimage', '', 0, '', ''),
(232, '5d6508c', '', 'categoryimage', '', 0, '', ''),
(233, 'dac845d', '', 'priceplanclass', '', 0, '', ''),
(234, '613c02a', '', 'priceplanclass', '', 0, '', ''),
(235, '1b3e48c9', '', 'searchmenu', '', 0, '', ''),
(236, '23fed163', '', 'categoryimage', '', 0, '', ''),
(237, '28920fe2', '', 'meetourcoachs', '', 0, '', ''),
(238, '32243573', '', 'searchmenu', '', 0, '', ''),
(239, '67b17d30', '', 'meetourcoachs', '', 0, '', ''),
(240, '60ab6e8b', '', 'priceplanclass', '', 0, '', ''),
(241, '311fbd8e', '', 'meetourcoachs', '', 0, '', ''),
(242, '70b13d73', '', 'searchmenu', '', 0, '', ''),
(243, '7184f0d7', '', 'categoryimage', '', 0, '', ''),
(244, '57bc38fb', '', 'categoryimage', '', 0, '', ''),
(245, '4fe31e4b', '', 'searchmenu', '', 0, '', ''),
(246, '3ab3d872', '', 'meetourcoachs', '', 0, '', ''),
(247, 'e3dfd84', '', 'searchmenu', '', 0, '', ''),
(248, '45adc185', '', 'priceplanclass', '', 0, '', ''),
(249, '4f28d939', '', 'categoryimage', '', 0, '', ''),
(250, '412cc90f', '', 'searchmenu', '', 0, '', ''),
(251, '135cb384', '', 'categoryimage', '', 0, '', ''),
(252, '52ba6beb', '', 'priceplanclass', '', 0, '', ''),
(253, '311d64c0', '', 'searchmenu', '', 0, '', ''),
(254, '57b0ffb6', '', 'listservice', '', 0, '', ''),
(255, 'b2a9cd1', '', 'categoryimage', '', 0, '', ''),
(256, '45f72f4', '', 'searchmenu', '', 0, '', ''),
(257, '184f128', '', 'searchmenu', '', 0, '', ''),
(258, '2c5a580', '', 'searchmenu', '', 0, '', '');

-- --------------------------------------------------------

--
-- Table structure for table `woobooking_category`
--

CREATE TABLE `woobooking_category` (
  `id` int(11) UNSIGNED NOT NULL,
  `name` varchar(200) NOT NULL,
  `image` varchar(200) NOT NULL,
  `alias` varchar(200) NOT NULL,
  `ordering` int(11) NOT NULL,
  `published` int(11) NOT NULL,
  `description` text NOT NULL
) ENGINE=InnoDB DEFAULT CHARSET=utf8;

--
-- Dumping data for table `woobooking_category`
--

INSERT INTO `woobooking_category` (`id`, `name`, `image`, `alias`, `ordering`, `published`, `description`) VALUES
(20, 'Detox Hair', 'upload/employees/images/cover/13_Feb_1987detox-hair.jpg', '', 5, 1, 'Contrary to popular belief, Lorem Ipsum is not'),
(21, 'Hair Dryer', 'upload/employees/images/cover/12_Jul_2014hair-dryer.jpg', '', 9, 1, 'Contrary to popular belief, Lorem Ipsum is not'),
(22, 'Hair Stylist', 'upload/employees/images/cover/30_Dec_1995hair-stylist.jpg', '', 10, 1, 'Contrary to popular belief, Lorem Ipsum is not'),
(23, 'Shaving Beard', 'upload/employees/images/cover/04_Dec_1973shaving-beard.jpg', '', 11, 1, 'Contrary to popular belief, Lorem Ipsum is not'),
(68, 'Coloring Hair', 'upload/employees/images/cover/20_Nov_1981coloring-hair.jpg', '', 0, 1, 'Contrary to popular belief, Lorem Ipsum is not'),
(70, 'Classic Haircut', 'upload/employees/images/cover/17_Jul_2008Classic-Haircut.jpg', '', 0, 1, 'Contrary to popular belief, Lorem Ipsum is not');

-- --------------------------------------------------------

--
-- Table structure for table `woobooking_category_tag`
--

CREATE TABLE `woobooking_category_tag` (
  `id` int(11) NOT NULL,
  `category_id` int(11) NOT NULL,
  `tag_id` int(11) NOT NULL,
  `description` text NOT NULL
) ENGINE=InnoDB DEFAULT CHARSET=utf8;

-- --------------------------------------------------------

--
-- Table structure for table `woobooking_config`
--

CREATE TABLE `woobooking_config` (
  `id` int(11) NOT NULL,
  `title` varchar(200) NOT NULL,
  `alias` varchar(200) NOT NULL,
  `params` mediumtext NOT NULL
) ENGINE=InnoDB DEFAULT CHARSET=utf8;

--
-- Dumping data for table `woobooking_config`
--

INSERT INTO `woobooking_config` (`id`, `title`, `alias`, `params`) VALUES
(1, 'title1', 'title1', '{\"booking_style\":\"in_line\",\"using_jquery_ui\":\"1\",\"jquery_ui_version\":\"jquery-ui-1.11.4\",\"multi_product_in_cart\":\"1\",\"login_before_checkout\":\"1\",\"auto_create_account\":\"1\",\"group_user_when_register\":\"\",\"auto_login_when_create_account\":\"0\",\"clear_cart_when_checkout_finish\":\"1\",\"apply_for_coupon_membership\":\"0\",\"enable_vendor_application\":\"0\",\"path_media\":\"\",\"max_search_month\":\"6\",\"backup_database_path\":\"\",\"backup_media_path\":\"\",\"category_image_with\":\"5\",\"category_image_height\":\"5\",\"debug_end_user\":\"0\",\"debug_dev\":\"0\"}');

-- --------------------------------------------------------

--
-- Table structure for table `woobooking_country`
--

CREATE TABLE `woobooking_country` (
  `id` int(11) NOT NULL,
  `countrycode` char(3) NOT NULL,
  `countryname` varchar(200) NOT NULL,
  `image` varchar(200) NOT NULL,
  `code` char(2) DEFAULT NULL,
  `ordering` int(11) NOT NULL,
  `published` int(11) NOT NULL
) ENGINE=InnoDB DEFAULT CHARSET=utf8;

--
-- Dumping data for table `woobooking_country`
--

INSERT INTO `woobooking_country` (`id`, `countrycode`, `countryname`, `image`, `code`, `ordering`, `published`) VALUES
(1, 'ABW', 'Aruba', 'admin/resources/flags/aw.png', 'AW', 0, 0),
(2, 'AFG', 'Afghanistan', 'admin/resources/flags/af.png', 'AF', 0, 0),
(3, 'AGO', 'Angola', 'admin/resources/flags/ao.png', 'AO', 0, 0),
(4, 'AIA', 'Anguilla', 'admin/resources/flags/ai.png', 'AI', 0, 0),
(5, 'ALA', 'Åland', 'admin/resources/flags/ax.png', 'AX', 0, 0),
(6, 'ALB', 'Albania', 'admin/resources/flags/al.png', 'AL', 0, 0),
(7, 'AND', 'Andorra', 'admin/resources/flags/ad.png', 'AD', 0, 0),
(8, 'ARE', 'United Arab Emirates', 'admin/resources/flags/ae.png', 'AE', 0, 0),
(9, 'ARG', 'Argentina', 'admin/resources/flags/ar.png', 'AR', 0, 0),
(10, 'ARM', 'Armenia', 'admin/resources/flags/am.png', 'AM', 0, 0),
(11, 'ASM', 'American Samoa', 'admin/resources/flags/as.png', 'AS', 0, 0),
(12, 'ATA', 'Antarctica', 'admin/resources/flags/aq.png', 'AQ', 0, 0),
(13, 'ATF', 'French Southern Territories', 'admin/resources/flags/tf.png', 'TF', 0, 0),
(14, 'ATG', 'Antigua and Barbuda', 'admin/resources/flags/ag.png', 'AG', 0, 0),
(15, 'AUS', 'Australia', 'admin/resources/flags/au.png', 'AU', 0, 0),
(16, 'AUT', 'Austria', 'admin/resources/flags/at.png', 'AT', 0, 0),
(17, 'AZE', 'Azerbaijan', 'admin/resources/flags/az.png', 'AZ', 0, 0),
(18, 'BDI', 'Burundi', 'admin/resources/flags/bi.png', 'BI', 0, 0),
(19, 'BEL', 'Belgium', 'admin/resources/flags/be.png', 'BE', 0, 0),
(20, 'BEN', 'Benin', 'admin/resources/flags/bj.png', 'BJ', 0, 0),
(21, 'BES', 'Bonaire', 'admin/resources/flags/bq.png', 'BQ', 0, 0),
(22, 'BFA', 'Burkina Faso', 'admin/resources/flags/bf.png', 'BF', 0, 0),
(23, 'BGD', 'Bangladesh', 'admin/resources/flags/bd.png', 'BD', 0, 0),
(24, 'BGR', 'Bulgaria', 'admin/resources/flags/bg.png', 'BG', 0, 0),
(25, 'BHR', 'Bahrain', 'admin/resources/flags/bh.png', 'BH', 0, 0),
(26, 'BHS', 'Bahamas', 'admin/resources/flags/bs.png', 'BS', 0, 0),
(27, 'BIH', 'Bosnia and Herzegovina', 'admin/resources/flags/ba.png', 'BA', 0, 0),
(28, 'BLM', 'Saint Barthélemy', 'admin/resources/flags/bl.png', 'BL', 0, 0),
(29, 'BLR', 'Belarus', 'admin/resources/flags/by.png', 'BY', 0, 0),
(30, 'BLZ', 'Belize', 'admin/resources/flags/bz.png', 'BZ', 0, 0),
(31, 'BMU', 'Bermuda', 'admin/resources/flags/bm.png', 'BM', 0, 0),
(32, 'BOL', 'Bolivia', 'admin/resources/flags/bo.png', 'BO', 0, 0),
(33, 'BRA', 'Brazil', 'admin/resources/flags/br.png', 'BR', 0, 0),
(34, 'BRB', 'Barbados', 'admin/resources/flags/bb.png', 'BB', 0, 0),
(35, 'BRN', 'Brunei', 'admin/resources/flags/bn.png', 'BN', 0, 0),
(36, 'BTN', 'Bhutan', 'admin/resources/flags/bt.png', 'BT', 0, 0),
(37, 'BVT', 'Bouvet Island', 'admin/resources/flags/bv.png', 'BV', 0, 0),
(38, 'BWA', 'Botswana', 'admin/resources/flags/bw.png', 'BW', 0, 0),
(39, 'CAF', 'Central African Republic', 'admin/resources/flags/cf.png', 'CF', 0, 0),
(40, 'CAN', 'Canada', 'admin/resources/flags/ca.png', 'CA', 0, 0),
(41, 'CCK', 'Cocos [Keeling] Islands', 'admin/resources/flags/cc.png', 'CC', 0, 0),
(42, 'CHE', 'Switzerland', 'admin/resources/flags/ch.png', 'CH', 0, 0),
(43, 'CHL', 'Chile', 'admin/resources/flags/cl.png', 'CL', 0, 0),
(44, 'CHN', 'China', 'admin/resources/flags/cn.png', 'CN', 0, 0),
(45, 'CIV', 'Ivory Coast', 'admin/resources/flags/ci.png', 'CI', 0, 0),
(46, 'CMR', 'Cameroon', 'admin/resources/flags/cm.png', 'CM', 0, 0),
(47, 'COD', 'Democratic Republic of the Congo', 'admin/resources/flags/cd.png', 'CD', 0, 0),
(48, 'COG', 'Republic of the Congo', 'admin/resources/flags/cg.png', 'CG', 0, 0),
(49, 'COK', 'Cook Islands', 'admin/resources/flags/ck.png', 'CK', 0, 0),
(50, 'COL', 'Colombia', 'admin/resources/flags/co.png', 'CO', 0, 0),
(51, 'COM', 'Comoros', 'admin/resources/flags/km.png', 'KM', 0, 0),
(52, 'CPV', 'Cape Verde', 'admin/resources/flags/cv.png', 'CV', 0, 0),
(53, 'CRI', 'Costa Rica', 'admin/resources/flags/cr.png', 'CR', 0, 0),
(54, 'CUB', 'Cuba', 'admin/resources/flags/cu.png', 'CU', 0, 0),
(55, 'CUW', 'Curacao', 'admin/resources/flags/cw.png', 'CW', 0, 0),
(56, 'CXR', 'Christmas Island', 'admin/resources/flags/cx.png', 'CX', 0, 0),
(57, 'CYM', 'Cayman Islands', 'admin/resources/flags/ky.png', 'KY', 0, 0),
(58, 'CYP', 'Cyprus', 'admin/resources/flags/cy.png', 'CY', 0, 0),
(59, 'CZE', 'Czech Republic', 'admin/resources/flags/cz.png', 'CZ', 0, 0),
(60, 'DEU', 'Germany', 'admin/resources/flags/de.png', 'DE', 0, 0),
(61, 'DJI', 'Djibouti', 'admin/resources/flags/dj.png', 'DJ', 0, 0),
(62, 'DMA', 'Dominica', 'admin/resources/flags/dm.png', 'DM', 0, 0),
(63, 'DNK', 'Denmark', 'admin/resources/flags/dk.png', 'DK', 0, 0),
(64, 'DOM', 'Dominican Republic', 'admin/resources/flags/do.png', 'DO', 0, 0),
(65, 'DZA', 'Algeria', 'admin/resources/flags/dz.png', 'DZ', 0, 0),
(66, 'ECU', 'Ecuador', 'admin/resources/flags/ec.png', 'EC', 0, 0),
(67, 'EGY', 'Egypt', 'admin/resources/flags/eg.png', 'EG', 0, 0),
(68, 'ERI', 'Eritrea', 'admin/resources/flags/er.png', 'ER', 0, 0),
(69, 'ESH', 'Western Sahara', 'admin/resources/flags/eh.png', 'EH', 0, 0),
(70, 'ESP', 'Spain', 'admin/resources/flags/es.png', 'ES', 0, 0),
(71, 'EST', 'Estonia', 'admin/resources/flags/ee.png', 'EE', 0, 0),
(72, 'ETH', 'Ethiopia', 'admin/resources/flags/et.png', 'ET', 0, 0),
(73, 'FIN', 'Finland', 'admin/resources/flags/fi.png', 'FI', 0, 0),
(74, 'FJI', 'Fiji', 'admin/resources/flags/fj.png', 'FJ', 0, 0),
(75, 'FLK', 'Falkland Islands', 'admin/resources/flags/fk.png', 'FK', 0, 0),
(76, 'FRA', 'France', 'admin/resources/flags/fr.png', 'FR', 0, 0),
(77, 'FRO', 'Faroe Islands', 'admin/resources/flags/fo.png', 'FO', 0, 0),
(78, 'FSM', 'Micronesia', 'admin/resources/flags/fm.png', 'FM', 0, 0),
(79, 'GAB', 'Gabon', 'admin/resources/flags/ga.png', 'GA', 0, 0),
(80, 'GBR', 'United Kingdom', 'admin/resources/flags/gb.png', 'GB', 0, 0),
(81, 'GEO', 'Georgia', 'admin/resources/flags/ge.png', 'GE', 0, 0),
(82, 'GGY', 'Guernsey', 'admin/resources/flags/gg.png', 'GG', 0, 0),
(83, 'GHA', 'Ghana', 'admin/resources/flags/gh.png', 'GH', 0, 0),
(84, 'GIB', 'Gibraltar', 'admin/resources/flags/gi.png', 'GI', 0, 0),
(85, 'GIN', 'Guinea', 'admin/resources/flags/gn.png', 'GN', 0, 0),
(86, 'GLP', 'Guadeloupe', 'admin/resources/flags/gp.png', 'GP', 0, 0),
(87, 'GMB', 'Gambia', 'admin/resources/flags/gm.png', 'GM', 0, 0),
(88, 'GNB', 'Guinea-Bissau', 'admin/resources/flags/gw.png', 'GW', 0, 0),
(89, 'GNQ', 'Equatorial Guinea', 'admin/resources/flags/gq.png', 'GQ', 0, 0),
(90, 'GRC', 'Greece', 'admin/resources/flags/gr.png', 'GR', 0, 0),
(91, 'GRD', 'Grenada', 'admin/resources/flags/gd.png', 'GD', 0, 0),
(92, 'GRL', 'Greenland', 'admin/resources/flags/gl.png', 'GL', 0, 0),
(93, 'GTM', 'Guatemala', 'admin/resources/flags/gt.png', 'GT', 0, 0),
(94, 'GUF', 'French Guiana', 'admin/resources/flags/gf.png', 'GF', 0, 0),
(95, 'GUM', 'Guam', 'admin/resources/flags/gu.png', 'GU', 0, 0),
(96, 'GUY', 'Guyana', 'admin/resources/flags/gy.png', 'GY', 0, 0),
(97, 'HKG', 'Hong Kong', 'admin/resources/flags/hk.png', 'HK', 0, 0),
(98, 'HMD', 'Heard Island and McDonald Islands', 'admin/resources/flags/hm.png', 'HM', 0, 0),
(99, 'HND', 'Honduras', 'admin/resources/flags/hn.png', 'HN', 0, 0),
(100, 'HRV', 'Croatia', 'admin/resources/flags/hr.png', 'HR', 0, 0),
(101, 'HTI', 'Haiti', 'admin/resources/flags/ht.png', 'HT', 0, 0),
(102, 'HUN', 'Hungary', 'admin/resources/flags/hu.png', 'HU', 0, 0),
(103, 'IDN', 'Indonesia', 'admin/resources/flags/id.png', 'ID', 0, 0),
(104, 'IMN', 'Isle of Man', 'admin/resources/flags/im.png', 'IM', 0, 0),
(105, 'IND', 'India', 'admin/resources/flags/in.png', 'IN', 0, 0),
(106, 'IOT', 'British Indian Ocean Territory', 'admin/resources/flags/io.png', 'IO', 0, 0),
(107, 'IRL', 'Ireland', 'admin/resources/flags/ie.png', 'IE', 0, 0),
(108, 'IRN', 'Iran', 'admin/resources/flags/ir.png', 'IR', 0, 0),
(109, 'IRQ', 'Iraq', 'admin/resources/flags/iq.png', 'IQ', 0, 0),
(110, 'ISL', 'Iceland', 'admin/resources/flags/is.png', 'IS', 0, 0),
(111, 'ISR', 'Israel', 'admin/resources/flags/il.png', 'IL', 0, 0),
(112, 'ITA', 'Italy', 'admin/resources/flags/it.png', 'IT', 0, 0),
(113, 'JAM', 'Jamaica', 'admin/resources/flags/jm.png', 'JM', 0, 0),
(114, 'JEY', 'Jersey', 'admin/resources/flags/je.png', 'JE', 0, 0),
(115, 'JOR', 'Jordan', 'admin/resources/flags/jo.png', 'JO', 0, 0),
(116, 'JPN', 'Japan', 'admin/resources/flags/jp.png', 'JP', 0, 0),
(117, 'KAZ', 'Kazakhstan', 'admin/resources/flags/kz.png', 'KZ', 0, 0),
(118, 'KEN', 'Kenya', 'admin/resources/flags/ke.png', 'KE', 0, 0),
(119, 'KGZ', 'Kyrgyzstan', 'admin/resources/flags/kg.png', 'KG', 0, 0),
(120, 'KHM', 'Cambodia', 'admin/resources/flags/kh.png', 'KH', 0, 0),
(121, 'KIR', 'Kiribati', 'admin/resources/flags/ki.png', 'KI', 0, 0),
(122, 'KNA', 'Saint Kitts and Nevis', 'admin/resources/flags/kn.png', 'KN', 0, 0),
(123, 'KOR', 'South Korea', 'admin/resources/flags/kr.png', 'KR', 0, 0),
(124, 'KWT', 'Kuwait', 'admin/resources/flags/kw.png', 'KW', 0, 0),
(125, 'LAO', 'Laos', 'admin/resources/flags/la.png', 'LA', 0, 0),
(126, 'LBN', 'Lebanon', 'admin/resources/flags/lb.png', 'LB', 0, 0),
(127, 'LBR', 'Liberia', 'admin/resources/flags/lr.png', 'LR', 0, 0),
(128, 'LBY', 'Libya', 'admin/resources/flags/ly.png', 'LY', 0, 0),
(129, 'LCA', 'Saint Lucia', 'admin/resources/flags/lc.png', 'LC', 0, 0),
(130, 'LIE', 'Liechtenstein', 'admin/resources/flags/li.png', 'LI', 0, 0),
(131, 'LKA', 'Sri Lanka', 'admin/resources/flags/lk.png', 'LK', 0, 0),
(132, 'LSO', 'Lesotho', 'admin/resources/flags/ls.png', 'LS', 0, 0),
(133, 'LTU', 'Lithuania', 'admin/resources/flags/lt.png', 'LT', 0, 0),
(134, 'LUX', 'Luxembourg', 'admin/resources/flags/lu.png', 'LU', 0, 0),
(135, 'LVA', 'Latvia', 'admin/resources/flags/lv.png', 'LV', 0, 0),
(136, 'MAC', 'Macao', 'admin/resources/flags/mo.png', 'MO', 0, 0),
(137, 'MAF', 'Saint Martin', 'admin/resources/flags/mf.png', 'MF', 0, 0),
(138, 'MAR', 'Morocco', 'admin/resources/flags/ma.png', 'MA', 0, 0),
(139, 'MCO', 'Monaco', 'admin/resources/flags/mc.png', 'MC', 0, 0),
(140, 'MDA', 'Moldova', 'admin/resources/flags/md.png', 'MD', 0, 0),
(141, 'MDG', 'Madagascar', 'admin/resources/flags/mg.png', 'MG', 0, 0),
(142, 'MDV', 'Maldives', 'admin/resources/flags/mv.png', 'MV', 0, 0),
(143, 'MEX', 'Mexico', 'admin/resources/flags/mx.png', 'MX', 0, 0),
(144, 'MHL', 'Marshall Islands', 'admin/resources/flags/mh.png', 'MH', 0, 0),
(145, 'MKD', 'Macedonia', 'admin/resources/flags/mk.png', 'MK', 0, 0),
(146, 'MLI', 'Mali', 'admin/resources/flags/ml.png', 'ML', 0, 0),
(147, 'MLT', 'Malta', 'admin/resources/flags/mt.png', 'MT', 0, 0),
(148, 'MMR', 'Myanmar [Burma]', 'admin/resources/flags/mm.png', 'MM', 0, 0),
(149, 'MNE', 'Montenegro', 'admin/resources/flags/me.png', 'ME', 0, 0),
(150, 'MNG', 'Mongolia', 'admin/resources/flags/mn.png', 'MN', 0, 0),
(151, 'MNP', 'Northern Mariana Islands', 'admin/resources/flags/mp.png', 'MP', 0, 0),
(152, 'MOZ', 'Mozambique', 'admin/resources/flags/mz.png', 'MZ', 0, 0),
(153, 'MRT', 'Mauritania', 'admin/resources/flags/mr.png', 'MR', 0, 0),
(154, 'MSR', 'Montserrat', 'admin/resources/flags/ms.png', 'MS', 0, 0),
(155, 'MTQ', 'Martinique', 'admin/resources/flags/mq.png', 'MQ', 0, 0),
(156, 'MUS', 'Mauritius', 'admin/resources/flags/mu.png', 'MU', 0, 0),
(157, 'MWI', 'Malawi', 'admin/resources/flags/mw.png', 'MW', 0, 0),
(158, 'MYS', 'Malaysia', 'admin/resources/flags/my.png', 'MY', 0, 0),
(159, 'MYT', 'Mayotte', 'admin/resources/flags/yt.png', 'YT', 0, 0),
(160, 'NAM', 'Namibia', 'admin/resources/flags/na.png', 'NA', 0, 0),
(161, 'NCL', 'New Caledonia', 'admin/resources/flags/nc.png', 'NC', 0, 0),
(162, 'NER', 'Niger', 'admin/resources/flags/ne.png', 'NE', 0, 0),
(163, 'NFK', 'Norfolk Island', 'admin/resources/flags/nf.png', 'NF', 0, 0),
(164, 'NGA', 'Nigeria', 'admin/resources/flags/ng.png', 'NG', 0, 0),
(165, 'NIC', 'Nicaragua', 'admin/resources/flags/ni.png', 'NI', 0, 0),
(166, 'NIU', 'Niue', 'admin/resources/flags/nu.png', 'NU', 0, 0),
(167, 'NLD', 'Netherlands', 'admin/resources/flags/nl.png', 'NL', 0, 0),
(168, 'NOR', 'Norway', 'admin/resources/flags/no.png', 'NO', 0, 0),
(169, 'NPL', 'Nepal', 'admin/resources/flags/np.png', 'NP', 0, 0),
(170, 'NRU', 'Nauru', 'admin/resources/flags/nr.png', 'NR', 0, 0),
(171, 'NZL', 'New Zealand', 'admin/resources/flags/nz.png', 'NZ', 0, 0),
(172, 'OMN', 'Oman', 'admin/resources/flags/om.png', 'OM', 0, 0),
(173, 'PAK', 'Pakistan', 'admin/resources/flags/pk.png', 'PK', 0, 0),
(174, 'PAN', 'Panama', 'admin/resources/flags/pa.png', 'PA', 0, 0),
(175, 'PCN', 'Pitcairn Islands', 'admin/resources/flags/pn.png', 'PN', 0, 0),
(176, 'PER', 'Peru', 'admin/resources/flags/pe.png', 'PE', 0, 0),
(177, 'PHL', 'Philippines', 'admin/resources/flags/ph.png', 'PH', 0, 0),
(178, 'PLW', 'Palau', 'admin/resources/flags/pw.png', 'PW', 0, 0),
(179, 'PNG', 'Papua New Guinea', 'admin/resources/flags/pg.png', 'PG', 0, 0),
(180, 'POL', 'Poland', 'admin/resources/flags/pl.png', 'PL', 0, 0),
(181, 'PRI', 'Puerto Rico', 'admin/resources/flags/pr.png', 'PR', 0, 0),
(182, 'PRK', 'North Korea', 'admin/resources/flags/kp.png', 'KP', 0, 0),
(183, 'PRT', 'Portugal', 'admin/resources/flags/pt.png', 'PT', 0, 0),
(184, 'PRY', 'Paraguay', 'admin/resources/flags/py.png', 'PY', 0, 0),
(185, 'PSE', 'Palestine', 'admin/resources/flags/ps.png', 'PS', 0, 0),
(186, 'PYF', 'French Polynesia', 'admin/resources/flags/pf.png', 'PF', 0, 0),
(187, 'QAT', 'Qatar', 'admin/resources/flags/qa.png', 'QA', 0, 0),
(188, 'REU', 'Réunion', 'admin/resources/flags/re.png', 'RE', 0, 0),
(189, 'ROU', 'Romania', 'admin/resources/flags/ro.png', 'RO', 0, 0),
(190, 'RUS', 'Russia', 'admin/resources/flags/ru.png', 'RU', 0, 0),
(191, 'RWA', 'Rwanda', 'admin/resources/flags/rw.png', 'RW', 0, 0),
(192, 'SAU', 'Saudi Arabia', 'admin/resources/flags/sa.png', 'SA', 0, 0),
(193, 'SDN', 'Sudan', 'admin/resources/flags/sd.png', 'SD', 0, 0),
(194, 'SEN', 'Senegal', 'admin/resources/flags/sn.png', 'SN', 0, 0),
(195, 'SGP', 'Singapore', 'admin/resources/flags/sg.png', 'SG', 0, 0),
(196, 'SGS', 'South Georgia and the South Sandwich Islands', 'admin/resources/flags/gs.png', 'GS', 0, 0),
(197, 'SHN', 'Saint Helena', 'admin/resources/flags/sh.png', 'SH', 0, 0),
(198, 'SJM', 'Svalbard and Jan Mayen', 'admin/resources/flags/sj.png', 'SJ', 0, 0),
(199, 'SLB', 'Solomon Islands', 'admin/resources/flags/sb.png', 'SB', 0, 0),
(200, 'SLE', 'Sierra Leone', 'admin/resources/flags/sl.png', 'SL', 0, 0),
(201, 'SLV', 'El Salvador', 'admin/resources/flags/sv.png', 'SV', 0, 0),
(202, 'SMR', 'San Marino', 'admin/resources/flags/sm.png', 'SM', 0, 0),
(203, 'SOM', 'Somalia', 'admin/resources/flags/so.png', 'SO', 0, 0),
(204, 'SPM', 'Saint Pierre and Miquelon', 'admin/resources/flags/pm.png', 'PM', 0, 0),
(205, 'SRB', 'Serbia', 'admin/resources/flags/rs.png', 'RS', 0, 0),
(206, 'SSD', 'South Sudan', 'admin/resources/flags/ss.png', 'SS', 0, 0),
(207, 'STP', 'São Tomé and Príncipe', 'admin/resources/flags/st.png', 'ST', 0, 0),
(208, 'SUR', 'Suriname', 'admin/resources/flags/sr.png', 'SR', 0, 0),
(209, 'SVK', 'Slovakia', 'admin/resources/flags/sk.png', 'SK', 0, 0),
(210, 'SVN', 'Slovenia', 'admin/resources/flags/si.png', 'SI', 0, 0),
(211, 'SWE', 'Sweden', 'admin/resources/flags/se.png', 'SE', 0, 0),
(212, 'SWZ', 'Swaziland', 'admin/resources/flags/sz.png', 'SZ', 0, 0),
(213, 'SXM', 'Sint Maarten', 'admin/resources/flags/sx.png', 'SX', 0, 0),
(214, 'SYC', 'Seychelles', 'admin/resources/flags/sc.png', 'SC', 0, 0),
(215, 'SYR', 'Syria', 'admin/resources/flags/sy.png', 'SY', 0, 0),
(216, 'TCA', 'Turks and Caicos Islands', 'admin/resources/flags/tc.png', 'TC', 0, 0),
(217, 'TCD', 'Chad', 'admin/resources/flags/td.png', 'TD', 0, 0),
(218, 'TGO', 'Togo', 'admin/resources/flags/tg.png', 'TG', 0, 0),
(219, 'THA', 'Thailand', 'admin/resources/flags/th.png', 'TH', 0, 0),
(220, 'TJK', 'Tajikistan', 'admin/resources/flags/tj.png', 'TJ', 0, 0),
(221, 'TKL', 'Tokelau', 'admin/resources/flags/tk.png', 'TK', 0, 0),
(222, 'TKM', 'Turkmenistan', 'admin/resources/flags/tm.png', 'TM', 0, 0),
(223, 'TLS', 'East Timor', 'admin/resources/flags/tl.png', 'TL', 0, 0),
(224, 'TON', 'Tonga', 'admin/resources/flags/to.png', 'TO', 0, 0),
(225, 'TTO', 'Trinidad and Tobago', 'admin/resources/flags/tt.png', 'TT', 0, 0),
(226, 'TUN', 'Tunisia', 'admin/resources/flags/tn.png', 'TN', 0, 0),
(227, 'TUR', 'Turkey', 'admin/resources/flags/tr.png', 'TR', 0, 0),
(228, 'TUV', 'Tuvalu', 'admin/resources/flags/tv.png', 'TV', 0, 0),
(229, 'TWN', 'Taiwan', 'admin/resources/flags/tw.png', 'TW', 0, 0),
(230, 'TZA', 'Tanzania', 'admin/resources/flags/tz.png', 'TZ', 0, 0),
(231, 'UGA', 'Uganda', 'admin/resources/flags/ug.png', 'UG', 0, 0),
(232, 'UKR', 'Ukraine', 'admin/resources/flags/ua.png', 'UA', 0, 0),
(233, 'UMI', 'U.S. Minor Outlying Islands', 'admin/resources/flags/um.png', 'UM', 0, 0),
(234, 'URY', 'Uruguay', 'admin/resources/flags/uy.png', 'UY', 0, 0),
(235, 'USA', 'United States', 'admin/resources/flags/us.png', 'US', 0, 0),
(236, 'UZB', 'Uzbekistan', 'admin/resources/flags/uz.png', 'UZ', 0, 0),
(237, 'VAT', 'Vatican City', 'admin/resources/flags/va.png', 'VA', 0, 0),
(238, 'VCT', 'Saint Vincent and the Grenadines', 'admin/resources/flags/vc.png', 'VC', 0, 0),
(239, 'VEN', 'Venezuela', 'admin/resources/flags/ve.png', 'VE', 0, 0),
(240, 'VGB', 'British Virgin Islands', 'admin/resources/flags/vg.png', 'VG', 0, 0),
(241, 'VIR', 'U.S. Virgin Islands', 'admin/resources/flags/vi.png', 'VI', 0, 0),
(242, 'VNM', 'Vietnam', 'admin/resources/flags/vn.png', 'VN', 0, 1),
(243, 'VUT', 'Vanuatu', 'admin/resources/flags/vu.png', 'VU', 0, 0),
(244, 'WLF', 'Wallis and Futuna', 'admin/resources/flags/wf.png', 'WF', 0, 0),
(245, 'WSM', 'Samoa', 'admin/resources/flags/ws.png', 'WS', 0, 0),
(246, 'XKX', 'Kosovo', 'admin/resources/flags/xk.png', 'XK', 0, 0),
(247, 'YEM', 'Yemen', 'admin/resources/flags/ye.png', 'YE', 0, 0),
(248, 'ZAF', 'South Africa', 'admin/resources/flags/za.png', 'ZA', 0, 0),
(249, 'ZMB', 'Zambia', 'admin/resources/flags/zm.png', 'ZM', 0, 0),
(250, 'ZWE', 'Zimbabwe', 'admin/resources/flags/zw.png', 'ZW', 0, 0);

-- --------------------------------------------------------

--
-- Table structure for table `woobooking_customer`
--

CREATE TABLE `woobooking_customer` (
  `id` int(11) NOT NULL,
  `user_open_source_commerce_id` int(11) NOT NULL,
  `first_name` varchar(50) NOT NULL,
  `last_name` varchar(200) NOT NULL,
  `image` varchar(255) NOT NULL,
  `opensource_user_id` varchar(50) NOT NULL,
  `mobile` varchar(50) NOT NULL,
  `created_date` datetime NOT NULL,
  `address_1` varchar(255) NOT NULL,
  `address_2` varchar(255) NOT NULL,
  `city` varchar(50) NOT NULL,
  `email` varchar(50) NOT NULL,
  `gender` varchar(50) NOT NULL,
  `birth_day` varchar(200) NOT NULL,
  `ordering` int(10) NOT NULL,
  `note_internal` varchar(500) NOT NULL
) ENGINE=InnoDB DEFAULT CHARSET=utf8;

--
-- Dumping data for table `woobooking_customer`
--

INSERT INTO `woobooking_customer` (`id`, `user_open_source_commerce_id`, `first_name`, `last_name`, `image`, `opensource_user_id`, `mobile`, `created_date`, `address_1`, `address_2`, `city`, `email`, `gender`, `birth_day`, `ordering`, `note_internal`) VALUES
(468, 0, 'Ngo', 'Sơn', '', '', '1234567890', '0000-00-00 00:00:00', '', '', '', 'ngoson2910@gmail.com', '', '', 0, ''),
(469, 0, 'Kucaido', 'ht', '', '', '0999999999', '0000-00-00 00:00:00', '', '', '', 'checknick01@gmail.com', '', '', 0, ''),
(470, 0, 'Nguyễn', 'đạt', '', '', '136649875', '0000-00-00 00:00:00', '', '', '', 'dyoutobe1001@gmail.com', '', '', 0, ''),
(471, 0, 'Nguyễn', 'Phú', '', '', '0136987456123', '0000-00-00 00:00:00', '', '', '', 'phupt@gmail.com', '', '', 0, ''),
(472, 0, 'Viet', 'Van', '', '', '0977476230', '0000-00-00 00:00:00', '', '', '', 'vanviet@gmail.com', '', '', 0, ''),
(473, 0, 'viet', 'van', '', '', '977476230', '0000-00-00 00:00:00', '', '', '', 'admin@gmail.com', '', '', 0, ''),
(474, 0, 'viet', 'van', '', '', '0977845696', '0000-00-00 00:00:00', '', '', '', 'admin@gmail.com', '', '', 0, ''),
(475, 0, 'viet', 'van', '', '', '0977478562', '0000-00-00 00:00:00', '', '', '', 'admin@gmail.com', '', '', 0, ''),
(476, 0, 'Kucaido', 'ht', '', '', '0999999999', '0000-00-00 00:00:00', '', '', '', 'checknick01@gmail.com', '', '', 0, ''),
(477, 0, 'Kucaido', 'ht', '', '', '0999999999', '0000-00-00 00:00:00', '', '', '', 'checknick01@gmail.com', '', '', 0, ''),
(478, 0, 'Kucaido', 'ht', '', '', '0999999999', '0000-00-00 00:00:00', '', '', '', 'checknick01@gmail.com', '', '', 0, ''),
(479, 0, 'aa', 'aa', '', '', '0977475623', '0000-00-00 00:00:00', '', '', '', 'aa@gmail.com', '', '', 0, ''),
(480, 0, 'a', 'aaa', '', '', '333657987', '0000-00-00 00:00:00', '', '', '', 'vihoangyen0708@gmail.com', '', '', 0, ''),
(481, 0, 'susan', 'will', '', '', '0383766284', '0000-00-00 00:00:00', '', '', '', 'susan@gmail.com', '', '', 0, ''),
(482, 0, 'susan', 'will', '', '', '0383766284', '0000-00-00 00:00:00', '', '', '', 'susan@gmail.com', '', '', 0, ''),
(483, 0, 'Sam', 'will', '', '', '0383766284', '0000-00-00 00:00:00', '', '', '', 'hiep.v@netbasejsc.com', '', '', 0, ''),
(484, 0, 'susan', 'will', '', '', '0383766284', '0000-00-00 00:00:00', '', '', '', 'susan@gmail.com', '', '', 0, ''),
(485, 0, '11', '11', '', '', '111111111', '0000-00-00 00:00:00', '', '', '', '111', '', '', 0, ''),
(486, 0, 'H', 'H', '', '', '866477', '0000-00-00 00:00:00', '', '', '', 'G@g.com', '', '', 0, ''),
(487, 0, 'LW', 'BC', '', '', '0000000000', '0000-00-00 00:00:00', '', '', '', 'lwbc@hush.com', '', '', 0, ''),
(488, 0, 'Jonathan', 'THOMAS', '', '', '0692259015', '0000-00-00 00:00:00', '', '', '', 'jo@nathan.re', '', '', 0, ''),
(489, 0, 'Tahir', 'Ind', '', '', '4541215444', '0000-00-00 00:00:00', '', '', '', 'mail@mail.com', '', '', 0, ''),
(490, 0, 'Rolando', 'de Roncés y Espinoza', '', '', '615460008', '0000-00-00 00:00:00', '', '', '', 'D2wuIS2GIWSPkT@dkimvalidator.com', '', '', 0, ''),
(491, 0, 'TEST', 'TEST', '', '', '6546546464', '0000-00-00 00:00:00', '', '', '', 'teste@gmail.com', '', '', 0, ''),
(492, 0, 'Cường', 'Thế', '', '', '1238659865', '0000-00-00 00:00:00', '', '', '', 'cuongdt90@gmail.com', '', '', 0, ''),
(493, 0, 'a', 'aaa', '', '', '0258369145', '0000-00-00 00:00:00', '', '', '', 'mrbinls05@yahoo.com.vn', '', '', 0, ''),
(494, 0, 'mbm', 'fghfgh', '', '', '0345345345345', '0000-00-00 00:00:00', '', '', '', 'mohammed.yussry@gmail.com', '', '', 0, ''),
(495, 0, 'Jaspreet', 'Singh', '', '', '9592760004', '0000-00-00 00:00:00', '', '', '', 'jaspreet60@gmail.com', '', '', 0, ''),
(496, 0, 'Jaspreet', 'Singh', '', '', '09592760004', '0000-00-00 00:00:00', '', '', '', 'jaspreet60@gmail.com', '', '', 0, ''),
(497, 0, 'Seema', 'Shatter ', '', '', '9646966146', '0000-00-00 00:00:00', '', '', '', 'seema.sharma24@gmail.com', '', '', 0, ''),
(498, 0, 'dfdf', 'dfdfdf', '', '', '8888888888', '0000-00-00 00:00:00', '', '', '', 'terse@yahoo.com', '', '', 0, ''),
(499, 0, 'gfdgs', 'fdsgdfsg', '', '', '36563456', '0000-00-00 00:00:00', '', '', '', 'a@b.com', '', '', 0, ''),
(500, 0, 'CARDENAL Y', 'S.L.', '', '', '663414556', '0000-00-00 00:00:00', '', '', '', 'pablo@grupokandhavia.com', '', '', 0, ''),
(501, 0, 'sdsd', 'sdsd', '', '', '434343985', '0000-00-00 00:00:00', '', '', '', 'sdds@sdsd.com', '', '', 0, ''),
(502, 0, 'Ali', 'Mirza', '', '', '32232342342', '0000-00-00 00:00:00', '', '', '', 'diginosmarketing@gmail.com', '', '', 0, ''),
(503, 0, 'Ali', 'Mirza', '', '', '32232342342', '0000-00-00 00:00:00', '', '', '', 'diginosmarketing@gmail.com', '', '', 0, ''),
(504, 0, 'Ali', 'Mirza', '', '', '32232342342', '0000-00-00 00:00:00', '', '', '', 'diginosmarketing@gmail.com', '', '', 0, ''),
(505, 0, 'test', 'test', '', '', '12036542', '0000-00-00 00:00:00', '', '', '', 'tesst@digital-romandie.ch', '', '', 0, ''),
(506, 0, 'dfgdf', 'dfgdfg', '', '', '0761024331', '0000-00-00 00:00:00', '', '', '', 'peternordlund@live.se', '', '', 0, ''),
(507, 0, 'tom', 'tom', '', '', '564621364', '0000-00-00 00:00:00', '', '', '', 'test@test.com', '', '', 0, ''),
(508, 0, 'aaa', 'aaa', '', '', 'aa', '0000-00-00 00:00:00', '', '', '', 'aaa', '', '', 0, ''),
(509, 0, 'aaa', 'aaa', '', '', 'aa', '0000-00-00 00:00:00', '', '', '', 'aaa', '', '', 0, ''),
(510, 0, 'sfsdf', 'sdfdsf', '', '', 'aa', '0000-00-00 00:00:00', '', '', '', 'darkherocntt@gmail.com', '', '', 0, ''),
(511, 0, 'sfsdf', 'sdfdsf', '', '', 'aa', '0000-00-00 00:00:00', '', '', '', 'darkherocntt@gmail.com', '', '', 0, ''),
(512, 0, 'sfsdf', 'sdfdsf', '', '', 'aa', '0000-00-00 00:00:00', '', '', '', 'darkherocntt@gmail.com', '', '', 0, ''),
(513, 0, 'sfsdf', 'sdfdsf', '', '', 'aa', '0000-00-00 00:00:00', '', '', '', 'darkherocntt@gmail.com', '', '', 0, ''),
(514, 0, 'Verónica', 'Aguado', '', '', '677214333', '0000-00-00 00:00:00', '', '', '', 'veronica@frivola.es', '', '', 0, ''),
(515, 0, 'sfsdf', 'sdfdsf', '', '', 'aa', '0000-00-00 00:00:00', '', '', '', 'darkherocntt@gmail.com', '', '', 0, ''),
(516, 0, 'sfsdf', 'sdfdsf', '', '', 'aa', '0000-00-00 00:00:00', '', '', '', 'darkherocntt@gmail.com', '', '', 0, ''),
(517, 0, 'sfsdf', 'sdfdsf', '', '', 'aa', '0000-00-00 00:00:00', '', '', '', 'darkherocntt@gmail.com', '', '', 0, ''),
(518, 0, 'Kucaido', 'ht', '', '', '0999999999', '0000-00-00 00:00:00', '', '', '', 'checknick01@gmail.com', '', '', 0, ''),
(519, 0, 'Kucaido', 'ht', '', '', '0999999999', '0000-00-00 00:00:00', '', '', '', 'checknick01@gmail.com', '', '', 0, ''),
(520, 0, 'dali', 'dali', '', '', '99887766', '0000-00-00 00:00:00', '', '', '', 'dada@yopmail.com', '', '', 0, ''),
(521, 0, 'sfsdf', 'sdfdsf', '', '', 'aa', '0000-00-00 00:00:00', '', '', '', 'darkherocntt@gmail.com', '', '', 0, ''),
(522, 0, 'Karina', 'Oelmaier', '', '', '086313069742', '0000-00-00 00:00:00', '', '', '', 'hi@webskor.de', '', '', 0, ''),
(523, 0, 'aa', 'dada', '', '', '02178886977', '0000-00-00 00:00:00', '', '', '', 'aaa@gamilc.com', '', '', 0, ''),
(524, 0, 'Test', 'test', '', '', '732130063', '0000-00-00 00:00:00', '', '', '', 'test@test.test', '', '', 0, ''),
(525, 0, 'Thiago Alves', 'Amaral', '', '', '34999488515', '0000-00-00 00:00:00', '', '', '', 'thg.alves21@gmail.com', '', '', 0, ''),
(526, 0, 'Umit', 'Bozdag', '', '', '02072543030', '0000-00-00 00:00:00', '', '', '', 'info@diamond-cars.com', '', '', 0, ''),
(527, 0, 'Imran', 'Siddiq', '', '', '07790778320', '0000-00-00 00:00:00', '', '', '', 'flickimp@gmail.com', '', '', 0, ''),
(528, 0, 'Bbbb', 'Bbbbb', '', '', '883838373', '0000-00-00 00:00:00', '', '', '', 'Nbnb@ghgh.com', '', '', 0, ''),
(529, 0, 'Kucaido', 'ht', '', '', '0999999999', '0000-00-00 00:00:00', '', '', '', 'checknick01@gmail.com', '', '', 0, ''),
(530, 0, 'carlos', 'daniel', '', '', '09823409243', '0000-00-00 00:00:00', '', '', '', 'jajaja@gmail.com', '', '', 0, ''),
(531, 0, 'kuhkj', 'jyj', '', '', '09823409243', '0000-00-00 00:00:00', '', '', '', 'jtjh@gmail.com', '', '', 0, ''),
(532, 0, 'Marie', 'NICOLAS', '', '', '0674369482', '0000-00-00 00:00:00', '', '', '', 'marick.nicolas@free.fr', '', '', 0, '');

-- --------------------------------------------------------

--
-- Table structure for table `woobooking_employee`
--

CREATE TABLE `woobooking_employee` (
  `id` int(11) NOT NULL,
  `first_name` varchar(50) NOT NULL,
  `published` int(11) NOT NULL,
  `last_name` varchar(200) NOT NULL,
  `location_id` int(11) NOT NULL,
  `user_id` int(11) NOT NULL,
  `opensource_user_id` int(11) NOT NULL,
  `country_code` varchar(10) NOT NULL,
  `email` varchar(50) NOT NULL,
  `mobile` varchar(50) NOT NULL,
  `ordering` int(11) NOT NULL,
  `cover` varchar(300) NOT NULL,
  `image` varchar(255) NOT NULL,
  `params` mediumtext NOT NULL,
  `note_internal` varchar(500) NOT NULL
) ENGINE=InnoDB DEFAULT CHARSET=utf8;

--
-- Dumping data for table `woobooking_employee`
--

INSERT INTO `woobooking_employee` (`id`, `first_name`, `published`, `last_name`, `location_id`, `user_id`, `opensource_user_id`, `country_code`, `email`, `mobile`, `ordering`, `cover`, `image`, `params`, `note_internal`) VALUES
(1, 'Jamie', 1, 'Patrick', 3, 0, 0, 'AUS', 'Jamie@hairstyle.com', '265542198', 0, 'upload/employees/images/cover/01_Mar_2006image 97.png', 'upload/employees/images/cover/05_Dec_1984image 97.png', '[{\"facebook\":\"\",\"instagram\":\"\"}]', 'Jamie is a Cuban hair stylist, he is one of the world\'s leading hair stylists by his relentless creativity. He started his career by working as an assistant for the stylist Icon Garren. And after years of non-stop improving career. Currently, \"pull gold\" Cuban people are working very well with singer Jennifer Lopez.'),
(3, 'Mike', 1, 'Nathan', 3, 0, 0, 'USA', 'Mike@fightclub.com', '256996335', 0, 'upload/employees/images/cover/14_Dec_201510.jpg', 'upload/employees/images/cover/05_Jan_198410.jpg', '[{\"facebook\":\"\",\"instagram\":\"\"}]', 'Mike is a leading French hairstylist and currently works with many top stars in the entertainment industry, including Ellen Barkin and Sarah Jessica Parker.'),
(5, 'Daniel', 1, 'Jame', 4, 0, 0, 'USA', 'Daniel@hairstyle.com', '266936569', 0, 'upload/employees/images/cover/02_Feb_20184.jpg', 'upload/employees/images/cover/11_Mar_19834.jpg', '[{\"facebook\":\"\",\"instagram\":\"\"}]', 'Daniel is a rare hair stylist who has achieved worldwide success. He soon asserted her name with the Manhattan hair salon brand. The secret of Hershberger\'s success is the creativity in each customer\'s hairstyle. So this female hair stylist is the familiar stylist of Lady Hilary Clinton and the \"ten thousand people\" actor Tom Cruise'),
(7, 'John', 1, 'Franklin', 15, 0, 0, 'ITA', 'john@hairstylist.com', '233689554', 0, 'upload/employees/images/cover/13_Jun_200611.jpg', 'upload/employees/images/cover/16_Dec_199811.jpg', '[{\"facebook\":\"\",\"instagram\":\"\"}]', 'John Franklin made a name for the reality TV show Friends Friends. After endless efforts in his hair-styling career, he has gained a number of reputations in the fashion industry. And it is McMillan who is known as the \"witch\" who is capable of enchanting blond hair to create the brand for Jennifer Aniston.'),
(8, 'David', 1, 'Johnson', 5, 0, 0, 'USA', 'Nancy', '244665893', 0, 'upload/employees/images/cover/30_Jul_20065.jpg', 'upload/employees/images/cover/12_Nov_19755.jpg', '[{\"facebook\":\"\",\"instagram\":\"\"}]', 'David Johnson completely resonates with his great stars or influencer in the beauty industry. Most Justine Marjan spends his time in LA and NY, with his intelligence and special personality, this woman has created so many iconic hairstyles for certain Hollywood stars.'),
(10, 'Marcus', 1, 'Franklin', 3, 0, 0, 'USA', 'Marcus@hairstylist.com', '246335784', 0, 'upload/employees/images/cover/13_Sep_19967.jpg', 'upload/employees/images/cover/17_Nov_20187.jpg', '[{\"facebook\":\"\",\"instagram\":\"\"}]', 'Warmly welcome clients for experience in terms of quality Hair & beauty services in comfortable environment'),
(15, 'Ryan', 1, 'Hank', 5, 0, 0, 'USA', 'Ryan@hairstylist.com', '247845785', 0, 'upload/employees/images/cover/02_Jul_19888.jpg', 'upload/employees/images/cover/19_Mar_20068.jpg', '[{\"facebook\":\"\",\"instagram\":\"\"}]', 'Ryan Hank the few hair stylists who keep the brand quite stable in today\'s fashion industry. He has been a famous stylist since the 1990s, but so far, although there have been many young stylists emerging, Fekkai has maintained a stable performance and has continued to assert his name.'),
(30, 'Freedie', 1, 'Morisa', 4, 0, 0, 'AGO', 'Freedie@hâirstylist.com', '023847323', 0, 'upload/employees/images/cover/08_Jun_201813.jpg', 'upload/employees/images/cover/02_Mar_197513.jpg', '[{\"facebook\":\"\",\"instagram\":\"\"}]', 'Referring to Freedie Morisa is the fashionista will think of his quickness with each hair trend. His regular clients include Julia Roberts, Julianne Moore, and Gwyneth Paltrow.'),
(33, 'Charles', 1, 'Suares', 3, 0, 0, 'BRA', 'Charles@hairstylist.com', '156484961', 0, 'upload/employees/images/cover/09_Jan_19879.jpg', 'upload/employees/images/cover/18_Nov_20079.jpg', '[{\"facebook\":\"\",\"instagram\":\"\"}]', 'Charles Suares is associated with the hairstyles of actress Angelina Jolie and a series of leading brands such as Yves Saint Laurent, Armani, and Dior. And what makes Ferretti attractive is the uniqueness of each of his hair styles');

-- --------------------------------------------------------

--
-- Table structure for table `woobooking_event`
--

CREATE TABLE `woobooking_event` (
  `id` int(11) NOT NULL,
  `name` varchar(200) NOT NULL,
  `price` float NOT NULL,
  `published` int(11) NOT NULL,
  `location_id` int(11) NOT NULL,
  `max_allowed_person` int(11) NOT NULL,
  `min_allowed_person` int(11) NOT NULL,
  `service_id` int(11) NOT NULL,
  `event_color` varchar(20) NOT NULL,
  `recurring_repeat` varchar(50) NOT NULL,
  `recurring` int(11) NOT NULL,
  `alias` varchar(200) NOT NULL,
  `description` text NOT NULL,
  `recurring_until` date NOT NULL,
  `ordering` int(11) NOT NULL,
  `publish_up` datetime NOT NULL,
  `publish_down` datetime NOT NULL,
  `close` int(11) NOT NULL,
  `close_date` datetime NOT NULL,
  `open_date` datetime NOT NULL
) ENGINE=InnoDB DEFAULT CHARSET=utf8;

--
-- Dumping data for table `woobooking_event`
--

INSERT INTO `woobooking_event` (`id`, `name`, `price`, `published`, `location_id`, `max_allowed_person`, `min_allowed_person`, `service_id`, `event_color`, `recurring_repeat`, `recurring`, `alias`, `description`, `recurring_until`, `ordering`, `publish_up`, `publish_down`, `close`, `close_date`, `open_date`) VALUES
(111, 'Haircut & Blow Dry', 0, 0, 3, 1, 1, 100, '', '', 0, '', 'Description', '0000-00-00', 0, '0000-00-00 00:00:00', '0000-00-00 00:00:00', 0, '2020-05-30 08:34:44', '2020-05-30 08:34:44'),
(112, 'Sleek & Shiny', 0, 0, 3, 1, 1, 100, '', '', 0, '', 'Description', '0000-00-00', 0, '0000-00-00 00:00:00', '0000-00-00 00:00:00', 0, '2020-05-30 08:42:10', '2020-05-30 08:42:10'),
(113, 'Shampoo & Set', 0, 0, 3, 1, 1, 100, '', '', 0, '', 'Description', '0000-00-00', 0, '0000-00-00 00:00:00', '0000-00-00 00:00:00', 0, '2020-05-30 08:43:04', '2020-05-30 08:43:04'),
(114, 'Hair Treatment', 0, 0, 4, 20, 10, 101, '', '', 0, '', 'Description', '0000-00-00', 0, '0000-00-00 00:00:00', '0000-00-00 00:00:00', 0, '2020-05-30 08:43:43', '2020-05-30 08:43:43'),
(118, 'Face Mask', 0, 0, 15, 20, 10, 108, '', '', 0, '', 'Description', '0000-00-00', 0, '0000-00-00 00:00:00', '0000-00-00 00:00:00', 0, '2020-05-30 08:46:50', '2020-05-30 08:46:50'),
(119, 'Color & Highlights', 0, 0, 16, 20, 10, 106, '', '', 0, '', 'Description', '0000-00-00', 0, '0000-00-00 00:00:00', '0000-00-00 00:00:00', 0, '2020-05-30 08:47:22', '2020-05-30 08:47:22');

-- --------------------------------------------------------

--
-- Table structure for table `woobooking_event_employee`
--

CREATE TABLE `woobooking_event_employee` (
  `id` int(11) NOT NULL,
  `employee_id` int(11) NOT NULL,
  `event_id` int(11) NOT NULL,
  `description` text NOT NULL
) ENGINE=InnoDB DEFAULT CHARSET=utf8;

--
-- Dumping data for table `woobooking_event_employee`
--

INSERT INTO `woobooking_event_employee` (`id`, `employee_id`, `event_id`, `description`) VALUES
(747, 3, 112, ''),
(748, 3, 113, ''),
(749, 7, 113, ''),
(750, 10, 114, ''),
(751, 1, 118, ''),
(752, 15, 119, '');

-- --------------------------------------------------------

--
-- Table structure for table `woobooking_event_tag`
--

CREATE TABLE `woobooking_event_tag` (
  `id` int(11) NOT NULL,
  `event_id` int(11) NOT NULL,
  `tag_id` int(11) NOT NULL,
  `description` text NOT NULL
) ENGINE=InnoDB DEFAULT CHARSET=utf8;

--
-- Dumping data for table `woobooking_event_tag`
--

INSERT INTO `woobooking_event_tag` (`id`, `event_id`, `tag_id`, `description`) VALUES
(570, 112, 19, ''),
(571, 112, 16, ''),
(572, 113, 19, ''),
(573, 113, 21, '');

-- --------------------------------------------------------

--
-- Table structure for table `woobooking_extra`
--

CREATE TABLE `woobooking_extra` (
  `id` int(11) NOT NULL,
  `type` varchar(30) NOT NULL,
  `object_id` int(11) NOT NULL,
  `duration` float NOT NULL,
  `price` float NOT NULL,
  `quality` int(11) NOT NULL,
  `path` varchar(300) NOT NULL,
  `name` varchar(200) NOT NULL,
  `alias` varchar(200) NOT NULL,
  `description` text NOT NULL
) ENGINE=InnoDB DEFAULT CHARSET=utf8;

-- --------------------------------------------------------

--
-- Table structure for table `woobooking_finance`
--

CREATE TABLE `woobooking_finance` (
  `id` int(11) NOT NULL,
  `payment_date` date NOT NULL,
  `name_customer` varchar(255) NOT NULL,
  `email_customer` varchar(255) NOT NULL,
  `employee` varchar(255) NOT NULL,
  `avatar_employee` varchar(255) NOT NULL,
  `service` varchar(255) NOT NULL,
  `status` tinyint(1) NOT NULL
) ENGINE=InnoDB DEFAULT CHARSET=utf8;

--
-- Dumping data for table `woobooking_finance`
--

INSERT INTO `woobooking_finance` (`id`, `payment_date`, `name_customer`, `email_customer`, `employee`, `avatar_employee`, `service`, `status`) VALUES
(1, '2019-11-21', 'Valdecy Oliveira', 'brancodesign2014@gmail.com', 'Andrea Barber', 'upload/finances/avatar_employee/img1.jpg', 'Pregnant Yoga', 0),
(2, '2019-11-22', 'Hans Peter', 'hans.peter@gmail.com', 'Edwina Appleby', 'upload/finances/avatar_employee/img1.jpg', '\r\nAerobic', 0);

-- --------------------------------------------------------

--
-- Table structure for table `woobooking_gallery`
--

CREATE TABLE `woobooking_gallery` (
  `id` int(11) NOT NULL,
  `type` varchar(30) NOT NULL,
  `object_id` int(11) NOT NULL,
  `path` varchar(300) NOT NULL,
  `name` varchar(200) NOT NULL,
  `alias` varchar(200) NOT NULL,
  `description` text NOT NULL
) ENGINE=InnoDB DEFAULT CHARSET=utf8;

--
-- Dumping data for table `woobooking_gallery`
--

INSERT INTO `woobooking_gallery` (`id`, `type`, `object_id`, `path`, `name`, `alias`, `description`) VALUES
(4, 'event', 1, 'upload/services/gallery/im1.jpg', 'new category', '', ''),
(5, '', 0, '', 'new category', '', ''),
(6, '', 0, '', 'new category', '', ''),
(7, '', 0, '', 'new category', '', ''),
(8, '', 0, '', 'new category', '', ''),
(9, '', 0, '', 'sdsds', '', ''),
(10, '', 0, '', 'sdsds', '', ''),
(11, '', 0, '', 'sds', '', ''),
(12, '', 0, '', 'sdsdsds', '', ''),
(13, '', 0, '', 'sds', '', ''),
(14, '', 0, '', 'sdsdsds', '', ''),
(15, '', 0, '', 'new category', '', ''),
(32, 'service', 1, 'upload/services/gallery/16 Jul 2006Screen Shot 2019-10-14 at 11.07.19 PM.png', 'Screen Shot 2019-10-14 at 11.07.19 PM.png', '', ''),
(33, 'service', 1, 'upload/services/gallery/09 Jul 2003Screen Shot 2019-10-14 at 11.07.39 PM.png', 'Screen Shot 2019-10-14 at 11.07.39 PM.png', '', ''),
(34, 'service', 1, 'upload/services/gallery/18 Dec 2017Screen Shot 2019-10-07 at 5.09.40 PM.png', 'Screen Shot 2019-10-07 at 5.09.40 PM.png', '', ''),
(35, 'service', 2, 'upload/services/gallery/02 Sep 1989Screen Shot 2019-10-14 at 11.07.39 PM.png', 'Screen Shot 2019-10-14 at 11.07.39 PM.png', '', ''),
(36, 'service', 2, 'upload/services/gallery/19 Jun 1992Screen Shot 2019-10-14 at 11.07.19 PM.png', 'Screen Shot 2019-10-14 at 11.07.19 PM.png', '', ''),
(37, 'service', 2, 'upload/services/gallery/11 Feb 2006Screen Shot 2019-10-08 at 1.23.31 PM.png', 'Screen Shot 2019-10-08 at 1.23.31 PM.png', '', ''),
(38, 'service', 7, 'upload/services/gallery/17 Jan 1993', 'Screen Shot 2019-10-14 at 11.07.39 PM.png', '', ''),
(39, 'service', 7, 'upload/services/gallery/09 Aug 1971', 'Screen Shot 2019-10-14 at 11.07.19 PM.png', '', ''),
(40, 'service', 7, 'upload/services/gallery/16 Nov 1990', 'Screen Shot 2019-10-07 at 5.09.40 PM.png', '', ''),
(41, 'service', 12, 'upload/services/gallery/19 Oct 1979', 'logo.jpg', '', ''),
(42, 'service', 12, 'upload/services/gallery/05 Nov 1970', 'Screen Shot 2019-10-14 at 11.07.39 PM.png', '', ''),
(43, 'service', 12, 'upload/services/gallery/24 Sep 1991', 'Screen Shot 2019-10-08 at 1.25.05 PM.png', '', ''),
(44, 'service', 36, 'upload/services/gallery/01 Jan 1983', 'Screen Shot 2019-10-08 at 1.23.31 PM.png', '', ''),
(45, 'event', 1, 'upload/events/gallery/13 Apr 1993', 'Screen Shot 2019-10-14 at 11.07.19 PM.png', '', ''),
(46, 'event', 1, 'upload/events/gallery/23 Feb 2014', 'Screen Shot 2019-10-08 at 1.25.05 PM.png', '', ''),
(47, 'service', 38, 'upload/services/gallery/30 Mar 2002', 'Screen Shot 2019-10-07 at 5.09.40 PM.png', '', ''),
(110, 'event', 46, 'upload/events/gallery/I7usuTnDYoga2.png', 'Yoga2.png', '', ''),
(112, 'event', 48, 'upload/events/gallery/7nWCNbI6Running3.png', 'Running3.png', '', ''),
(113, 'event', 48, 'upload/events/gallery/mOTTkn1VRunning2.png', 'Running2.png', '', ''),
(114, 'event', 48, 'upload/events/gallery/SqlYwYXsRunning-1.jpg', 'Running-1.jpg', '', ''),
(115, 'event', 49, 'upload/events/gallery/5VOmpu7Dyoga1.jpg', 'yoga1.jpg', '', ''),
(116, 'event', 50, 'upload/events/gallery/Y4QjTN0pYoga4.png', 'Yoga4.png', '', ''),
(117, 'event', 51, 'upload/events/gallery/j5IIMsvByoga1.jpg', 'yoga1.jpg', '', ''),
(118, 'event', 60, 'upload/events/gallery/JBAY235SYoga3.png', 'Yoga3.png', '', ''),
(119, 'event', 61, 'upload/events/gallery/PJjecnLxRunning3.png', 'Running3.png', '', ''),
(120, 'event', 62, 'upload/events/gallery/QEpt2aViRunning2.png', 'Running2.png', '', ''),
(121, 'event', 62, 'upload/events/gallery/RQ2TyhF0Running-1.jpg', 'Running-1.jpg', '', ''),
(123, 'event', 64, 'upload/events/gallery/jhArvhlkRunning3.png', 'Running3.png', '', ''),
(124, 'event', 64, 'upload/events/gallery/aQ8kVfSRRunning2.png', 'Running2.png', '', ''),
(125, 'event', 64, 'upload/events/gallery/LEZLjy2DRunning-1.jpg', 'Running-1.jpg', '', ''),
(126, 'event', 65, 'upload/events/gallery/GvO2kfW4Running-1.jpg', 'Running-1.jpg', '', ''),
(127, 'event', 66, 'upload/events/gallery/NBorqggsYoga2.png', 'Yoga2.png', '', ''),
(128, 'event', 67, 'upload/events/gallery/yPjcy5nZRunning3.png', 'Running3.png', '', ''),
(129, 'event', 68, 'upload/events/gallery/BC5RZawByoga1.jpg', 'yoga1.jpg', '', ''),
(131, 'event', 70, 'upload/events/gallery/Efg5lBpAYoga3.png', 'Yoga3.png', '', ''),
(137, 'event', 74, 'upload/events/gallery/FHJAh4kCRunning3.png', 'Running3.png', '', ''),
(141, 'package', 2, 'upload/packages/gallery/z51LBHdtanh3.jpg', 'anh3.jpg', '', ''),
(267, 'service', 85, 'upload/services/gallery/FnCLRyFh1548003974356-1-Legged-Wheel-Pose.jpg', '1548003974356-1-Legged-Wheel-Pose.jpg', '', ''),
(268, 'service', 85, 'upload/services/gallery/7W5DkEJndownload (1).jpg', 'download (1).jpg', '', ''),
(275, 'service', 88, 'upload/services/gallery/EnXaQiYsd', 'd', '', ''),
(276, 'service', 88, 'upload/services/gallery/guvpu5OHi', 'i', '', ''),
(277, 'service', 88, 'upload/services/gallery/iAcQYzaW6', '6', '', ''),
(278, 'service', 89, 'upload/services/gallery/0qjC6TF7d', 'd', '', ''),
(279, 'service', 89, 'upload/services/gallery/wwqZEX2Ki', 'i', '', ''),
(280, 'service', 89, 'upload/services/gallery/Q17C5w5T6', '6', '', ''),
(281, 'service', 90, 'upload/services/gallery/pV7yN8w8d', 'd', '', ''),
(282, 'service', 90, 'upload/services/gallery/njRZmHcUi', 'i', '', ''),
(283, 'service', 90, 'upload/services/gallery/MpfdDyr06', '6', '', ''),
(284, 'service', 91, 'upload/services/gallery/cgQ1rI4Wd', 'd', '', ''),
(285, 'service', 91, 'upload/services/gallery/msHZghA2i', 'i', '', ''),
(286, 'service', 91, 'upload/services/gallery/ATGXZNSS6', '6', '', ''),
(287, 'service', 92, 'upload/services/gallery/360U36Ovd', 'd', '', ''),
(288, 'service', 92, 'upload/services/gallery/hRxwJLXXi', 'i', '', ''),
(289, 'service', 92, 'upload/services/gallery/fmtjvUtU6', '6', '', ''),
(290, 'service', 93, 'upload/services/gallery/9Xu6SN5fd', 'd', '', ''),
(291, 'service', 93, 'upload/services/gallery/8Tq8NwrMi', 'i', '', ''),
(292, 'service', 93, 'upload/services/gallery/74St3U6S6', '6', '', ''),
(531, 'service', 94, 'upload/services/gallery/iGKEO8qw1548003974356-1-Legged-Wheel-Pose.jpg', '1548003974356-1-Legged-Wheel-Pose.jpg', '', ''),
(534, 'event', 47, 'upload/events/gallery/kflRa13d1.jpg', '1.jpg', '', ''),
(536, 'event', 47, 'upload/events/gallery/GEkjruqF3.jpg', '3.jpg', '', ''),
(538, 'event', 63, 'upload/events/gallery/tk9OoU5T2.jpg', '2.jpg', '', ''),
(540, 'event', 63, 'upload/events/gallery/XKABSWte4.jpg', '4.jpg', '', ''),
(541, 'event', 64, 'upload/events/gallery/VN5LRQnP03.png', '03.png', '', ''),
(542, 'event', 64, 'upload/events/gallery/vNv2oohw06.png', '06.png', '', ''),
(548, 'event', 71, 'upload/events/gallery/t6c9tuQE1.png', '1.png', '', ''),
(549, 'event', 71, 'upload/events/gallery/Or42hiRM2.png', '2.png', '', ''),
(551, 'event', 71, 'upload/events/gallery/BrQLOE1R5.png', '5.png', '', ''),
(552, 'event', 72, 'upload/events/gallery/iGtdkxWd1.jpg', '1.jpg', '', ''),
(553, 'event', 72, 'upload/events/gallery/RIqpE6J32.jpg', '2.jpg', '', ''),
(555, 'event', 73, 'upload/events/gallery/zhk0u4z03.jpg', '3.jpg', '', ''),
(556, 'event', 73, 'upload/events/gallery/GfahTbyw4.jpg', '4.jpg', '', ''),
(557, 'event', 73, 'upload/events/gallery/mM6Iqi3x5.jpg', '5.jpg', '', ''),
(559, 'event', 75, 'upload/events/gallery/4Gou0Nmp2.jpg', '2.jpg', '', ''),
(600, 'service', 97, 'upload/services/gallery/l095Iwhdportfolio-1-1-1170x694.jpg', 'portfolio-1-1-1170x694.jpg', '', ''),
(602, 'event', 45, 'upload/events/gallery/y85QuQFK555x442_img8.jpg', '555x442_img8.jpg', '', ''),
(603, 'event', 45, 'upload/events/gallery/6S7f43lY555x442_img9.jpg', '555x442_img9.jpg', '', ''),
(604, 'event', 45, 'upload/events/gallery/RJG7753H555x442_img7.jpg', '555x442_img7.jpg', '', ''),
(608, 'event', 47, 'upload/events/gallery/STsnNu6D7043852_2ce0299dde6cfbd45b992e8aef384a39.jpg', '7043852_2ce0299dde6cfbd45b992e8aef384a39.jpg', '', ''),
(609, 'event', 63, 'upload/events/gallery/vwdjXkcGunnamed.jpg', 'unnamed.jpg', '', ''),
(610, 'event', 64, 'upload/events/gallery/vTEqdhiv960x884_bg1.jpg', '960x884_bg1.jpg', '', ''),
(611, 'event', 69, 'upload/events/gallery/Rkj7mlonimage-caption2.jpg', 'image-caption2.jpg', '', ''),
(612, 'event', 69, 'upload/events/gallery/Meve8ElVimage-caption.jpg', 'image-caption.jpg', '', ''),
(613, 'event', 72, 'upload/events/gallery/9NVR7D8Kcourses-4.jpg', 'courses-4.jpg', '', ''),
(614, 'event', 75, 'upload/events/gallery/ssYr7XsVft-bg-cl3.jpg', 'ft-bg-cl3.jpg', '', ''),
(615, 'event', 75, 'upload/events/gallery/IUvjX1dPservice-01.jpg', 'service-01.jpg', '', ''),
(616, 'event', 76, 'upload/events/gallery/SB62inOkimg_25.jpg', 'img_25.jpg', '', ''),
(617, 'event', 76, 'upload/events/gallery/on2q29pGimg_11.jpg', 'img_11.jpg', '', ''),
(618, 'event', 76, 'upload/events/gallery/eq9YfYbwimg_24.jpg', 'img_24.jpg', '', ''),
(621, 'service', 97, 'upload/services/gallery/cXKY5c40bai-tap-gym-ELLE-Man-feature.jpg', 'bai-tap-gym-ELLE-Man-feature.jpg', '', ''),
(622, 'service', 98, 'upload/services/gallery/4vIBDLLJbad-fitness-rules_1.jpg', 'bad-fitness-rules_1.jpg', '', ''),
(623, 'service', 98, 'upload/services/gallery/7ETRCrUebai-tap-gym-ELLE-Man-feature.jpg', 'bai-tap-gym-ELLE-Man-feature.jpg', '', ''),
(624, 'service', 99, 'upload/services/gallery/kl0eKVcpclass_04-1200x600.jpg', 'class_04-1200x600.jpg', '', ''),
(625, 'service', 99, 'upload/services/gallery/Z6GxzgZRbai-tap-gym-ELLE-Man-feature.jpg', 'bai-tap-gym-ELLE-Man-feature.jpg', '', ''),
(626, 'service', 45, 'upload/services/gallery/Yd8uLwg0yoga-1.jpg', 'yoga-1.jpg', '', ''),
(627, 'service', 45, 'upload/services/gallery/6U7HswrNbai-tap-yoga-tot-cho-xuong-khop-feature.jpg', 'bai-tap-yoga-tot-cho-xuong-khop-feature.jpg', '', ''),
(628, 'service', 46, 'upload/services/gallery/CYfvBD4sbai-tap-yoga-tot-cho-xuong-khop-feature.jpg', 'bai-tap-yoga-tot-cho-xuong-khop-feature.jpg', '', ''),
(629, 'service', 46, 'upload/services/gallery/K9Fe9ygpYoga là gì 7.jpg', 'Yoga là gì 7.jpg', '', ''),
(630, 'service', 47, 'upload/services/gallery/KNtqLPwscomo-yoga.jpg', 'como-yoga.jpg', '', ''),
(631, 'service', 47, 'upload/services/gallery/oeIuO4s7Yoga là gì 7.jpg', 'Yoga là gì 7.jpg', '', ''),
(632, 'service', 48, 'upload/services/gallery/ZUbYwztcpregnant-yoga_wide-de88addf0b08bf5b9b3e3f450060a14920167c0c.jpg', 'pregnant-yoga_wide-de88addf0b08bf5b9b3e3f450060a14920167c0c.jpg', '', ''),
(633, 'service', 48, 'upload/services/gallery/s12sltY5pregnancy-yoga-banner-1166x560.jpg', 'pregnancy-yoga-banner-1166x560.jpg', '', ''),
(634, 'service', 49, 'upload/services/gallery/1cKiRLim456240409.jpg', '456240409.jpg', '', ''),
(635, 'service', 49, 'upload/services/gallery/xVpwBkKlNhững-lợi-ích-của-Hot-Yoga-1200x800.jpg', 'Những-lợi-ích-của-Hot-Yoga-1200x800.jpg', '', ''),
(636, 'service', 50, 'upload/services/gallery/RUMe1iSfkriya_etg.jpg', 'kriya_etg.jpg', '', ''),
(637, 'service', 50, 'upload/services/gallery/IHOKLcvybai-tap-yoga-tot-cho-xuong-khop-feature.jpg', 'bai-tap-yoga-tot-cho-xuong-khop-feature.jpg', '', ''),
(638, 'service', 86, 'upload/services/gallery/tzCMSdal33170123_1976152045789287_4104958247767638016_o.jpg', '33170123_1976152045789287_4104958247767638016_o.jpg', '', ''),
(639, 'service', 86, 'upload/services/gallery/aWc2mXcIsexy-dance-la-gi1.jpg', 'sexy-dance-la-gi1.jpg', '', ''),
(640, 'service', 87, 'upload/services/gallery/004YdZbDsexy-dance-la-gi1.jpg', 'sexy-dance-la-gi1.jpg', '', ''),
(641, 'service', 87, 'upload/services/gallery/6R6MP1gn33170123_1976152045789287_4104958247767638016_o.jpg', '33170123_1976152045789287_4104958247767638016_o.jpg', '', ''),
(642, 'service', 87, 'upload/services/gallery/r6uKyhKIBoogie_Slide.jpg', 'Boogie_Slide.jpg', '', ''),
(643, 'service', 95, 'upload/services/gallery/wnSIL1TcBoogie_Slide.jpg', 'Boogie_Slide.jpg', '', ''),
(644, 'service', 96, 'upload/services/gallery/PD0vQBMRsexy-dance-la-gi1.jpg', 'sexy-dance-la-gi1.jpg', '', ''),
(645, 'service', 96, 'upload/services/gallery/mHkBFHEyBoogie_Slide.jpg', 'Boogie_Slide.jpg', '', ''),
(646, 'service', 61, 'upload/services/gallery/aae3Ey6Zbodycombat-1070205-TwoByOne.jpg', 'bodycombat-1070205-TwoByOne.jpg', '', ''),
(647, 'service', 61, 'upload/services/gallery/81bS9LlZBODYCOMBAT 1920x1040 MOD A .jpg', 'BODYCOMBAT 1920x1040 MOD A .jpg', '', ''),
(648, 'service', 62, 'upload/services/gallery/mV2vnnJ7Lima-2019-Eduardo-Avila-day-3.jpg', 'Lima-2019-Eduardo-Avila-day-3.jpg', '', ''),
(649, 'service', 63, 'upload/services/gallery/amMVtHe1featureimage-brazilian-jiu-jitsu-elle-man-1219.png', 'featureimage-brazilian-jiu-jitsu-elle-man-1219.png', '', ''),
(650, 'service', 63, 'upload/services/gallery/nlufirqK1_96FA5T__PjyxjQqPdKrlCQ.jpeg', '1_96FA5T__PjyxjQqPdKrlCQ.jpeg', '', ''),
(651, 'service', 64, 'upload/services/gallery/RV9k8vLIimg_25.jpg', 'img_25.jpg', '', ''),
(653, 'service', 64, 'upload/services/gallery/fhBZ4HfEimg_11.jpg', 'img_11.jpg', '', ''),
(654, 'service', 65, 'upload/services/gallery/j76VcEy14252394d7da6e597abc491efe4915e31.jpg', '4252394d7da6e597abc491efe4915e31.jpg', '', ''),
(655, 'service', 65, 'upload/services/gallery/hruX3V5D929628-19768245-1600-900.jpg', '929628-19768245-1600-900.jpg', '', ''),
(656, 'service', 66, 'upload/services/gallery/gjFSJS0ogiam-can-bang-vo-krav-maga-3-1200x665.jpg', 'giam-can-bang-vo-krav-maga-3-1200x665.jpg', '', ''),
(658, 'service', 51, 'upload/services/gallery/WngT3LN4screen-0.jpg', 'screen-0.jpg', '', ''),
(659, 'service', 52, 'upload/services/gallery/VfqPCzMncardio-box.jpg', 'cardio-box.jpg', '', ''),
(660, 'service', 52, 'upload/services/gallery/xbjMZM9hunnamed (4).jpg', 'unnamed (4).jpg', '', ''),
(661, 'service', 57, 'upload/services/gallery/lRVLJQ6Ybai-tap-gym-ELLE-Man-feature.jpg', 'bai-tap-gym-ELLE-Man-feature.jpg', '', ''),
(662, 'service', 57, 'upload/services/gallery/rUN8odMDbad-fitness-rules_1.jpg', 'bad-fitness-rules_1.jpg', '', ''),
(663, 'service', 58, 'upload/services/gallery/iHdXFO4Ecover-nhay-aerobic-1581822288.jpeg', 'cover-nhay-aerobic-1581822288.jpeg', '', ''),
(664, 'service', 58, 'upload/services/gallery/iB87ZTcTggiam mo bung 1.jpg2.jpg3.jpg4.jpg5.jpg6.jpg7.jpg', 'ggiam mo bung 1.jpg2.jpg3.jpg4.jpg5.jpg6.jpg7.jpg', '', ''),
(665, 'service', 59, 'upload/services/gallery/rpZ5yJacreebok_ss15_-_bodyattack__9_jpeg-rotator-ashx.jpg', 'reebok_ss15_-_bodyattack__9_jpeg-rotator-ashx.jpg', '', ''),
(666, 'service', 59, 'upload/services/gallery/gnRerMzUWEB0045_New_Website_-_Images_BodyAttack_1800x580.jpg', 'WEB0045_New_Website_-_Images_BodyAttack_1800x580.jpg', '', ''),
(667, 'service', 60, 'upload/services/gallery/eGHUEMVKBODYCOMBAT 1920x1040 MOD A .jpg', 'BODYCOMBAT 1920x1040 MOD A .jpg', '', ''),
(668, 'service', 60, 'upload/services/gallery/683S8v2Qbodycombat-1070205-TwoByOne.jpg', 'bodycombat-1070205-TwoByOne.jpg', '', ''),
(669, 'service', 67, 'upload/services/gallery/EFUd3zmebai-tap-gym-elle-man-featured-image.jpg', 'bai-tap-gym-elle-man-featured-image.jpg', '', ''),
(670, 'service', 67, 'upload/services/gallery/A58cVB4Lfitness-la-gi-1280x720.jpg', 'fitness-la-gi-1280x720.jpg', '', ''),
(671, 'service', 68, 'upload/services/gallery/LLATrEsSbai-tap-gym-ELLE-Man-feature.jpg', 'bai-tap-gym-ELLE-Man-feature.jpg', '', ''),
(672, 'service', 68, 'upload/services/gallery/0SWvMGsJfitness-la-gi-1280x720.jpg', 'fitness-la-gi-1280x720.jpg', '', ''),
(673, 'service', 69, 'upload/services/gallery/AvkmDQzQLayer 1.png', 'Layer 1.png', '', ''),
(674, 'service', 70, 'upload/services/gallery/ysOaEuHlbad-fitness-rules_1.jpg', 'bad-fitness-rules_1.jpg', '', ''),
(675, 'service', 70, 'upload/services/gallery/elpLzztCfitness-la-gi-1280x720.jpg', 'fitness-la-gi-1280x720.jpg', '', ''),
(676, 'service', 71, 'upload/services/gallery/W6qxTZS1cardio-box.jpg', 'cardio-box.jpg', '', ''),
(677, 'service', 71, 'upload/services/gallery/F0jKkkDRunnamed (1).jpg', 'unnamed (1).jpg', '', ''),
(678, 'service', 72, 'upload/services/gallery/nam1yhg4bai-tap-yoga-tot-cho-xuong-khop-feature.jpg', 'bai-tap-yoga-tot-cho-xuong-khop-feature.jpg', '', ''),
(679, 'service', 72, 'upload/services/gallery/gYDu6cNgbai-tap-gym-ELLE-Man-feature.jpg', 'bai-tap-gym-ELLE-Man-feature.jpg', '', ''),
(680, 'service', 66, 'upload/services/gallery/pnOb0Rjofitness-la-gi-1280x720.jpg', 'fitness-la-gi-1280x720.jpg', '', ''),
(681, 'event', 77, 'upload/events/gallery/HKqyDfZG06.jpg', '06.jpg', '', ''),
(682, 'event', 77, 'upload/events/gallery/AAJxKubH05.jpg', '05.jpg', '', ''),
(683, 'event', 78, 'upload/events/gallery/YoAhR3pt02avata.jpg', '02avata.jpg', '', ''),
(684, 'event', 80, 'upload/events/gallery/zWexh31V4.jpg', '4.jpg', '', ''),
(685, 'event', 80, 'upload/events/gallery/92jXpgvW1.jpg', '1.jpg', '', ''),
(686, 'event', 81, 'upload/events/gallery/qEt8Ahw32.jpg', '2.jpg', '', ''),
(687, 'event', 82, 'upload/events/gallery/6uiy5QKu02.png', '02.png', '', ''),
(688, 'event', 83, 'upload/events/gallery/WwK5L7PP06.png', '06.png', '', ''),
(689, 'event', 84, 'upload/events/gallery/Skb3ayws04.jpg', '04.jpg', '', ''),
(690, 'event', 85, 'upload/events/gallery/NzirvcMQ05.png', '05.png', '', ''),
(691, 'event', 85, 'upload/events/gallery/C94r36Bj01.png', '01.png', '', ''),
(692, 'event', 86, 'upload/events/gallery/yBvyjj6a06.jpg', '06.jpg', '', ''),
(693, 'event', 87, 'upload/events/gallery/ZrDGuENO01.jpg', '01.jpg', '', ''),
(694, 'event', 88, 'upload/events/gallery/vr4Or9yk858.jpg', '858.jpg', '', ''),
(695, 'event', 89, 'upload/events/gallery/zsGJRei805.jpg', '05.jpg', '', ''),
(696, 'event', 90, 'upload/events/gallery/2SjtA5eG03.jpg', '03.jpg', '', ''),
(697, 'event', 91, 'upload/events/gallery/qqFHEx7b06.jpg', '06.jpg', '', ''),
(698, 'event', 92, 'upload/events/gallery/r12TpCDV03.jpg', '03.jpg', '', ''),
(699, 'event', 93, 'upload/events/gallery/SliTittH02avata.jpg', '02avata.jpg', '', ''),
(700, 'event', 94, 'upload/events/gallery/JvFuoBrL08.png', '08.png', '', ''),
(701, 'event', 95, 'upload/events/gallery/tBU17Xw605.png', '05.png', '', ''),
(702, 'event', 96, 'upload/events/gallery/qvYn0sYP06.png', '06.png', '', ''),
(703, 'event', 97, 'upload/events/gallery/4P66SpV101a.jpg', '01a.jpg', '', ''),
(704, 'event', 98, 'upload/events/gallery/f0Y2Z1bW03.png', '03.png', '', ''),
(705, 'event', 99, 'upload/events/gallery/6vWmGmp301.png', '01.png', '', ''),
(706, 'event', 100, 'upload/events/gallery/vG56x5Hmphoto-1562679452-763edf60a0b7.jpg', 'photo-1562679452-763edf60a0b7.jpg', '', ''),
(707, 'event', 101, 'upload/events/gallery/yDyQFZKvphoto-1501116518234-f32f28802bd1.jpg', 'photo-1501116518234-f32f28802bd1.jpg', '', ''),
(708, 'event', 102, 'upload/events/gallery/v2zBkuE3photo-1555597408-26bc8e548a46.jpg', 'photo-1555597408-26bc8e548a46.jpg', '', ''),
(709, 'event', 103, 'upload/events/gallery/eatbQINJphoto-1516684991026-4c3032a2b4fd.jpg', 'photo-1516684991026-4c3032a2b4fd.jpg', '', ''),
(710, 'event', 104, 'upload/events/gallery/nMgIOe9ephoto-1542937307-6eeb0267cbab.jpg', 'photo-1542937307-6eeb0267cbab.jpg', '', ''),
(711, 'event', 105, 'upload/events/gallery/pHGGnFehphoto-1544279762-d707b908fb99.jpg', 'photo-1544279762-d707b908fb99.jpg', '', ''),
(712, 'event', 106, 'upload/events/gallery/RwoukRelphoto-1514050566906-8d077bae7046.jpg', 'photo-1514050566906-8d077bae7046.jpg', '', ''),
(713, 'event', 107, 'upload/events/gallery/oIZ1ZdVCphoto-1490225421893-2908ffad8593.jpg', 'photo-1490225421893-2908ffad8593.jpg', '', ''),
(714, 'event', 108, 'upload/events/gallery/ii4CtJOophoto-1579191203631-368691293d7a.jpg', 'photo-1579191203631-368691293d7a.jpg', '', ''),
(715, 'event', 109, 'upload/events/gallery/HEDLtkZKphoto-1517931524326-bdd55a541177.jpg', 'photo-1517931524326-bdd55a541177.jpg', '', ''),
(716, 'event', 110, 'upload/events/gallery/NfvgAeCSphoto-1501116518234-f32f28802bd1.jpg', 'photo-1501116518234-f32f28802bd1.jpg', '', ''),
(725, 'service', 100, 'upload/services/gallery/HNakp0hestyle-4.jpg', 'style-4.jpg', '', ''),
(726, 'service', 100, 'upload/services/gallery/fhTjFFz8style-5.jpg', 'style-5.jpg', '', ''),
(733, 'service', 102, 'upload/services/gallery/hTBSyyBXstyle-3.jpg', 'style-3.jpg', '', ''),
(734, 'service', 102, 'upload/services/gallery/s2RAyAOustyle-5.jpg', 'style-5.jpg', '', ''),
(735, 'service', 102, 'upload/services/gallery/8Kh7GgBNstyle-2.jpg', 'style-2.jpg', '', ''),
(736, 'service', 102, 'upload/services/gallery/RNCbhOYgstyle-1.jpg', 'style-1.jpg', '', ''),
(747, 'service', 106, 'upload/services/gallery/211c9UX7style-5.jpg', 'style-5.jpg', '', ''),
(748, 'service', 106, 'upload/services/gallery/jVlkQqE9style-6.jpg', 'style-6.jpg', '', ''),
(752, 'service', 107, 'upload/services/gallery/54ZrYvUystyle-3.jpg', 'style-3.jpg', '', ''),
(753, 'service', 107, 'upload/services/gallery/iFTFVM8dstyle-4.jpg', 'style-4.jpg', '', ''),
(754, 'service', 107, 'upload/services/gallery/ugLaRmWTstyle-5.jpg', 'style-5.jpg', '', ''),
(755, 'service', 107, 'upload/services/gallery/82McbMLDstyle-2.jpg', 'style-2.jpg', '', ''),
(756, 'service', 107, 'upload/services/gallery/qMFREkclstyle-1.jpg', 'style-1.jpg', '', ''),
(767, 'service', 112, 'upload/services/gallery/njlLA4MJstyle-2.jpg', 'style-2.jpg', '', ''),
(768, 'service', 112, 'upload/services/gallery/zG9xoCAmstyle-3.jpg', 'style-3.jpg', '', ''),
(769, 'service', 112, 'upload/services/gallery/pSJvS1PUstyle-1.jpg', 'style-1.jpg', '', ''),
(770, 'service', 112, 'upload/services/gallery/kTsdHQRMstyle-5.jpg', 'style-5.jpg', '', ''),
(771, 'service', 112, 'upload/services/gallery/2WPUsrhsstyle-4.jpg', 'style-4.jpg', '', ''),
(777, 'service', 114, 'upload/services/gallery/ENhb2loestyle-4.jpg', 'style-4.jpg', '', ''),
(778, 'service', 114, 'upload/services/gallery/K3kwYr4ustyle-2.jpg', 'style-2.jpg', '', ''),
(779, 'service', 114, 'upload/services/gallery/WgLRiIXOstyle-5.jpg', 'style-5.jpg', '', ''),
(780, 'service', 114, 'upload/services/gallery/WFsHRlfnstyle-1.jpg', 'style-1.jpg', '', ''),
(781, 'service', 114, 'upload/services/gallery/VRgSDo49style-3.jpg', 'style-3.jpg', '', ''),
(861, 'service', 100, 'upload/services/gallery/YUDFKv9L15.jpg', '15.jpg', '', ''),
(862, 'service', 100, 'upload/services/gallery/IJK7Wxm5dl.jpg', 'dl.jpg', '', ''),
(863, 'service', 101, 'upload/services/gallery/9CxkyiWQ10.jpg', '10.jpg', '', ''),
(864, 'service', 101, 'upload/services/gallery/Jmkv8Hd23.jpg', '3.jpg', '', ''),
(865, 'service', 101, 'upload/services/gallery/JdlxxXiB2.jpg', '2.jpg', '', ''),
(866, 'service', 101, 'upload/services/gallery/4Jh1zIQC1.jpg', '1.jpg', '', ''),
(867, 'service', 101, 'upload/services/gallery/fj9dvO2A4.jpg', '4.jpg', '', ''),
(868, 'service', 102, 'upload/services/gallery/HsgUiq6910.jpg', '10.jpg', '', ''),
(869, 'service', 103, 'upload/services/gallery/Qvr8fV7v11.jpg', '11.jpg', '', ''),
(870, 'service', 103, 'upload/services/gallery/j4uHCAv98.jpg', '8.jpg', '', ''),
(871, 'service', 103, 'upload/services/gallery/0i5Ayy146.jpg', '6.jpg', '', ''),
(872, 'service', 103, 'upload/services/gallery/7G92PNH815.jpg', '15.jpg', '', ''),
(873, 'service', 103, 'upload/services/gallery/XqYfhaFzdl.jpg', 'dl.jpg', '', ''),
(874, 'service', 104, 'upload/services/gallery/5vqyE42a9.jpg', '9.jpg', '', ''),
(875, 'service', 104, 'upload/services/gallery/ehOrdcmn10.jpg', '10.jpg', '', ''),
(876, 'service', 104, 'upload/services/gallery/MktpRCsT11.jpg', '11.jpg', '', ''),
(877, 'service', 104, 'upload/services/gallery/3jt3FeyA12.jpg', '12.jpg', '', ''),
(878, 'service', 104, 'upload/services/gallery/xUKFj4oU13.jpg', '13.jpg', '', ''),
(879, 'service', 106, 'upload/services/gallery/ijTwJezz1.jpg', '1.jpg', '', ''),
(880, 'service', 106, 'upload/services/gallery/pWH7yB5A2.jpg', '2.jpg', '', ''),
(881, 'service', 106, 'upload/services/gallery/tQPQiMTV3.jpg', '3.jpg', '', ''),
(882, 'service', 113, 'upload/services/gallery/zquvs2Rj13.jpg', '13.jpg', '', ''),
(883, 'service', 113, 'upload/services/gallery/swXdMcCU14.jpg', '14.jpg', '', ''),
(884, 'service', 113, 'upload/services/gallery/Lr4ps4nM15.jpg', '15.jpg', '', ''),
(885, 'service', 113, 'upload/services/gallery/lLzfgKNP17.jpg', '17.jpg', '', ''),
(886, 'service', 113, 'upload/services/gallery/wfAECMMhdl.jpg', 'dl.jpg', '', ''),
(887, 'service', 108, 'upload/services/gallery/tJvEpoeq1.jpg', '1.jpg', '', ''),
(888, 'service', 108, 'upload/services/gallery/1KRvVhTu2.jpg', '2.jpg', '', ''),
(889, 'service', 108, 'upload/services/gallery/6iAocAv13.jpg', '3.jpg', '', ''),
(890, 'service', 108, 'upload/services/gallery/EGSlfVVS4.jpg', '4.jpg', '', ''),
(891, 'service', 108, 'upload/services/gallery/mlosY3Qi5.jpg', '5.jpg', '', ''),
(892, 'service', 109, 'upload/services/gallery/N2KL1WIb8.jpg', '8.jpg', '', ''),
(893, 'service', 109, 'upload/services/gallery/IYpiqAGi9.jpg', '9.jpg', '', ''),
(894, 'service', 109, 'upload/services/gallery/YU2aBZxh10.jpg', '10.jpg', '', ''),
(895, 'service', 109, 'upload/services/gallery/lm8LApMe11.jpg', '11.jpg', '', ''),
(896, 'service', 109, 'upload/services/gallery/3DsfnGJE12.jpg', '12.jpg', '', ''),
(897, 'service', 119, 'upload/services/gallery/Rap08g5z9.jpg', '9.jpg', '', ''),
(898, 'service', 119, 'upload/services/gallery/SLMtKHde11.jpg', '11.jpg', '', ''),
(899, 'service', 119, 'upload/services/gallery/w8hZBxbX13.jpg', '13.jpg', '', ''),
(900, 'service', 119, 'upload/services/gallery/2kIbauRP15.jpg', '15.jpg', '', ''),
(901, 'service', 119, 'upload/services/gallery/xMABAV2a17.jpg', '17.jpg', '', ''),
(902, 'service', 120, 'upload/services/gallery/ggqtDkwy3.jpg', '3.jpg', '', ''),
(903, 'service', 120, 'upload/services/gallery/UuQhn31E11.jpg', '11.jpg', '', ''),
(904, 'service', 120, 'upload/services/gallery/K53f26nvdl.jpg', 'dl.jpg', '', ''),
(905, 'service', 120, 'upload/services/gallery/fWvTj43Q6.jpg', '6.jpg', '', ''),
(906, 'service', 120, 'upload/services/gallery/5BOHYDK613.jpg', '13.jpg', '', ''),
(907, 'service', 115, 'upload/services/gallery/EhRmaz821.jpg', '1.jpg', '', ''),
(908, 'service', 115, 'upload/services/gallery/V6iO132P10.jpg', '10.jpg', '', ''),
(909, 'service', 115, 'upload/services/gallery/Vjm4IDKB12.jpg', '12.jpg', '', ''),
(910, 'service', 115, 'upload/services/gallery/OjPLYdiC17.jpg', '17.jpg', '', ''),
(911, 'service', 115, 'upload/services/gallery/AxYUzBm17.jpg', '7.jpg', '', ''),
(912, 'service', 116, 'upload/services/gallery/mCp8dlVZ1.jpg', '1.jpg', '', ''),
(913, 'service', 116, 'upload/services/gallery/vhbHiljn9.jpg', '9.jpg', '', ''),
(914, 'service', 116, 'upload/services/gallery/LeMxmINy8.jpg', '8.jpg', '', ''),
(915, 'service', 116, 'upload/services/gallery/d91qEcuJ11.jpg', '11.jpg', '', ''),
(916, 'service', 116, 'upload/services/gallery/UQhd9gZ44.jpg', '4.jpg', '', ''),
(917, 'service', 117, 'upload/services/gallery/7Vct5u1W10.jpg', '10.jpg', '', ''),
(918, 'service', 117, 'upload/services/gallery/umlXrTk912.jpg', '12.jpg', '', ''),
(919, 'service', 117, 'upload/services/gallery/MTDEnFrg13.jpg', '13.jpg', '', ''),
(920, 'service', 117, 'upload/services/gallery/xG1uAuk014.jpg', '14.jpg', '', ''),
(921, 'service', 117, 'upload/services/gallery/qOh993O515.jpg', '15.jpg', '', '');

-- --------------------------------------------------------

--
-- Table structure for table `woobooking_location`
--

CREATE TABLE `woobooking_location` (
  `id` int(11) NOT NULL,
  `name` varchar(200) NOT NULL,
  `banner` varchar(400) NOT NULL,
  `image_location_avatar` varchar(400) NOT NULL,
  `map_image` varchar(400) NOT NULL,
  `address` varchar(200) NOT NULL,
  `alias` varchar(200) NOT NULL,
  `state_id` int(11) NOT NULL,
  `lang` varchar(50) NOT NULL,
  `lat` varchar(50) NOT NULL,
  `published` int(11) NOT NULL,
  `ordering` int(11) NOT NULL,
  `image` varchar(200) NOT NULL,
  `description` text NOT NULL,
  `iframe` text
) ENGINE=InnoDB DEFAULT CHARSET=utf8;

--
-- Dumping data for table `woobooking_location`
--

INSERT INTO `woobooking_location` (`id`, `name`, `banner`, `image_location_avatar`, `map_image`, `address`, `alias`, `state_id`, `lang`, `lat`, `published`, `ordering`, `image`, `description`, `iframe`) VALUES
(3, 'California', 'http://45.119.84.18/~wpbookingpro/wp-content/uploads/2020/02/class-2-1-1170x694-1.jpg', 'upload/locations/images/12 Mar 2014class-2-1-1170x694.jpg', 'http://45.119.84.18/~wpbookingpro/wp-content/uploads/2020/02/Screenshot_51.png', '415 Temple Lane, Antioch, CA 94509', 'address2', 4, '21.0064286', '105.8654489', 1, 0, 'upload/locations/images/im1.jpg', 'The gym is designed in a sophisticated manner, divided into separate training areas, Yoga and fitness group GroupX international group with high-class furnishings and modern equipment, bringing customers. Experience the most professional and comfortable training.', '&amp;lt;iframe src=&amp;quot;https://www.google.com/maps/embed?pb=!1m18!1m12!1m3!1d50301.47662457519!2d-121.84568787814077!3d38.00413894034349!2m3!1f0!2f0!3f0!3m2!1i1024!2i768!4f13.1!3m3!1m2!1s0x808557866e227001%3A0x8afedd7f4f22141e!2sAntioch%2C%20CA%2094509%2C%20USA!5e0!3m2!1sen!2s!4v1587176731552!5m2!1sen!2s&amp;quot; width=&amp;quot;600&amp;quot; height=&amp;quot;450&amp;quot; frameborder=&amp;quot;0&amp;quot; style=&amp;quot;border:0;&amp;quot; allowfullscreen=&amp;quot;&amp;quot; aria-hidden=&amp;quot;false&amp;quot; tabindex=&amp;quot;0&amp;quot;&amp;gt;&amp;lt;/iframe&amp;gt;'),
(4, 'Miami', 'http://45.119.84.18/~wpbookingpro/wp-content/uploads/2020/02/class-3-1-1170x694-1.jpg', 'upload/locations/images/20 Oct 2019class-3-1-1170x694.jpg', 'http://45.119.84.18/~wpbookingpro/wp-content/uploads/2020/02/Screenshot_52.png', '31 NW 57th St, Miami, FL 33127', '', 3, '', '', 1, 0, 'upload/locations/images/im1.jpg', 'With more than 150 Yoga classes, GroupX group fitness and services are constantly updated, discover the right bodybuilding method\nIn line with your fitness needs and fitness!', '&amp;lt;iframe src=&amp;quot;https://www.google.com/maps/embed?pb=!1m18!1m12!1m3!1d3591.258469315163!2d-80.19906008461079!3d25.828027012154834!2m3!1f0!2f0!3f0!3m2!1i1024!2i768!4f13.1!3m3!1m2!1s0x88d9b1678eb990cd%3A0x1f890c712e5ffd89!2s31%20NW%2057th%20St%2C%20Miami%2C%20FL%2033127%2C%20USA!5e0!3m2!1sen!2s!4v1587367417156!5m2!1sen!2s&amp;quot; width=&amp;quot;600&amp;quot; height=&amp;quot;450&amp;quot; frameborder=&amp;quot;0&amp;quot; style=&amp;quot;border:0;&amp;quot; allowfullscreen=&amp;quot;&amp;quot; aria-hidden=&amp;quot;false&amp;quot; tabindex=&amp;quot;0&amp;quot;&amp;gt;&amp;lt;/iframe&amp;gt;'),
(5, 'New York', 'http://45.119.84.18/~wpbookingpro/wp-content/uploads/2020/02/class-6-1-1170x694-1.jpg', 'upload/locations/images/07 Oct 2018class-6-1-1170x694.jpg', 'http://45.119.84.18/~wpbookingpro/wp-content/uploads/2020/02/Screenshot_72.png', 'Montclair, New Jersey', '', 6, '', '', 1, 0, 'upload/locations/images/im1.jpg', 'With the gym, the system is located at the most prime location in the central district in the city. New York, your practice will become more convenient and easier.', NULL),
(14, 'Paris', 'http://45.119.84.18/~wpbookingpro/wp-content/uploads/2020/02/class-5-1-1170x694-1.jpg', 'upload/locations/images/12 Mar 1985class-5-1-1170x694.jpg', 'http://45.119.84.18/~wpbookingpro/wp-content/uploads/2020/02/Screenshot_73.png', 'Las Vegas, Nevada', '', 6, '', '', 0, 0, '', 'Enjoy the gym & yoga chain with sophisticated design and the most perfect service right in the heart of Las Vegas.', '&lt;iframe src=&quot;https://www.google.com/maps/embed?pb=!1m18!1m12!1m3!1d206252.721475079!2d-115.31508229125886!3d36.125195779631845!2m3!1f0!2f0!3f0!3m2!1i1024!2i768!4f13.1!3m3!1m2!1s0x80beb782a4f57dd1%3A0x3accd5e6d5b379a3!2sLas%20Vegas%2C%20NV%2C%20USA!5e0!3m2!1sen!2s!4v1590726763209!5m2!1sen!2s&quot; width=&quot;600&quot; height=&quot;450&quot; frameborder=&quot;0&quot; style=&quot;border:0;&quot; allowfullscreen=&quot;&quot; aria-hidden=&quot;false&quot; tabindex=&quot;0&quot;&gt;&lt;/iframe&gt;'),
(15, 'Rome', 'http://45.119.84.18/~wpbookingpro/wp-content/uploads/2020/02/blog-1-1.jpg', 'upload/locations/images/19 Jan 2017blog-1-1.jpg', 'http://45.119.84.18/~wpbookingpro/wp-content/uploads/2020/02/Screenshot_73.png', ' Dell\'Angeletto 3, 00184 Rome, Italy', '', 6, '', '', 0, 0, '', 'Lorem Ipsum is simply dummy text of the printing and typesetting industry. Lorem Ipsum has been the industry\'s standard dummy text ever since the 1500s, when an unknown printer took a galley of type and scrambled it to make a type specimen book. It has survived not only five centuries, but also the leap into electronic typesetting, remaining essentially unchanged.', '&lt;iframe src=&quot;https://www.google.com/maps/embed?pb=!1m18!1m12!1m3!1d2969.909657374318!2d12.489012315930644!3d41.894799972346995!2m3!1f0!2f0!3f0!3m2!1i1024!2i768!4f13.1!3m3!1m2!1s0x132f61b10a8e4fa9%3A0x59b2ba5e27ecfd56!2sVia%20dell&amp;#39;Angeletto%2C%203%2C%2000184%20Roma%20RM%2C%20Italy!5e0!3m2!1sen!2s!4v1590726799545!5m2!1sen!2s&quot; width=&quot;600&quot; height=&quot;450&quot; frameborder=&quot;0&quot; style=&quot;border:0;&quot; allowfullscreen=&quot;&quot; aria-hidden=&quot;false&quot; tabindex=&quot;0&quot;&gt;&lt;/iframe&gt;'),
(16, 'Venice', 'http://45.119.84.18/~wpbookingpro/wp-content/uploads/2020/02/blog-6-1.jpg', 'upload/locations/images/25 Jun 1987blog-6-1.jpg', 'http://45.119.84.18/~wpbookingpro/wp-content/uploads/2020/02/Screenshot_51.png', 'Ca\' Farsetti, San Marco 4136 - Venezia - ITALY', '', 6, '', '', 0, 0, '', 'Lorem Ipsum is simply dummy text of the printing and typesetting industry. Lorem Ipsum has been the industry\'s standard dummy text ever since the 1500s, when an unknown printer took a galley of type and scrambled it to make a type specimen book. It has survived not only five centuries, but also the leap into electronic typesetting, remaining essentially unchanged.', '&lt;iframe src=&quot;https://www.google.com/maps/embed?pb=!1m18!1m12!1m3!1d2799.6531386405168!2d12.331651616000489!3d45.43649304331208!2m3!1f0!2f0!3f0!3m2!1i1024!2i768!4f13.1!3m3!1m2!1s0x477eb1ce2def1b1b%3A0xcece8f4e4d07bf6e!2sCa&amp;#39;%20Farsetti!5e0!3m2!1sen!2s!4v1590726825685!5m2!1sen!2s&quot; width=&quot;600&quot; height=&quot;450&quot; frameborder=&quot;0&quot; style=&quot;border:0;&quot; allowfullscreen=&quot;&quot; aria-hidden=&quot;false&quot; tabindex=&quot;0&quot;&gt;&lt;/iframe&gt;');

-- --------------------------------------------------------

--
-- Table structure for table `woobooking_notification`
--

CREATE TABLE `woobooking_notification` (
  `id` int(11) UNSIGNED NOT NULL,
  `name` varchar(200) NOT NULL,
  `image` varchar(200) NOT NULL,
  `alias` varchar(200) NOT NULL,
  `ordering` int(11) NOT NULL,
  `description` text NOT NULL
) ENGINE=InnoDB DEFAULT CHARSET=utf8;

--
-- Dumping data for table `woobooking_notification`
--

INSERT INTO `woobooking_notification` (`id`, `name`, `image`, `alias`, `ordering`, `description`) VALUES
(20, 'Yoga', 'upload/services/images/image-cover-rbwx5797-anh1.jpg', '', 5, ''),
(21, 'Cardio', 'upload/services/images/image-cover-UsfbDi7H-anh2.jpg', '', 9, ''),
(22, 'Combat Sports', 'upload/services/images/image-cover-VYEUjPNq-anh3.jpg', '', 10, ''),
(23, 'Bodybuilding', 'upload/services/images/image-cover-L0T85YOJ-anh4.jpg', '', 11, ''),
(46, 'Boxing room', 'upload/services/images/image-cover-VW24WlTK-anh5.jpg', '', 11, ''),
(47, 'Meo', 'upload/services/images/image-cover-VW24WlTK-anh5.jpg', '', 0, 'Hahahahahah'),
(48, 'new category', '', '', 0, ''),
(49, 'new category', '', '', 0, ''),
(50, 'new category', '', '', 0, ''),
(51, 'new category', '', '', 0, ''),
(52, 'new category', '', '', 0, ''),
(53, 'new category', '', '', 0, '');

-- --------------------------------------------------------

--
-- Table structure for table `woobooking_order`
--

CREATE TABLE `woobooking_order` (
  `id` int(11) NOT NULL,
  `ordering` int(11) NOT NULL,
  `customer_id` int(11) NOT NULL,
  `open_source_order_id` int(11) NOT NULL,
  `order_status_id` int(11) DEFAULT NULL,
  `title` varchar(200) NOT NULL,
  `total` double NOT NULL,
  `payment_id` int(11) NOT NULL,
  `staff_id` int(11) NOT NULL,
  `alias` varchar(200) NOT NULL,
  `data` text NOT NULL,
  `discount_total` double NOT NULL,
  `discount_tax` float NOT NULL,
  `shipping_tax` float NOT NULL,
  `cart_tax` float NOT NULL,
  `total_tax` float NOT NULL,
  `created_date` datetime NOT NULL,
  `type` varchar(255) DEFAULT NULL
) ENGINE=InnoDB DEFAULT CHARSET=utf8;

--
-- Dumping data for table `woobooking_order`
--

INSERT INTO `woobooking_order` (`id`, `ordering`, `customer_id`, `open_source_order_id`, `order_status_id`, `title`, `total`, `payment_id`, `staff_id`, `alias`, `data`, `discount_total`, `discount_tax`, `shipping_tax`, `cart_tax`, `total_tax`, `created_date`, `type`) VALUES
(432, 0, 469, 0, NULL, '', 8000, 20, 0, '', '', 0, 0, 0, 0, 0, '0000-00-00 00:00:00', 'event'),
(433, 0, 470, 0, NULL, '', 0, 72, 0, '', '', 0, 0, 0, 0, 0, '0000-00-00 00:00:00', NULL),
(434, 0, 471, 0, NULL, '', 0, 20, 0, '', '', 0, 0, 0, 0, 0, '0000-00-00 00:00:00', NULL),
(435, 0, 472, 0, NULL, '', 560, 20, 0, '', '', 0, 0, 0, 0, 0, '2020-04-18 02:14:34', 'event'),
(436, 0, 473, 0, NULL, '', 160, 20, 0, '', '', 0, 0, 0, 0, 0, '2020-04-18 10:12:45', 'service'),
(437, 0, 474, 0, NULL, '', 280, 20, 0, '', '', 0, 0, 0, 0, 0, '2020-04-20 08:20:53', 'event'),
(438, 0, 475, 0, NULL, '', 240, 72, 0, '', '', 0, 0, 0, 0, 0, '2020-05-08 04:55:26', 'service'),
(439, 0, 476, 0, NULL, '', 39, 20, 0, '', '', 0, 0, 0, 0, 0, '2020-05-26 06:23:35', 'service'),
(440, 0, 477, 0, NULL, '', 50, 20, 0, '', '', 0, 0, 0, 0, 0, '2020-05-26 07:48:42', 'service'),
(441, 0, 478, 0, NULL, '', 50, 20, 0, '', '', 0, 0, 0, 0, 0, '2020-05-30 09:28:35', 'service'),
(442, 0, 479, 0, NULL, '', 80, 20, 0, '', '', 0, 0, 0, 0, 0, '2020-05-30 09:30:09', 'service'),
(443, 0, 480, 0, NULL, '', 50, 20, 0, '', '', 0, 0, 0, 0, 0, '2020-06-01 03:31:52', 'service'),
(444, 0, 481, 0, NULL, '', 50, 20, 0, '', '', 0, 0, 0, 0, 0, '2020-06-10 08:07:15', 'service'),
(445, 0, 482, 0, NULL, '', 50, 20, 0, '', '', 0, 0, 0, 0, 0, '2020-06-10 08:12:54', 'service'),
(446, 0, 483, 0, NULL, '', 50, 20, 0, '', '', 0, 0, 0, 0, 0, '2020-06-17 01:59:18', 'service'),
(447, 0, 484, 0, NULL, '', 50, 20, 0, '', '', 0, 0, 0, 0, 0, '2020-06-17 03:03:58', 'service'),
(448, 0, 485, 0, NULL, '', 50, 72, 0, '', '', 0, 0, 0, 0, 0, '2020-06-17 06:27:33', 'service'),
(449, 0, 486, 0, NULL, '', 80, 20, 0, '', '', 0, 0, 0, 0, 0, '2020-06-17 08:36:52', 'service'),
(450, 0, 487, 0, NULL, '', 50, 20, 0, '', '', 0, 0, 0, 0, 0, '2020-06-17 19:32:16', 'service'),
(451, 0, 488, 0, NULL, '', 80, 20, 0, '', '', 0, 0, 0, 0, 0, '2020-06-18 06:48:54', 'service'),
(452, 0, 489, 0, NULL, '', 50, 72, 0, '', '', 0, 0, 0, 0, 0, '2020-06-18 10:42:49', 'service'),
(453, 0, 490, 0, NULL, '', 50, 20, 0, '', '', 0, 0, 0, 0, 0, '2020-06-22 16:12:51', 'service'),
(454, 0, 491, 0, NULL, '', 80, 72, 0, '', '', 0, 0, 0, 0, 0, '2020-06-22 17:09:45', 'service'),
(455, 0, 492, 0, NULL, '', 80, 20, 0, '', '', 0, 0, 0, 0, 0, '2020-06-25 02:55:01', 'service'),
(456, 0, 493, 0, NULL, '', 80, 20, 0, '', '', 0, 0, 0, 0, 0, '2020-06-25 03:29:34', 'service'),
(457, 0, 494, 0, NULL, '', 50, 20, 0, '', '', 0, 0, 0, 0, 0, '2020-06-26 17:43:47', 'service'),
(458, 0, 495, 0, NULL, '', 59, 72, 0, '', '', 0, 0, 0, 0, 0, '2020-06-27 06:45:53', 'service'),
(459, 0, 496, 0, NULL, '', 50, 20, 0, '', '', 0, 0, 0, 0, 0, '2020-06-27 06:46:59', 'service'),
(460, 0, 497, 0, NULL, '', 50, 72, 0, '', '', 0, 0, 0, 0, 0, '2020-06-29 08:05:10', 'service'),
(461, 0, 498, 0, NULL, '', 50, 20, 0, '', '', 0, 0, 0, 0, 0, '2020-06-30 16:08:08', 'service'),
(462, 0, 499, 0, NULL, '', 110, 72, 0, '', '', 0, 0, 0, 0, 0, '2020-07-01 08:19:07', 'service'),
(463, 0, 500, 0, NULL, '', 50, 72, 0, '', '', 0, 0, 0, 0, 0, '2020-07-01 14:57:20', 'service'),
(464, 0, 501, 0, NULL, '', 100, 72, 0, '', '', 0, 0, 0, 0, 0, '2020-07-02 10:10:15', 'service'),
(465, 0, 502, 0, NULL, '', 50, 72, 0, '', '', 0, 0, 0, 0, 0, '2020-07-03 05:44:33', 'service'),
(466, 0, 503, 0, NULL, '', 50, 72, 0, '', '', 0, 0, 0, 0, 0, '2020-07-03 05:45:41', 'service'),
(467, 0, 504, 0, NULL, '', 50, 72, 0, '', '', 0, 0, 0, 0, 0, '2020-07-03 05:46:04', 'service'),
(468, 0, 505, 0, NULL, '', 50, 72, 0, '', '', 0, 0, 0, 0, 0, '2020-07-03 11:17:17', 'service'),
(469, 0, 506, 0, NULL, '', 50, 72, 0, '', '', 0, 0, 0, 0, 0, '2020-07-06 10:42:58', 'service'),
(470, 0, 507, 0, NULL, '', 50, 72, 0, '', '', 0, 0, 0, 0, 0, '2020-07-08 08:08:53', 'service'),
(471, 0, 508, 0, NULL, '', 130, 20, 0, '', '', 0, 0, 0, 0, 0, '2020-07-10 04:07:52', 'service'),
(472, 0, 509, 0, NULL, '', 130, 20, 0, '', '', 0, 0, 0, 0, 0, '2020-07-10 04:31:33', 'service'),
(473, 0, 510, 0, NULL, '', 50, 20, 0, '', '', 0, 0, 0, 0, 0, '2020-07-10 08:27:00', 'service'),
(474, 0, 511, 0, NULL, '', 50, 20, 0, '', '', 0, 0, 0, 0, 0, '2020-07-10 08:29:07', 'service'),
(475, 0, 512, 0, NULL, '', 50, 72, 0, '', '', 0, 0, 0, 0, 0, '2020-07-10 08:58:05', 'service'),
(476, 0, 513, 0, NULL, '', 50, 72, 0, '', '', 0, 0, 0, 0, 0, '2020-07-10 10:05:01', 'service'),
(477, 0, 514, 0, NULL, '', 50, 72, 0, '', '', 0, 0, 0, 0, 0, '2020-07-10 13:41:28', 'service'),
(478, 0, 515, 0, NULL, '', 50, 20, 0, '', '', 0, 0, 0, 0, 0, '2020-07-13 01:32:53', 'service'),
(479, 0, 516, 0, NULL, '', 50, 20, 0, '', '', 0, 0, 0, 0, 0, '2020-07-13 02:01:30', 'service'),
(480, 0, 517, 0, NULL, '', 50, 72, 0, '', '', 0, 0, 0, 0, 0, '2020-07-13 02:02:38', 'service'),
(481, 0, 518, 0, NULL, '', 49, 72, 0, '', '', 0, 0, 0, 0, 0, '2020-07-13 08:17:04', 'service'),
(482, 0, 519, 0, NULL, '', 49, 20, 0, '', '', 0, 0, 0, 0, 0, '2020-07-13 08:17:45', 'service'),
(483, 0, 520, 0, NULL, '', 50, 72, 0, '', '', 0, 0, 0, 0, 0, '2020-07-13 23:15:23', 'service'),
(484, 0, 521, 0, NULL, '', 50, 72, 0, '', '', 0, 0, 0, 0, 0, '2020-07-15 10:00:50', 'service'),
(485, 0, 522, 0, NULL, '', 50, 20, 0, '', '', 0, 0, 0, 0, 0, '2020-07-15 15:08:07', 'service'),
(486, 0, 523, 0, NULL, '', 50, 72, 0, '', '', 0, 0, 0, 0, 0, '2020-07-15 16:29:04', 'service'),
(487, 0, 524, 0, NULL, '', 50, 72, 0, '', '', 0, 0, 0, 0, 0, '2020-07-15 20:34:22', 'service'),
(488, 0, 525, 0, NULL, '', 50, 20, 0, '', '', 0, 0, 0, 0, 0, '2020-07-17 12:26:59', 'service'),
(489, 0, 526, 0, NULL, '', 50, 20, 0, '', '', 0, 0, 0, 0, 0, '2020-07-19 13:50:53', 'service'),
(490, 0, 527, 0, NULL, '', 50, 20, 0, '', '', 0, 0, 0, 0, 0, '2020-07-19 17:46:02', 'service'),
(491, 0, 528, 0, NULL, '', 50, 20, 0, '', '', 0, 0, 0, 0, 0, '2020-07-21 22:14:49', 'service'),
(492, 0, 529, 0, NULL, '', 80, 20, 0, '', '', 0, 0, 0, 0, 0, '2020-07-22 03:51:06', 'service'),
(493, 0, 530, 0, NULL, '', 50, 72, 0, '', '', 0, 0, 0, 0, 0, '2020-07-22 20:39:25', 'service'),
(494, 0, 531, 0, NULL, '', 50, 20, 0, '', '', 0, 0, 0, 0, 0, '2020-07-22 20:49:47', 'service'),
(495, 0, 532, 0, NULL, '', 50, 20, 0, '', '', 0, 0, 0, 0, 0, '2020-07-24 09:04:20', 'service');

-- --------------------------------------------------------

--
-- Table structure for table `woobooking_order_customer`
--

CREATE TABLE `woobooking_order_customer` (
  `id` int(11) NOT NULL,
  `order_id` int(11) NOT NULL,
  `customer_id` int(11) NOT NULL,
  `alias` varchar(200) NOT NULL,
  `data` text NOT NULL
) ENGINE=InnoDB DEFAULT CHARSET=utf8;

--
-- Dumping data for table `woobooking_order_customer`
--

INSERT INTO `woobooking_order_customer` (`id`, `order_id`, `customer_id`, `alias`, `data`) VALUES
(1, 0, 0, 'title1', 'des title1');

-- --------------------------------------------------------

--
-- Table structure for table `woobooking_order_detail`
--

CREATE TABLE `woobooking_order_detail` (
  `id` int(11) NOT NULL,
  `order_id` int(11) NOT NULL,
  `service_id` int(11) NOT NULL,
  `start_date` datetime NOT NULL,
  `end_date` datetime NOT NULL,
  `open_source_link_id` int(11) NOT NULL,
  `location_id` int(11) NOT NULL,
  `employee_id` int(11) NOT NULL,
  `extra_id` int(11) NOT NULL,
  `price` int(11) NOT NULL,
  `params` mediumtext NOT NULL,
  `quantity` int(11) NOT NULL,
  `subtotal` float NOT NULL,
  `total` float NOT NULL,
  `total_tax` float NOT NULL
) ENGINE=InnoDB DEFAULT CHARSET=utf8;

--
-- Dumping data for table `woobooking_order_detail`
--

INSERT INTO `woobooking_order_detail` (`id`, `order_id`, `service_id`, `start_date`, `end_date`, `open_source_link_id`, `location_id`, `employee_id`, `extra_id`, `price`, `params`, `quantity`, `subtotal`, `total`, `total_tax`) VALUES
(443, 432, 45, '0000-00-00 00:00:00', '0000-00-00 00:00:00', 0, 3, 10, 0, 0, '', 1, 0, 8000, 0),
(444, 433, 0, '0000-00-00 00:00:00', '0000-00-00 00:00:00', 0, 0, 0, 0, 0, '', 1, 0, 0, 0),
(445, 434, 0, '0000-00-00 00:00:00', '0000-00-00 00:00:00', 0, 0, 0, 0, 0, '', 1, 0, 0, 0),
(446, 435, 61, '0000-00-00 00:00:00', '0000-00-00 00:00:00', 0, 4, 8, 0, 280, '', 2, 0, 560, 0),
(447, 436, 61, '0000-00-00 00:00:00', '0000-00-00 00:00:00', 0, 4, 1, 0, 80, '', 2, 0, 160, 0),
(448, 437, 61, '0000-00-00 00:00:00', '0000-00-00 00:00:00', 0, 4, 1, 0, 280, '', 1, 0, 280, 0),
(449, 438, 61, '0000-00-00 00:00:00', '0000-00-00 00:00:00', 0, 4, 1, 0, 80, '', 3, 0, 240, 0),
(450, 439, 95, '0000-00-00 00:00:00', '0000-00-00 00:00:00', 0, 0, 15, 0, 39, '', 1, 0, 39, 0),
(451, 440, 100, '0000-00-00 00:00:00', '0000-00-00 00:00:00', 0, 3, 1, 0, 50, '', 1, 0, 50, 0),
(452, 441, 107, '0000-00-00 00:00:00', '0000-00-00 00:00:00', 0, 3, 30, 0, 50, '', 1, 0, 50, 0),
(453, 442, 115, '0000-00-00 00:00:00', '0000-00-00 00:00:00', 0, 14, 1, 0, 80, '', 1, 0, 80, 0),
(454, 443, 107, '0000-00-00 00:00:00', '0000-00-00 00:00:00', 0, 3, 7, 0, 50, '', 1, 0, 50, 0),
(455, 444, 107, '0000-00-00 00:00:00', '0000-00-00 00:00:00', 0, 3, 15, 0, 50, '', 1, 0, 50, 0),
(456, 445, 107, '0000-00-00 00:00:00', '0000-00-00 00:00:00', 0, 3, 15, 0, 50, '', 1, 0, 50, 0),
(457, 446, 107, '0000-00-00 00:00:00', '0000-00-00 00:00:00', 0, 3, 15, 0, 50, '', 1, 0, 50, 0),
(458, 447, 107, '0000-00-00 00:00:00', '0000-00-00 00:00:00', 0, 3, 30, 0, 50, '', 1, 0, 50, 0),
(459, 448, 107, '0000-00-00 00:00:00', '0000-00-00 00:00:00', 0, 3, 7, 0, 50, '', 1, 0, 50, 0),
(460, 449, 115, '0000-00-00 00:00:00', '0000-00-00 00:00:00', 0, 14, 5, 0, 80, '', 1, 0, 80, 0),
(461, 450, 107, '0000-00-00 00:00:00', '0000-00-00 00:00:00', 0, 3, 7, 0, 50, '', 1, 0, 50, 0),
(462, 451, 115, '0000-00-00 00:00:00', '0000-00-00 00:00:00', 0, 14, 1, 0, 80, '', 1, 0, 80, 0),
(463, 452, 107, '0000-00-00 00:00:00', '0000-00-00 00:00:00', 0, 3, 7, 0, 50, '', 1, 0, 50, 0),
(464, 453, 107, '0000-00-00 00:00:00', '0000-00-00 00:00:00', 0, 3, 7, 0, 50, '', 1, 0, 50, 0),
(465, 454, 115, '0000-00-00 00:00:00', '0000-00-00 00:00:00', 0, 14, 5, 0, 80, '', 1, 0, 80, 0),
(466, 455, 115, '0000-00-00 00:00:00', '0000-00-00 00:00:00', 0, 14, 5, 0, 80, '', 1, 0, 80, 0),
(467, 456, 115, '0000-00-00 00:00:00', '0000-00-00 00:00:00', 0, 14, 5, 0, 80, '', 1, 0, 80, 0),
(468, 457, 107, '0000-00-00 00:00:00', '0000-00-00 00:00:00', 0, 3, 15, 0, 50, '', 1, 0, 50, 0),
(469, 458, 102, '0000-00-00 00:00:00', '0000-00-00 00:00:00', 0, 14, 5, 0, 59, '', 1, 0, 59, 0),
(470, 459, 100, '0000-00-00 00:00:00', '0000-00-00 00:00:00', 0, 3, 1, 0, 50, '', 1, 0, 50, 0),
(471, 460, 107, '0000-00-00 00:00:00', '0000-00-00 00:00:00', 0, 3, 15, 0, 50, '', 1, 0, 50, 0),
(472, 461, 107, '0000-00-00 00:00:00', '0000-00-00 00:00:00', 0, 3, 15, 0, 50, '', 1, 0, 50, 0),
(473, 462, 119, '0000-00-00 00:00:00', '0000-00-00 00:00:00', 0, 16, 1, 0, 110, '', 1, 0, 110, 0),
(474, 463, 107, '0000-00-00 00:00:00', '0000-00-00 00:00:00', 0, 3, 7, 0, 50, '', 1, 0, 50, 0),
(475, 464, 116, '0000-00-00 00:00:00', '0000-00-00 00:00:00', 0, 4, 7, 0, 100, '', 1, 0, 100, 0),
(476, 465, 107, '0000-00-00 00:00:00', '0000-00-00 00:00:00', 0, 3, 7, 0, 50, '', 1, 0, 50, 0),
(477, 466, 107, '0000-00-00 00:00:00', '0000-00-00 00:00:00', 0, 3, 7, 0, 50, '', 1, 0, 50, 0),
(478, 467, 107, '0000-00-00 00:00:00', '0000-00-00 00:00:00', 0, 3, 7, 0, 50, '', 1, 0, 50, 0),
(479, 468, 107, '0000-00-00 00:00:00', '0000-00-00 00:00:00', 0, 3, 7, 0, 50, '', 1, 0, 50, 0),
(480, 469, 107, '0000-00-00 00:00:00', '0000-00-00 00:00:00', 0, 3, 7, 0, 50, '', 1, 0, 50, 0),
(481, 470, 107, '0000-00-00 00:00:00', '0000-00-00 00:00:00', 0, 3, 7, 0, 50, '', 1, 0, 50, 0),
(482, 471, 117, '0000-00-00 00:00:00', '0000-00-00 00:00:00', 0, 4, 30, 0, 130, '', 1, 0, 130, 0),
(483, 472, 117, '0000-00-00 00:00:00', '0000-00-00 00:00:00', 0, 4, 8, 0, 130, '', 1, 0, 130, 0),
(484, 473, 107, '0000-00-00 00:00:00', '0000-00-00 00:00:00', 0, 3, 15, 0, 50, '', 1, 0, 50, 0),
(485, 474, 107, '0000-00-00 00:00:00', '0000-00-00 00:00:00', 0, 3, 7, 0, 50, '', 1, 0, 50, 0),
(486, 475, 107, '0000-00-00 00:00:00', '0000-00-00 00:00:00', 0, 3, 15, 0, 50, '', 1, 0, 50, 0),
(487, 476, 107, '0000-00-00 00:00:00', '0000-00-00 00:00:00', 0, 3, 30, 0, 50, '', 1, 0, 50, 0),
(488, 477, 107, '0000-00-00 00:00:00', '0000-00-00 00:00:00', 0, 3, 30, 0, 50, '', 1, 0, 50, 0),
(489, 478, 107, '0000-00-00 00:00:00', '0000-00-00 00:00:00', 0, 3, 15, 0, 50, '', 1, 0, 50, 0),
(490, 479, 107, '0000-00-00 00:00:00', '0000-00-00 00:00:00', 0, 3, 7, 0, 50, '', 1, 0, 50, 0),
(491, 480, 107, '0000-00-00 00:00:00', '0000-00-00 00:00:00', 0, 3, 15, 0, 50, '', 1, 0, 50, 0),
(492, 481, 114, '0000-00-00 00:00:00', '0000-00-00 00:00:00', 0, 3, 8, 0, 49, '', 1, 0, 49, 0),
(493, 482, 114, '0000-00-00 00:00:00', '0000-00-00 00:00:00', 0, 3, 15, 0, 49, '', 1, 0, 49, 0),
(494, 483, 107, '0000-00-00 00:00:00', '0000-00-00 00:00:00', 0, 3, 30, 0, 50, '', 1, 0, 50, 0),
(495, 484, 107, '0000-00-00 00:00:00', '0000-00-00 00:00:00', 0, 3, 30, 0, 50, '', 1, 0, 50, 0),
(496, 485, 107, '0000-00-00 00:00:00', '0000-00-00 00:00:00', 0, 3, 30, 0, 50, '', 1, 0, 50, 0),
(497, 486, 107, '0000-00-00 00:00:00', '0000-00-00 00:00:00', 0, 3, 7, 0, 50, '', 1, 0, 50, 0),
(498, 487, 107, '0000-00-00 00:00:00', '0000-00-00 00:00:00', 0, 3, 15, 0, 50, '', 1, 0, 50, 0),
(499, 488, 107, '0000-00-00 00:00:00', '0000-00-00 00:00:00', 0, 3, 15, 0, 50, '', 1, 0, 50, 0),
(500, 489, 107, '0000-00-00 00:00:00', '0000-00-00 00:00:00', 0, 3, 15, 0, 50, '', 1, 0, 50, 0),
(501, 490, 107, '0000-00-00 00:00:00', '0000-00-00 00:00:00', 0, 3, 15, 0, 50, '', 1, 0, 50, 0),
(502, 491, 107, '0000-00-00 00:00:00', '0000-00-00 00:00:00', 0, 3, 7, 0, 50, '', 1, 0, 50, 0),
(503, 492, 115, '0000-00-00 00:00:00', '0000-00-00 00:00:00', 0, 14, 1, 0, 80, '', 1, 0, 80, 0),
(504, 493, 107, '0000-00-00 00:00:00', '0000-00-00 00:00:00', 0, 3, 7, 0, 50, '', 1, 0, 50, 0),
(505, 494, 107, '0000-00-00 00:00:00', '0000-00-00 00:00:00', 0, 3, 7, 0, 50, '', 1, 0, 50, 0),
(506, 495, 107, '0000-00-00 00:00:00', '0000-00-00 00:00:00', 0, 3, 7, 0, 50, '', 1, 0, 50, 0);

-- --------------------------------------------------------

--
-- Table structure for table `woobooking_order_detail_rate`
--

CREATE TABLE `woobooking_order_detail_rate` (
  `id` int(11) NOT NULL,
  `order_id` int(11) NOT NULL,
  `service_id` int(11) NOT NULL,
  `start_date` datetime NOT NULL,
  `end_date` datetime NOT NULL,
  `open_source_link_id` int(11) NOT NULL,
  `location_id` int(11) NOT NULL,
  `employee_id` int(11) NOT NULL,
  `extra_id` int(11) NOT NULL,
  `price` int(11) NOT NULL,
  `order_detail_id` int(11) NOT NULL,
  `params` mediumtext NOT NULL,
  `quantity` int(11) NOT NULL,
  `subtotal` float NOT NULL,
  `rate_id` int(11) NOT NULL,
  `total` float NOT NULL,
  `total_tax` float NOT NULL
) ENGINE=InnoDB DEFAULT CHARSET=utf8;

--
-- Dumping data for table `woobooking_order_detail_rate`
--

INSERT INTO `woobooking_order_detail_rate` (`id`, `order_id`, `service_id`, `start_date`, `end_date`, `open_source_link_id`, `location_id`, `employee_id`, `extra_id`, `price`, `order_detail_id`, `params`, `quantity`, `subtotal`, `rate_id`, `total`, `total_tax`) VALUES
(581, 0, 45, '2020-03-02 06:00:00', '2020-03-20 07:30:00', 0, 3, 10, 0, 8000, 443, '', 1, 8000, 558, 8000, 0),
(582, 0, 61, '2020-04-19 09:30:45', '2020-04-19 11:30:45', 0, 4, 8, 0, 280, 446, '', 2, 560, 0, 560, 0),
(583, 0, 61, '2020-04-20 17:10:06', '2020-04-20 19:10:06', 0, 4, 1, 0, 80, 447, '', 2, 160, 0, 160, 0),
(584, 0, 61, '2020-04-20 15:30:22', '2020-04-20 17:30:22', 0, 4, 1, 0, 280, 448, '', 1, 280, 0, 280, 0),
(585, 0, 61, '2020-05-14 15:50:13', '2020-05-14 17:50:13', 0, 4, 1, 0, 80, 449, '', 3, 240, 0, 240, 0),
(586, 0, 95, '2020-05-26 13:50:54', '2020-05-26 13:50:54', 0, 0, 15, 0, 39, 450, '', 1, 39, 0, 39, 0),
(587, 0, 100, '2020-05-26 14:40:58', '2020-05-26 14:40:58', 0, 3, 1, 0, 50, 451, '', 1, 50, 0, 50, 0),
(588, 0, 107, '2020-05-20 17:20:41', '2020-05-20 18:20:41', 0, 3, 30, 0, 50, 452, '', 1, 50, 0, 50, 0),
(589, 0, 115, '2020-05-30 16:20:44', '2020-05-30 17:20:44', 0, 14, 1, 0, 80, 453, '', 1, 80, 0, 80, 0),
(590, 0, 107, '2020-06-11 11:10:27', '2020-06-11 12:10:27', 0, 3, 7, 0, 50, 454, '', 1, 50, 0, 50, 0),
(591, 0, 107, '2020-06-17 14:30:13', '2020-06-17 15:30:13', 0, 3, 15, 0, 50, 455, '', 1, 50, 0, 50, 0),
(592, 0, 107, '2020-06-10 14:30:39', '2020-06-10 15:30:39', 0, 3, 15, 0, 50, 456, '', 1, 50, 0, 50, 0),
(593, 0, 107, '2020-06-16 14:30:43', '2020-06-16 15:30:43', 0, 3, 15, 0, 50, 457, '', 1, 50, 0, 50, 0),
(594, 0, 107, '2020-06-19 11:30:30', '2020-06-19 12:30:30', 0, 3, 30, 0, 50, 458, '', 1, 50, 0, 50, 0),
(595, 0, 107, '2020-06-16 13:50:52', '2020-06-16 14:50:52', 0, 3, 7, 0, 50, 459, '', 1, 50, 0, 50, 0),
(596, 0, 115, '2020-06-18 02:20:59', '2020-06-18 03:20:59', 0, 14, 5, 0, 80, 460, '', 1, 80, 0, 80, 0),
(597, 0, 107, '2020-06-18 15:40:03', '2020-06-18 16:40:03', 0, 3, 7, 0, 50, 461, '', 1, 50, 0, 50, 0),
(598, 0, 115, '2020-06-19 10:40:38', '2020-06-19 11:40:38', 0, 14, 1, 0, 80, 462, '', 1, 80, 0, 80, 0),
(599, 0, 107, '2020-06-17 17:40:03', '2020-06-17 18:40:03', 0, 3, 7, 0, 50, 463, '', 1, 50, 0, 50, 0),
(600, 0, 107, '2020-06-17 14:20:42', '2020-06-17 15:20:42', 0, 3, 7, 0, 50, 464, '', 1, 50, 0, 50, 0),
(601, 0, 115, '2020-06-22 13:50:25', '2020-06-22 14:50:25', 0, 14, 5, 0, 80, 465, '', 1, 80, 0, 80, 0),
(602, 0, 115, '2020-06-25 14:50:10', '2020-06-25 15:50:10', 0, 14, 5, 0, 80, 466, '', 1, 80, 0, 80, 0),
(603, 0, 115, '2020-06-12 11:20:42', '2020-06-12 12:20:42', 0, 14, 5, 0, 80, 467, '', 1, 80, 0, 80, 0),
(604, 0, 107, '2020-06-26 19:30:46', '2020-06-26 20:30:46', 0, 3, 15, 0, 50, 468, '', 1, 50, 0, 50, 0),
(605, 0, 102, '2020-07-01 13:10:26', '2020-07-01 14:10:26', 0, 14, 5, 0, 59, 469, '', 1, 59, 0, 59, 0),
(606, 0, 100, '2020-07-01 13:10:31', '2020-07-01 14:10:31', 0, 3, 1, 0, 50, 470, '', 1, 50, 0, 50, 0),
(607, 0, 107, '2020-06-29 14:30:27', '2020-06-29 15:30:27', 0, 3, 15, 0, 50, 471, '', 1, 50, 0, 50, 0),
(608, 0, 107, '2020-07-01 18:20:27', '2020-07-01 19:20:27', 0, 3, 15, 0, 50, 472, '', 1, 50, 0, 50, 0),
(609, 0, 119, '2020-07-09 10:50:16', '2020-07-09 11:50:16', 0, 16, 1, 0, 110, 473, '', 1, 110, 0, 110, 0),
(610, 0, 107, '2020-07-08 12:50:01', '2020-07-08 13:50:01', 0, 3, 7, 0, 50, 474, '', 1, 50, 0, 50, 0),
(611, 0, 116, '2020-07-09 14:30:58', '2020-07-09 15:30:58', 0, 4, 7, 0, 100, 475, '', 1, 100, 0, 100, 0),
(612, 0, 107, '2020-07-04 11:50:00', '2020-07-04 12:50:00', 0, 3, 7, 0, 50, 476, '', 1, 50, 0, 50, 0),
(613, 0, 107, '2020-07-03 10:40:00', '2020-07-03 11:40:00', 0, 3, 7, 0, 50, 477, '', 1, 50, 0, 50, 0),
(614, 0, 107, '2020-07-03 10:40:49', '2020-07-03 11:40:49', 0, 3, 7, 0, 50, 478, '', 1, 50, 0, 50, 0),
(615, 0, 107, '2020-07-03 13:20:49', '2020-07-03 14:20:49', 0, 3, 7, 0, 50, 479, '', 1, 50, 0, 50, 0),
(616, 0, 107, '2020-07-07 16:50:18', '2020-07-07 17:50:18', 0, 3, 7, 0, 50, 480, '', 1, 50, 0, 50, 0),
(617, 0, 107, '2020-07-08 10:10:07', '2020-07-08 11:10:07', 0, 3, 7, 0, 50, 481, '', 1, 50, 0, 50, 0),
(618, 0, 117, '2020-07-10 11:30:18', '2020-07-10 12:30:18', 0, 4, 30, 0, 130, 482, '', 1, 130, 0, 130, 0),
(619, 0, 117, '2020-07-09 10:20:16', '2020-07-09 11:20:16', 0, 4, 8, 0, 130, 483, '', 1, 130, 0, 130, 0),
(620, 0, 107, '2020-06-30 05:50:32', '2020-06-30 06:50:32', 0, 3, 15, 0, 50, 484, '', 1, 50, 0, 50, 0),
(621, 0, 107, '2020-06-30 05:50:50', '2020-06-30 06:50:50', 0, 3, 7, 0, 50, 485, '', 1, 50, 0, 50, 0),
(622, 0, 107, '2020-07-08 05:50:39', '2020-07-08 06:50:39', 0, 3, 15, 0, 50, 486, '', 1, 50, 0, 50, 0),
(623, 0, 107, '2020-07-02 06:20:43', '2020-07-02 07:20:43', 0, 3, 30, 0, 50, 487, '', 1, 50, 0, 50, 0),
(624, 0, 107, '2020-07-17 15:40:50', '2020-07-17 16:40:50', 0, 3, 30, 0, 50, 488, '', 1, 50, 0, 50, 0),
(625, 0, 107, '2020-07-02 06:20:20', '2020-07-02 07:20:20', 0, 3, 15, 0, 50, 489, '', 1, 50, 0, 50, 0),
(626, 0, 107, '2020-06-30 05:50:16', '2020-06-30 06:50:16', 0, 3, 7, 0, 50, 490, '', 1, 50, 0, 50, 0),
(627, 0, 107, '2020-07-02 06:20:25', '2020-07-02 07:20:25', 0, 3, 15, 0, 50, 491, '', 1, 50, 0, 50, 0),
(628, 0, 114, '2020-07-14 15:50:33', '2020-07-14 16:50:33', 0, 3, 8, 0, 49, 492, '', 1, 49, 0, 49, 0),
(629, 0, 114, '2020-07-30 05:50:00', '2020-07-30 06:50:00', 0, 3, 15, 0, 49, 493, '', 1, 49, 0, 49, 0),
(630, 0, 107, '2020-07-16 10:20:42', '2020-07-16 11:20:42', 0, 3, 30, 0, 50, 494, '', 1, 50, 0, 50, 0),
(631, 0, 107, '2020-07-09 10:20:05', '2020-07-09 11:20:05', 0, 3, 30, 0, 50, 495, '', 1, 50, 0, 50, 0),
(632, 0, 107, '2020-07-15 17:00:27', '2020-07-15 18:00:27', 0, 3, 30, 0, 50, 496, '', 1, 50, 0, 50, 0),
(633, 0, 107, '2020-07-16 14:30:15', '2020-07-16 15:30:15', 0, 3, 7, 0, 50, 497, '', 1, 50, 0, 50, 0),
(634, 0, 107, '2020-07-16 15:00:00', '2020-07-16 16:00:00', 0, 3, 15, 0, 50, 498, '', 1, 50, 0, 50, 0),
(635, 0, 107, '2020-07-17 09:00:17', '2020-07-17 10:00:17', 0, 3, 15, 0, 50, 499, '', 1, 50, 0, 50, 0),
(636, 0, 107, '2020-07-14 18:50:18', '2020-07-14 19:50:18', 0, 3, 15, 0, 50, 500, '', 1, 50, 0, 50, 0),
(637, 0, 107, '2020-07-22 14:40:18', '2020-07-22 15:40:18', 0, 3, 15, 0, 50, 501, '', 1, 50, 0, 50, 0),
(638, 0, 107, '2020-07-23 10:10:13', '2020-07-23 11:10:13', 0, 3, 7, 0, 50, 502, '', 1, 50, 0, 50, 0),
(639, 0, 115, '2020-07-23 14:40:45', '2020-07-23 15:40:45', 0, 14, 1, 0, 80, 503, '', 1, 80, 0, 80, 0),
(640, 0, 107, '2020-07-22 01:30:20', '2020-07-22 02:30:20', 0, 3, 7, 0, 50, 504, '', 1, 50, 0, 50, 0),
(641, 0, 107, '2020-07-22 16:40:51', '2020-07-22 17:40:51', 0, 3, 7, 0, 50, 505, '', 1, 50, 0, 50, 0),
(642, 0, 107, '2020-07-24 15:20:36', '2020-07-24 16:20:36', 0, 3, 7, 0, 50, 506, '', 1, 50, 0, 50, 0);

-- --------------------------------------------------------

--
-- Table structure for table `woobooking_order_package`
--

CREATE TABLE `woobooking_order_package` (
  `id` int(11) NOT NULL,
  `order_id` int(11) NOT NULL,
  `package_id` int(11) NOT NULL,
  `service_id` int(11) NOT NULL,
  `start_date` datetime NOT NULL,
  `end_date` datetime NOT NULL,
  `open_source_link_id` int(11) NOT NULL,
  `location_id` int(11) NOT NULL,
  `employee_id` int(11) NOT NULL,
  `extra_id` int(11) NOT NULL,
  `price` int(11) NOT NULL,
  `params` mediumtext NOT NULL,
  `quantity` int(11) NOT NULL,
  `subtotal` float NOT NULL,
  `total` float NOT NULL,
  `total_tax` float NOT NULL
) ENGINE=InnoDB DEFAULT CHARSET=utf8;

-- --------------------------------------------------------

--
-- Table structure for table `woobooking_order_package_rate`
--

CREATE TABLE `woobooking_order_package_rate` (
  `id` int(11) NOT NULL,
  `order_package_id` int(11) NOT NULL,
  `service_id` int(11) NOT NULL,
  `start_date` datetime NOT NULL,
  `end_date` datetime NOT NULL,
  `location_id` int(11) NOT NULL,
  `employee_id` int(11) NOT NULL,
  `price` int(11) NOT NULL,
  `params` mediumtext NOT NULL,
  `subtotal` float NOT NULL,
  `rate_id` int(11) NOT NULL,
  `total` float NOT NULL,
  `total_tax` float NOT NULL
) ENGINE=InnoDB DEFAULT CHARSET=utf8;

-- --------------------------------------------------------

--
-- Table structure for table `woobooking_order_status`
--

CREATE TABLE `woobooking_order_status` (
  `id` int(11) NOT NULL,
  `name` varchar(11) DEFAULT NULL,
  `title` varchar(200) NOT NULL,
  `ordering` int(11) NOT NULL,
  `alias` varchar(200) NOT NULL,
  `data` text NOT NULL
) ENGINE=InnoDB DEFAULT CHARSET=utf8;

--
-- Dumping data for table `woobooking_order_status`
--

INSERT INTO `woobooking_order_status` (`id`, `name`, `title`, `ordering`, `alias`, `data`) VALUES
(4, 'pending', 'Pending', 0, '', ''),
(5, 'complete', 'Complete', 0, '', '');

-- --------------------------------------------------------

--
-- Table structure for table `woobooking_package`
--

CREATE TABLE `woobooking_package` (
  `id` int(11) NOT NULL,
  `image` varchar(255) NOT NULL,
  `name` varchar(200) NOT NULL,
  `params` mediumtext NOT NULL,
  `price` double NOT NULL,
  `published` int(11) NOT NULL,
  `package_color` varchar(20) NOT NULL,
  `description` text NOT NULL,
  `ordering` int(11) NOT NULL
) ENGINE=InnoDB DEFAULT CHARSET=utf8;

--
-- Dumping data for table `woobooking_package`
--

INSERT INTO `woobooking_package` (`id`, `image`, `name`, `params`, `price`, `published`, `package_color`, `description`, `ordering`) VALUES
(2, 'blocks/block_priceplanclass/assets/images/the-member1.png', 'Silver member', '{\"booking_style\":\"integrate\",\"using_jquery_ui\":\"1\",\"jquery_ui_version\":\"jquery-ui-1.11.4\",\"path_media\":\"sdfsdfs34343\",\"backup_database_path\":\"\\/public_html\\/wooboking_fitness_v1\\/wp-content\\/uploads\",\"backup_media_path\":\"\\/public_html\\/wooboking_fitness_v1\\/wp-content\\/uploads\"}', 79, 0, '', 'dd', 0),
(3, 'blocks/block_priceplanclass/assets/images/the-member2.png', 'Gold member', '{\"booking_style\":\"integrate\",\"using_jquery_ui\":\"1\",\"jquery_ui_version\":\"jquery-ui-1.11.4\",\"path_media\":\"sdfsdfs34343\",\"backup_database_path\":\"\\/public_html\\/wooboking_fitness_v1\\/wp-content\\/uploads\",\"backup_media_path\":\"\\/public_html\\/wooboking_fitness_v1\\/wp-content\\/uploads\"}', 89, 0, '', 'tt', 0),
(4, 'blocks/block_priceplanclass/assets/images/the-member3.png', 'Diamond member', '{\"booking_style\":\"integrate\",\"using_jquery_ui\":\"1\",\"jquery_ui_version\":\"jquery-ui-1.11.4\",\"path_media\":\"sdfsdfs34343\",\"backup_database_path\":\"\\/public_html\\/wooboking_fitness_v1\\/wp-content\\/uploads\",\"backup_media_path\":\"\\/public_html\\/wooboking_fitness_v1\\/wp-content\\/uploads\"}', 99, 0, '', 'rrr', 0);

-- --------------------------------------------------------

--
-- Table structure for table `woobooking_package_event`
--

CREATE TABLE `woobooking_package_event` (
  `id` int(11) NOT NULL,
  `package_id` int(11) NOT NULL,
  `event_id` int(11) NOT NULL,
  `description` text NOT NULL
) ENGINE=InnoDB DEFAULT CHARSET=utf8;

--
-- Dumping data for table `woobooking_package_event`
--

INSERT INTO `woobooking_package_event` (`id`, `package_id`, `event_id`, `description`) VALUES
(51, 2, 111, ''),
(52, 2, 112, ''),
(53, 2, 113, ''),
(54, 2, 114, ''),
(55, 2, 118, ''),
(56, 2, 119, ''),
(57, 3, 111, ''),
(58, 3, 112, ''),
(59, 3, 113, ''),
(60, 3, 114, ''),
(61, 3, 118, ''),
(62, 3, 119, ''),
(63, 4, 111, ''),
(64, 4, 112, ''),
(65, 4, 113, ''),
(66, 4, 114, ''),
(67, 4, 118, ''),
(68, 4, 119, '');

-- --------------------------------------------------------

--
-- Table structure for table `woobooking_package_tag`
--

CREATE TABLE `woobooking_package_tag` (
  `id` int(11) NOT NULL,
  `package_id` int(11) NOT NULL,
  `tag_id` int(11) NOT NULL,
  `description` text NOT NULL
) ENGINE=InnoDB DEFAULT CHARSET=utf8;

--
-- Dumping data for table `woobooking_package_tag`
--

INSERT INTO `woobooking_package_tag` (`id`, `package_id`, `tag_id`, `description`) VALUES
(7, 35, 14, ''),
(8, 36, 14, ''),
(9, 37, 14, ''),
(24, 2, 3, ''),
(25, 2, 4, '');

-- --------------------------------------------------------

--
-- Table structure for table `woobooking_payment`
--

CREATE TABLE `woobooking_payment` (
  `id` int(11) UNSIGNED NOT NULL,
  `type` varchar(50) NOT NULL,
  `is_payment_online` int(11) NOT NULL,
  `name` varchar(200) NOT NULL,
  `debug` int(11) NOT NULL,
  `image` varchar(200) NOT NULL,
  `alias` varchar(200) NOT NULL,
  `ordering` int(11) NOT NULL,
  `params` mediumtext NOT NULL,
  `published` int(11) NOT NULL,
  `description` text NOT NULL,
  `event_id` int(11) NOT NULL,
  `location_id` int(11) NOT NULL
) ENGINE=InnoDB DEFAULT CHARSET=utf8;

--
-- Dumping data for table `woobooking_payment`
--

INSERT INTO `woobooking_payment` (`id`, `type`, `is_payment_online`, `name`, `debug`, `image`, `alias`, `ordering`, `params`, `published`, `description`, `event_id`, `location_id`) VALUES
(20, 'paypal', 1, 'Paypal', 1, 'upload/payment/images/12 Dec 2002paypal-logo-2015_grande.png', '', 5, '{\"payment_params\":{\"email\":\"digitalsolutiontoppro@gmail.com\"}}', 1, '', 0, 0),
(72, 'banktransfer', 0, 'Banktransfer', 0, 'upload/payment/images/01 Oct 1995Screenshot_38.png', '', 0, 'null', 1, '', 0, 0);

-- --------------------------------------------------------

--
-- Table structure for table `woobooking_rate`
--

CREATE TABLE `woobooking_rate` (
  `id` int(11) NOT NULL,
  `type` varchar(50) NOT NULL,
  `object_id` int(11) NOT NULL,
  `from` datetime NOT NULL,
  `to` datetime NOT NULL,
  `ordering` int(11) NOT NULL,
  `description` text NOT NULL
) ENGINE=InnoDB DEFAULT CHARSET=utf8;

--
-- Dumping data for table `woobooking_rate`
--

INSERT INTO `woobooking_rate` (`id`, `type`, `object_id`, `from`, `to`, `ordering`, `description`) VALUES
(102, 'event', 61, '2019-12-23 15:05:00', '2019-12-23 15:37:00', 0, ''),
(103, 'event', 62, '2019-12-26 15:17:00', '2019-12-26 15:49:00', 0, ''),
(106, 'event', 65, '2019-12-29 16:00:00', '2019-12-29 16:32:00', 0, ''),
(108, 'event', 68, '2020-01-01 16:13:00', '2020-01-01 16:45:00', 0, ''),
(118, 'event', 66, '2019-12-30 16:02:00', '2019-12-30 16:34:00', 0, ''),
(122, 'event', 0, '2019-12-13 08:01:35', '2019-12-13 08:01:35', 0, ''),
(123, 'event', 0, '2019-12-13 08:02:03', '2019-12-13 08:02:03', 0, ''),
(124, 'event', 0, '2019-12-13 08:05:06', '2019-12-13 08:05:06', 0, ''),
(125, 'event', 0, '2019-12-13 08:06:22', '2019-12-13 08:06:22', 0, ''),
(126, 'event', 0, '2019-12-10 10:39:00', '2019-12-28 11:11:00', 0, ''),
(127, 'event', 0, '2019-12-16 05:34:18', '2019-12-16 05:34:18', 0, ''),
(128, 'event', 0, '2019-12-16 05:38:30', '2019-12-16 05:38:30', 0, ''),
(129, 'event', 0, '2019-12-16 09:03:27', '2019-12-16 09:03:27', 0, ''),
(130, 'event', 0, '2019-12-16 09:03:51', '2019-12-16 09:03:51', 0, ''),
(131, 'event', 0, '2019-12-16 09:03:51', '2019-12-16 09:03:51', 0, ''),
(132, 'event', 0, '2019-12-16 09:07:56', '2019-12-16 09:07:56', 0, ''),
(133, 'event', 0, '2019-12-16 14:54:00', '2019-12-16 15:26:00', 0, ''),
(134, 'event', 0, '2020-01-10 16:38:00', '2020-01-10 17:10:00', 0, ''),
(135, 'event', 0, '2019-12-16 09:14:41', '2019-12-16 09:14:41', 0, ''),
(136, 'event', 0, '2019-12-16 09:15:31', '2019-12-16 09:15:31', 0, ''),
(137, 'event', 0, '2019-12-16 09:19:00', '2019-12-16 09:19:00', 0, ''),
(138, 'event', 0, '2019-12-16 09:26:14', '2019-12-16 09:26:14', 0, ''),
(139, 'event', 0, '2019-12-16 09:27:38', '2019-12-16 09:27:38', 0, ''),
(140, 'event', 0, '2019-12-16 09:34:22', '2019-12-16 09:34:22', 0, ''),
(141, 'event', 0, '2019-12-16 09:41:52', '2019-12-16 09:41:52', 0, ''),
(142, 'event', 0, '2019-12-16 09:42:47', '2019-12-16 09:42:47', 0, ''),
(143, 'event', 0, '2019-12-16 09:46:27', '2019-12-16 09:46:27', 0, ''),
(144, 'event', 0, '2019-12-16 09:47:38', '2019-12-16 09:47:38', 0, ''),
(145, 'event', 0, '2019-12-16 09:49:19', '2019-12-16 09:49:19', 0, ''),
(146, 'event', 0, '2019-12-16 09:50:26', '2019-12-16 09:50:26', 0, ''),
(147, 'event', 0, '2019-12-16 09:50:50', '2019-12-16 09:50:50', 0, ''),
(148, 'event', 0, '2019-12-16 09:51:37', '2019-12-16 09:51:37', 0, ''),
(149, 'event', 0, '2019-12-16 09:51:37', '2019-12-16 09:51:37', 0, ''),
(150, 'event', 0, '2019-12-16 09:54:50', '2019-12-16 09:54:50', 0, ''),
(151, 'event', 0, '2019-12-16 09:56:07', '2019-12-16 09:56:07', 0, ''),
(152, 'event', 0, '2019-12-16 09:56:36', '2019-12-16 09:56:36', 0, ''),
(153, 'event', 0, '2019-12-16 10:07:42', '2019-12-16 10:07:42', 0, ''),
(154, 'event', 0, '2019-12-16 11:26:55', '2019-12-16 11:26:55', 0, ''),
(155, 'event', 0, '2019-12-16 11:58:51', '2019-12-16 11:58:51', 0, ''),
(156, 'event', 0, '2019-12-16 11:59:45', '2019-12-16 11:59:45', 0, ''),
(157, 'event', 0, '2019-12-16 12:01:32', '2019-12-16 12:01:32', 0, ''),
(181, 'event', 48, '2019-12-18 10:00:00', '2019-12-18 11:30:00', 0, ''),
(182, 'event', 48, '2019-12-19 10:00:00', '2019-12-19 11:30:00', 0, ''),
(183, 'event', 48, '2019-12-20 10:00:00', '2019-12-20 11:30:00', 0, ''),
(184, 'event', 49, '2019-12-18 11:21:00', '2019-12-18 11:21:00', 0, ''),
(185, 'event', 49, '2019-12-19 10:19:00', '2019-12-19 10:51:00', 0, ''),
(186, 'event', 49, '2019-12-20 10:19:00', '2019-12-20 10:51:00', 0, ''),
(187, 'event', 50, '2019-12-18 10:21:00', '2019-12-18 10:53:00', 0, ''),
(188, 'event', 50, '2019-12-19 10:21:00', '2019-12-19 10:53:00', 0, ''),
(189, 'event', 50, '2019-12-22 10:21:00', '2019-12-22 10:53:00', 0, ''),
(193, 'event', 51, '2019-12-20 10:22:00', '2019-12-20 10:54:00', 0, ''),
(194, 'event', 51, '2019-12-21 10:22:00', '2019-12-21 10:54:00', 0, ''),
(195, 'event', 60, '2019-12-23 10:23:00', '2019-12-23 10:55:00', 0, ''),
(196, 'event', 60, '2019-12-24 10:23:00', '2019-12-24 10:55:00', 0, ''),
(197, 'event', 60, '2019-12-25 10:23:00', '2019-12-25 10:55:00', 0, ''),
(198, 'event', 67, '2020-01-01 10:24:00', '2020-01-01 10:56:00', 0, ''),
(199, 'event', 67, '2020-01-02 10:24:00', '2020-01-02 10:56:00', 0, ''),
(200, 'event', 67, '2020-01-03 10:24:00', '2020-01-03 10:56:00', 0, ''),
(203, 'event', 70, '2019-12-30 10:56:00', '2019-12-30 13:58:00', 0, ''),
(204, 'event', 70, '2020-01-05 10:26:00', '2020-01-05 10:58:00', 0, ''),
(215, 'event', 74, '2019-12-18 22:29:00', '2019-12-18 22:29:00', 0, ''),
(309, 'event', 46, '2019-12-20 10:16:00', '2019-12-20 10:48:00', 0, ''),
(310, 'event', 46, '2019-12-20 07:47:11', '2019-12-20 07:47:11', 0, ''),
(546, 'event', 76, '2020-03-05 05:00:00', '2020-03-12 06:00:00', 0, ''),
(547, 'event', 76, '2020-03-21 04:00:00', '2020-03-28 05:00:00', 0, ''),
(548, 'event', 75, '2020-03-07 10:30:00', '2020-03-14 11:30:00', 0, ''),
(549, 'event', 75, '2020-03-16 03:30:00', '2020-03-23 05:00:00', 0, ''),
(550, 'event', 73, '2020-03-11 07:00:00', '2020-03-18 08:00:00', 0, ''),
(551, 'event', 72, '2020-03-19 05:30:00', '2020-03-24 07:00:00', 0, ''),
(563, 'event', 77, '2020-03-27 01:00:00', '2020-04-02 02:00:00', 0, ''),
(564, 'event', 77, '2020-04-01 10:30:00', '2020-04-27 11:30:00', 0, ''),
(565, 'event', 78, '2020-03-20 07:00:00', '2020-04-07 08:00:00', 0, ''),
(566, 'event', 78, '2020-04-01 03:30:00', '2020-04-29 04:30:00', 0, ''),
(567, 'event', 80, '2020-03-20 05:00:00', '2020-04-04 06:30:00', 0, ''),
(568, 'event', 80, '2020-04-02 11:15:00', '2020-04-27 12:00:00', 0, ''),
(571, 'event', 81, '2020-03-25 03:15:00', '2020-04-07 05:00:00', 0, ''),
(572, 'event', 81, '2020-03-30 05:00:00', '2020-04-21 06:30:00', 0, ''),
(573, 'event', 82, '2020-03-28 11:00:00', '2020-04-12 11:45:00', 0, ''),
(574, 'event', 82, '2020-04-05 03:00:00', '2020-04-30 04:30:00', 0, ''),
(575, 'event', 83, '2020-03-25 12:15:00', '2020-04-14 01:00:00', 0, ''),
(576, 'event', 83, '2020-04-03 01:15:00', '2020-04-29 02:15:00', 0, ''),
(577, 'event', 84, '2020-03-28 07:30:00', '2020-04-14 08:15:00', 0, ''),
(578, 'event', 84, '2020-04-06 11:00:00', '2020-04-22 12:00:00', 0, ''),
(579, 'event', 85, '2020-03-30 06:30:00', '2020-04-22 07:15:00', 0, ''),
(580, 'event', 85, '2020-04-12 09:00:00', '2020-05-07 10:00:00', 0, ''),
(581, 'event', 86, '2020-03-26 10:30:00', '2020-04-19 11:15:00', 0, ''),
(582, 'event', 86, '2020-04-19 11:30:00', '2020-05-09 01:00:00', 0, ''),
(583, 'event', 87, '2020-03-29 01:00:00', '2020-04-20 02:00:00', 0, ''),
(584, 'event', 87, '2020-04-15 04:30:00', '2020-05-09 05:15:00', 0, ''),
(585, 'event', 88, '2020-04-05 06:30:00', '2020-05-02 07:15:00', 0, ''),
(586, 'event', 88, '2020-04-14 12:45:00', '2020-05-19 01:30:00', 0, ''),
(587, 'event', 89, '2020-03-20 09:15:00', '2020-04-22 10:30:00', 0, ''),
(588, 'event', 89, '2020-04-19 11:00:00', '2020-05-09 11:50:00', 0, ''),
(591, 'event', 90, '2020-04-02 08:00:00', '2020-04-28 09:00:00', 0, ''),
(592, 'event', 90, '2020-04-16 09:00:00', '2020-05-17 10:15:00', 0, ''),
(593, 'event', 91, '2020-03-29 11:15:00', '2020-04-29 12:30:00', 0, ''),
(594, 'event', 91, '2020-04-20 06:00:00', '2020-05-21 07:15:00', 0, ''),
(595, 'event', 92, '2020-03-28 10:30:00', '2020-04-06 11:30:00', 0, ''),
(596, 'event', 92, '2020-04-14 12:30:00', '2020-05-09 01:14:00', 0, ''),
(597, 'event', 93, '2020-03-30 03:30:00', '2020-04-29 04:15:00', 0, ''),
(598, 'event', 93, '2020-03-20 04:44:13', '2020-03-20 04:44:13', 0, ''),
(599, 'event', 94, '2020-03-20 06:30:00', '2020-04-20 07:30:00', 0, ''),
(600, 'event', 94, '2020-04-06 12:30:00', '2020-05-09 01:20:00', 0, ''),
(601, 'event', 95, '2020-04-06 02:45:00', '2020-05-08 03:30:00', 0, ''),
(602, 'event', 95, '2020-04-30 05:50:00', '2020-05-21 07:00:00', 0, ''),
(603, 'event', 96, '2020-03-29 08:45:00', '2020-05-08 09:30:00', 0, ''),
(604, 'event', 96, '2020-04-23 01:50:00', '2020-05-22 02:20:00', 0, ''),
(605, 'event', 97, '2020-03-24 03:20:00', '2020-04-11 04:15:00', 0, ''),
(606, 'event', 97, '2020-04-20 09:00:00', '2020-05-19 10:00:00', 0, ''),
(607, 'event', 98, '2020-03-21 02:40:00', '2020-04-14 03:45:00', 0, ''),
(608, 'event', 98, '2020-04-22 11:00:00', '2020-05-28 12:00:00', 0, ''),
(609, 'event', 99, '2020-03-29 08:29:00', '2020-04-27 09:20:00', 0, ''),
(610, 'event', 99, '2020-04-28 01:45:00', '2020-05-18 02:20:00', 0, ''),
(611, 'event', 100, '2020-03-30 04:45:00', '2020-04-22 05:45:00', 0, ''),
(612, 'event', 100, '2020-04-30 11:00:00', '2020-05-26 12:30:00', 0, ''),
(613, 'event', 101, '2020-04-05 02:01:00', '2020-04-29 03:33:00', 0, ''),
(614, 'event', 101, '2020-04-28 11:00:00', '2020-05-07 12:15:00', 0, ''),
(615, 'event', 102, '2020-03-28 02:00:00', '2020-04-22 03:30:00', 0, ''),
(616, 'event', 102, '2020-03-20 07:05:32', '2020-03-20 07:05:32', 0, ''),
(617, 'event', 103, '2020-03-29 10:00:00', '2020-04-22 11:00:00', 0, ''),
(618, 'event', 103, '2020-03-20 07:11:05', '2020-03-20 07:11:05', 0, ''),
(619, 'event', 104, '2020-03-28 04:00:00', '2020-04-20 05:15:00', 0, ''),
(620, 'event', 104, '2020-04-16 09:15:00', '2020-05-18 10:30:00', 0, ''),
(621, 'event', 105, '2020-03-29 02:15:00', '2020-04-29 03:35:00', 0, ''),
(622, 'event', 105, '2020-04-29 06:20:00', '2020-05-29 07:40:00', 0, ''),
(623, 'event', 106, '2020-03-21 02:25:00', '2020-04-20 03:40:00', 0, ''),
(624, 'event', 106, '2020-04-29 10:00:00', '2020-05-11 11:00:00', 0, ''),
(625, 'event', 107, '2020-04-07 04:10:00', '2020-05-18 05:15:00', 0, ''),
(626, 'event', 108, '2020-03-20 03:00:00', '2020-04-30 03:00:00', 0, ''),
(627, 'event', 109, '2020-03-21 04:00:00', '2020-04-21 05:00:00', 0, ''),
(628, 'event', 109, '2020-04-13 10:00:00', '2020-05-09 11:00:00', 0, ''),
(629, 'event', 110, '2020-03-29 04:00:00', '2020-04-28 05:00:00', 0, ''),
(630, 'event', 110, '2020-04-20 09:00:00', '2020-05-20 10:00:00', 0, ''),
(631, 'event', 45, '2020-03-02 06:00:00', '2020-03-20 07:30:00', 0, ''),
(632, 'event', 45, '2020-03-11 05:00:00', '2020-03-26 06:30:00', 0, ''),
(633, 'event', 47, '2020-03-11 05:00:00', '2020-03-19 06:00:00', 0, ''),
(634, 'event', 47, '2020-03-27 11:00:00', '2020-04-04 12:30:00', 0, ''),
(635, 'event', 63, '2020-03-18 05:00:00', '2020-03-31 07:00:00', 0, ''),
(636, 'event', 64, '2020-03-17 09:00:00', '2020-03-31 10:30:00', 0, ''),
(637, 'event', 69, '2020-04-01 07:30:00', '2020-04-24 10:00:00', 0, ''),
(638, 'event', 71, '2020-03-18 03:00:00', '2020-03-31 04:30:00', 0, ''),
(639, 'event', 71, '2020-03-19 10:30:00', '2020-03-31 12:00:00', 0, ''),
(640, 'event', 111, '2020-05-30 08:33:56', '2020-05-30 08:33:56', 0, ''),
(643, 'event', 112, '2020-05-30 08:33:56', '2020-05-30 08:33:56', 0, ''),
(644, 'event', 113, '2020-05-30 08:33:56', '2020-05-30 08:33:56', 0, ''),
(645, 'event', 114, '2020-05-30 08:43:23', '2020-05-30 08:43:23', 0, ''),
(646, 'event', 118, '2020-05-30 08:46:32', '2020-05-30 08:46:32', 0, ''),
(647, 'event', 119, '2020-05-30 08:47:04', '2020-05-30 08:47:04', 0, '');

-- --------------------------------------------------------

--
-- Table structure for table `woobooking_review`
--

CREATE TABLE `woobooking_review` (
  `id` int(11) UNSIGNED NOT NULL,
  `service_id` int(11) NOT NULL,
  `name` varchar(200) NOT NULL,
  `image` varchar(200) NOT NULL,
  `email` varchar(50) NOT NULL,
  `rating_service` float NOT NULL,
  `rating_staff` float NOT NULL,
  `rating_ambience` float NOT NULL,
  `alias` varchar(200) NOT NULL,
  `ordering` int(11) NOT NULL,
  `description` text NOT NULL,
  `created_date` datetime NOT NULL,
  `comment` text NOT NULL
) ENGINE=InnoDB DEFAULT CHARSET=utf8;

--
-- Dumping data for table `woobooking_review`
--

INSERT INTO `woobooking_review` (`id`, `service_id`, `name`, `image`, `email`, `rating_service`, `rating_staff`, `rating_ambience`, `alias`, `ordering`, `description`, `created_date`, `comment`) VALUES
(96, 101, 'SoDa', '', 'soda@gmail.com', 5, 5, 5, '', 0, '', '2020-05-26 08:35:23', 'I felt comfortable and relaxed when I changed my new hairstyle, the staff\'s hands were great, I am very satisfied'),
(97, 100, 'David jacrt', '', 'jacrt@gmail.com', 5, 5, 5, '', 0, '', '2020-05-26 08:39:34', 'The classic hairstyle is a change of style for me, thank you for advice , I feel very satisfied.'),
(99, 103, 'jazz', '', 'jazz@gmail.com ', 5, 5, 5, '', 0, '', '2020-05-27 04:29:43', 'Hair color makes me look younger and more attractive.\r\nThank you for advice. I\'m very satisfied'),
(134, 104, 'Utahna StClair Tassie', '', 'Tassie@gmail.com', 5, 5, 4, '', 0, '', '2020-05-30 08:30:06', 'Top quality products and excellent service! I\'ll be back for sure!'),
(135, 104, 'Renee Wrede', '', 'Renee@gmail.com', 5, 5, 5, '', 0, '', '2020-05-30 08:32:45', 'Great i want to come back!'),
(136, 104, 'Hattepe Jose', '', 'Jose@gmail.com', 5, 5, 5, '', 0, '', '2020-05-30 08:35:21', 'it\'s amazing i wasn\'t amazed by my appearance after finishing the hair.\r\n10 points for the quality'),
(137, 106, 'Fatema Kanan', '', 'Kanan@gmail.com', 5, 5, 5, '', 0, '', '2020-05-30 08:37:36', 'I love so much. Every hairdo is cute and simple. I tried most of them and the work. Somethings seem hard but they\'re so pretty and easy. I love Cute Girls Hairstyles'),
(138, 106, 'Erika Echeverria', '', 'Echeverria@gmail.com', 5, 5, 5, '', 0, '', '2020-05-30 08:38:38', 'I really enjoy the videos, they are well explained and the hair styles are easy and beautiful.'),
(139, 106, 'Nat Alie', '', 'Alie@gmail.com', 5, 5, 5, '', 0, '', '2020-05-30 08:42:36', 'Amazing Cuts & Color has some of the best hair dressers. They provide excellent service and wonderful experiences. The owner is amazing and treats everyone like family.'),
(140, 100, 'Kara McNeely', '', 'McNeely@gmail.com', 5, 4, 5, '', 0, '', '2020-05-30 08:48:40', 'I have had my hair done a lot of times in the past and it almost never turned out how I asked for it. BUT here, Graci does such an amazing job! She does exactly what I want done, she is very sweet and will go out of her way to make sure you leave satisfied! Also,'),
(141, 100, 'Waandy Ann Seals', '', 'Sealsy@gmail.com', 5, 5, 5, '', 0, '', '2020-05-30 08:51:31', 'Kyra, is the young lady whom I am very pleased to meet today. She did a great job of my resting. I absolutely love it.\r\nThank you so much Kyra for taking the time to do that. I recommend anyone & all let Ms. Kyra fix her hair'),
(142, 101, 'Fatema Kanan', '', 'Kanan@gmail.com', 5, 5, 5, '', 0, '', '2020-05-30 08:52:09', 'I love so much. Every hairdo is cute and simple. I tried most of them and the work. Somethings seem hard but they\'re so\r\npretty and easy. I love Cute Girls Hairstyles'),
(143, 101, 'Waandy Ann Seals', '', 'Sealsy@gmail.com', 5, 5, 5, '', 0, '', '2020-05-30 08:52:25', 'Kyra, is the young lady whom I am very pleased to meet today. She did a great job of my resting. I absolutely love it.\r\nThank you so much Kyra for taking the time to do that. I recommend anyone & all let Ms. Kyra fix her hair'),
(144, 102, 'Waandy Ann Seals', '', 'Sealsy@gmail.com', 5, 5, 5, '', 0, '', '2020-05-30 08:57:43', 'Kyra, is the young lady whom I am very pleased to meet today. She did a great job of my resting. I absolutely love it.\r\nThank you so much Kyra for taking the time to do that. I recommend anyone & all let Ms. Kyra fix her hair'),
(145, 102, 'Fatema Kanan', '', 'Kanan@gmail.com', 5, 5, 0, '', 0, '', '2020-05-30 08:57:59', 'I love so much. Every hairdo is cute and simple. I tried most of them and the work. Somethings seem hard but they\'re so\r\npretty and easy. I love Cute Girls Hairstyles'),
(146, 102, 'Kara McNeely', '', 'McNeely@gmail.com', 5, 5, 4, '', 0, '', '2020-05-30 08:58:19', 'I have had my hair done a lot of times in the past and it almost never turned out how I asked for it. BUT here, Graci\r\ndoes such an amazing job! She does exactly what I want done, she is very sweet and will go out of her way to make sure\r\nyou leave satisfied! Also, if you need anything and try to get ahold of the shop, they are wonderful about getting right\r\nwith you! I’ll continue to have my hair done here!!'),
(147, 115, 'Fatema Kanan', '', 'Kanan@gmail.com', 5, 5, 5, '', 0, '', '2020-05-30 09:01:13', 'I love so much. Every hairdo is cute and simple. I tried most of them and the work. Somethings seem hard but they\'re so\r\npretty and easy. I love Cute Girls Hairstyles'),
(148, 115, 'Kara McNeely', '', 'McNeely@gmail.com', 5, 5, 5, '', 0, '', '2020-05-30 09:01:28', 'I have had my hair done a lot of times in the past and it almost never turned out how I asked for it. BUT here, Graci\r\ndoes such an amazing job! She does exactly what I want done, she is very sweet and will go out of her way to make sure\r\nyou leave satisfied! Also, if you need anything and try to get ahold of the shop, they are wonderful about getting right\r\nwith you! I’ll continue to have my hair done here!!'),
(149, 115, 'Waandy Ann Seals', '', 'Sealsy@gmail.com', 5, 4, 5, '', 0, '', '2020-05-30 09:01:43', 'Kyra, is the young lady whom I am very pleased to meet today. She did a great job of my resting. I absolutely love it.\r\nThank you so much Kyra for taking the time to do that. I recommend anyone & all let Ms. Kyra fix her hair'),
(150, 116, 'Waandy Ann Seals', '', 'Sealsy@gmail.com', 5, 5, 5, '', 0, '', '2020-05-30 09:02:20', 'Kyra, is the young lady whom I am very pleased to meet today. She did a great job of my resting. I absolutely love it.\r\nThank you so much Kyra for taking the time to do that. I recommend anyone & all let Ms. Kyra fix her hair'),
(151, 116, 'Fatema Kanan', '', 'Kanan@gmail.com', 5, 5, 5, '', 0, '', '2020-05-30 09:02:34', 'I love so much. Every hairdo is cute and simple. I tried most of them and the work. Somethings seem hard but they\'re so\r\npretty and easy. I love Cute Girls Hairstyles\r\n'),
(152, 116, 'Kara McNeely', '', 'McNeely@gmail.com', 5, 5, 5, '', 0, '', '2020-05-30 09:02:48', 'I have had my hair done a lot of times in the past and it almost never turned out how I asked for it. BUT here, Graci\r\ndoes such an amazing job! She does exactly what I want done, she is very sweet and will go out of her way to make sure\r\nyou leave satisfied! Also, if you need anything and try to get ahold of the shop, they are wonderful about getting right\r\nwith you! I’ll continue to have my hair done here!!'),
(153, 117, 'Fatema Kanan', '', 'Kanan@gmail.com', 5, 5, 5, '', 0, '', '2020-05-30 09:04:46', 'I love so much. Every hairdo is cute and simple. I tried most of them and the work. Somethings seem hard but they\'re so\r\npretty and easy. I love Cute Girls Hairstyles\r\n'),
(154, 117, 'Waandy Ann Seals', '', 'Sealsy@gmail.com', 4, 5, 5, '', 0, '', '2020-05-30 09:05:03', 'Kyra, is the young lady whom I am very pleased to meet today. She did a great job of my resting. I absolutely love it.\r\nThank you so much Kyra for taking the time to do that. I recommend anyone & all let Ms. Kyra fix her hair'),
(155, 117, 'Kara McNeely', '', 'McNeely@gmail.com', 5, 5, 4, '', 0, '', '2020-05-30 09:05:27', 'I have had my hair done a lot of times in the past and it almost never turned out how I asked for it. BUT here, Graci\r\ndoes such an amazing job! She does exactly what I want done, she is very sweet and will go out of her way to make sure\r\nyou leave satisfied! Also, if you need anything and try to get ahold of the shop, they are wonderful about getting right\r\nwith you! I’ll continue to have my hair done here!!'),
(156, 119, 'Kara McNeely', '', 'McNeely@gmail.com', 5, 5, 5, '', 0, '', '2020-05-30 09:06:35', 'I have had my hair done a lot of times in the past and it almost never turned out how I asked for it. BUT here, Graci\r\ndoes such an amazing job! She does exactly what I want done, she is very sweet and will go out of her way to make sure\r\nyou leave satisfied! Also, if you need anything and try to get ahold of the shop, they are wonderful about getting right\r\nwith you! I’ll continue to have my hair done here!!'),
(157, 119, 'Fatema Kanan', '', 'Kanan@gmail.com', 5, 5, 5, '', 0, '', '2020-05-30 09:06:52', 'I love so much. Every hairdo is cute and simple. I tried most of them and the work. Somethings seem hard but they\'re so\r\npretty and easy. I love Cute Girls Hairstyles'),
(158, 119, 'Waandy Ann Seals', '', 'Sealsy@gmail.com', 5, 5, 5, '', 0, '', '2020-05-30 09:07:08', 'Kyra, is the young lady whom I am very pleased to meet today. She did a great job of my resting. I absolutely love it.\r\nThank you so much Kyra for taking the time to do that. I recommend anyone & all let Ms. Kyra fix her hair'),
(159, 120, 'Waandy Ann Seals', '', 'Sealsy@gmail.com', 4, 5, 5, '', 0, '', '2020-05-30 09:07:36', 'Kyra, is the young lady whom I am very pleased to meet today. She did a great job of my resting. I absolutely love it.\r\nThank you so much Kyra for taking the time to do that. I recommend anyone & all let Ms. Kyra fix her hair'),
(160, 120, 'Fatema Kanan', '', 'McNeely@gmail.com', 5, 5, 5, '', 0, '', '2020-05-30 09:07:54', 'I have had my hair done a lot of times in the past and it almost never turned out how I asked for it. BUT here, Graci\r\ndoes such an amazing job! She does exactly what I want done, she is very sweet and will go out of her way to make sure\r\nyou leave satisfied! Also, if you need anything and try to get ahold of the shop, they are wonderful about getting right\r\nwith you! I’ll continue to have my hair done here!!'),
(161, 120, 'Fatema Kanan', '', 'Kanan@gmail.com', 5, 5, 5, '', 0, '', '2020-05-30 09:08:20', 'I love so much. Every hairdo is cute and simple. I tried most of them and the work. Somethings seem hard but they\'re so\r\npretty and easy. I love Cute Girls Hairstyles'),
(162, 120, 'Fatema Kanan', '', 'Kanan@gmail.com', 5, 5, 5, '', 0, '', '2020-05-30 09:08:20', 'I love so much. Every hairdo is cute and simple. I tried most of them and the work. Somethings seem hard but they\'re so\r\npretty and easy. I love Cute Girls Hairstyles'),
(163, 107, 'Erika Echeverria', '', 'Echeverria@gmail.com', 5, 5, 5, '', 0, '', '2020-05-30 09:18:21', 'I really enjoy the videos, they are well explained and the hair styles are easy and beautiful.'),
(164, 107, 'Hattepe Jose', '', 'Jose@gmail.com', 5, 5, 4, '', 0, '', '2020-05-30 09:19:21', 'it\'s amazing i wasn\'t amazed by my appearance after finishing the hair. 10 points for the quality'),
(165, 107, 'Vivian', '', 'Vivian@gmail.com', 5, 5, 5, '', 0, '', '2020-05-30 09:19:37', 'The center is large, nice and airy, the receptionist and staff are super cute and enthusiastic. Reasonable price, I am\r\nvery satisfied.'),
(166, 108, 'Jazz', '', 'Sealsy@gmail.com', 4, 5, 5, '', 0, '', '2020-05-30 09:20:11', 'Kyra, is the young lady whom I am very pleased to meet today. She did a great job of my resting. I absolutely love it.\r\nThank you so much Kyra for taking the time to do that. I recommend anyone & all let Ms. Kyra fix her hair'),
(167, 108, 'Fatema Kanan', '', 'Kanan@gmail.com', 5, 5, 5, '', 0, '', '2020-05-30 09:20:25', 'I love so much. Every hairdo is cute and simple. I tried most of them and the work. Somethings seem hard but they\'re so\r\npretty and easy. I love Cute Girls Hairstyles'),
(168, 108, 'Kara McNeely', '', 'McNeely@gmail.com', 5, 5, 5, '', 0, '', '2020-05-30 09:20:45', 'I have had my hair done a lot of times in the past and it almost never turned out how I asked for it. BUT here, Graci\r\ndoes such an amazing job! She does exactly what I want done, she is very sweet and will go out of her way to make sure\r\nyou leave satisfied! Also, if you need anything and try to get ahold of the shop, they are wonderful about getting right\r\nwith you! I’ll continue to have my hair done here!!'),
(169, 109, 'Erika Echeverria', '', 'Echeverria@gmail.com', 5, 5, 5, '', 0, '', '2020-05-30 09:21:10', 'I really enjoy the videos, they are well explained and the hair styles are easy and beautiful.'),
(170, 109, 'Vivian', '', 'Vivian@gmail.com', 5, 5, 5, '', 0, '', '2020-05-30 09:21:25', 'The center is large, nice and airy, the receptionist and staff are super cute and enthusiastic. Reasonable price, I am\r\nvery satisfied.'),
(171, 109, 'Hattepe Jose', '', 'Jose@gmail.com', 4, 5, 5, '', 0, '', '2020-05-30 09:21:43', 'it\'s amazing i wasn\'t amazed by my appearance after finishing the hair. 10 points for the quality'),
(172, 112, 'Mr.Cuvord', '', 'Cuvord@gmail.com', 5, 5, 5, '', 0, '', '2020-05-30 09:24:16', 'A beard that fits my face has been my dream for a long time, thank you for helping me do that. thank you !'),
(173, 112, 'mr.jacky', '', 'jacky@gmail.com', 5, 5, 5, '', 0, '', '2020-05-30 09:28:04', 'I think my new beard is great thank you!'),
(174, 112, 'Hattepe Jose', '', 'jose@gmail.com', 5, 5, 5, '', 0, '', '2020-05-30 09:34:41', 'staff are very enthusiastic, very good service I am very pleased to thank you!'),
(175, 113, 'Hattepe Jose', '', 'Jose@gmail.com', 5, 5, 5, '', 0, '', '2020-05-30 09:35:20', 'it\'s amazing i wasn\'t amazed by my appearance after finishing the hair. 10 points for the quality'),
(176, 113, 'Erika Echeverria', '', 'Echeverria@gmail.com', 5, 5, 5, '', 0, '', '2020-05-30 09:35:45', 'I really enjoy the videos, they are well explained and the hair styles are easy and beautiful.'),
(177, 113, 'Jazz', '', 'Jazz@gmail.com', 5, 5, 5, '', 0, '', '2020-05-30 09:36:04', 'Hair color makes me look younger and more attractive. Thank you for advice. I\'m very satisfied'),
(178, 114, 'mr.jacky', '', 'jacky@gmail.com', 5, 5, 5, '', 0, '', '2020-05-30 09:45:11', 'I think my new beard is great thank you!'),
(179, 114, 'Mr.Cuvord', '', 'Cuvord@gmail.com', 5, 5, 5, '', 0, '', '2020-05-30 09:45:31', 'A beard that fits my face has been my dream for a long time, thank you for helping me do that. thank you !'),
(180, 114, 'mr.Kong', '', 'Kong@gmail.com', 5, 5, 5, '', 0, '', '2020-05-30 09:45:58', 'staff are very enthusiastic, very good service I am very pleased to thank you!');

-- --------------------------------------------------------

--
-- Table structure for table `woobooking_service`
--

CREATE TABLE `woobooking_service` (
  `id` int(11) NOT NULL,
  `category_id` int(11) UNSIGNED NOT NULL,
  `duration` float NOT NULL,
  `price` float NOT NULL,
  `open_source_link_id` int(11) NOT NULL,
  `buffer_time_before` float NOT NULL,
  `ordering` int(11) NOT NULL,
  `buffer_time_after` float NOT NULL,
  `minimum_capacity` int(11) NOT NULL,
  `maximum_capacity` int(11) NOT NULL,
  `bringing_anyone` int(11) NOT NULL,
  `price_will_multiply` int(11) NOT NULL,
  `published` int(11) NOT NULL,
  `multiply_number` int(11) NOT NULL,
  `name` varchar(200) NOT NULL,
  `image` varchar(200) NOT NULL,
  `disable_payment_online` int(11) NOT NULL,
  `description` text NOT NULL,
  `open_time` time DEFAULT NULL,
  `close_time` time DEFAULT NULL,
  `rating_ambience` float(255,0) DEFAULT NULL,
  `rating_cleanliness` float(255,0) DEFAULT NULL,
  `rating_staff` float(255,0) DEFAULT NULL,
  `rating_value` float(255,0) DEFAULT NULL,
  `location_id` int(11) DEFAULT NULL,
  `working_day` text,
  `mobile` int(15) DEFAULT NULL,
  `params` mediumtext
) ENGINE=InnoDB DEFAULT CHARSET=utf8;

--
-- Dumping data for table `woobooking_service`
--

INSERT INTO `woobooking_service` (`id`, `category_id`, `duration`, `price`, `open_source_link_id`, `buffer_time_before`, `ordering`, `buffer_time_after`, `minimum_capacity`, `maximum_capacity`, `bringing_anyone`, `price_will_multiply`, `published`, `multiply_number`, `name`, `image`, `disable_payment_online`, `description`, `open_time`, `close_time`, `rating_ambience`, `rating_cleanliness`, `rating_staff`, `rating_value`, `location_id`, `working_day`, `mobile`, `params`) VALUES
(100, 70, 1, 50, 0, 1, 0, 1, 0, 0, 0, 0, 0, 0, 'Hair stylist matching face', 'upload/services/images/image-cover-100-1.jpg', 1, '<strong>No need to be too fussy, just changing the hairstyle to suit has really made their masculine and handsome looks\n    more radiant and attractive.</strong>\n    <br><br>\nA new and perfect hairstyle will be one of the key factors, deciding whether men are handsome or not. If you choose wisely for a trendy and trendy hairstyle, there will definitely be a lot of girls in love with you\n<br>\nBefore his haircut, his beauty was probably average, his face almost had no highlights. If the old hairstyle is both messy and darkening, the new hairstyle is like a \"medicine\" to help him look glowing and promote beauty significantly. The face also becomes much brighter and more attractive.', '09:00:00', '21:30:00', NULL, NULL, NULL, NULL, 3, '[\"Monday\",\"Tuesday\",\"Wednesday\",\"Thursday\",\"Friday\",\"Saturday\",\"Sunday\"]', 0, '[{\"facebook\":\"\",\"instagram\":\"\"}]'),
(101, 70, 1, 55, 0, 1, 0, 1, 0, 0, 0, 0, 0, 0, 'Hair stylist seasonal', 'upload/services/images/image-cover-101-2.jpg', 1, '<strong>\n    Summer has come, have you chosen for yourself a hairstyle that is\n    both fashionable and personality \"beat\" the weather yet?\n</strong>\n<br><br>\nBob hair is always a good choice for girls. This youthful, dynamic hairstyle brings a personality that girls should not\noverlook.\n<br><br>\nLightweight curly bob hair style suitable for girls pursuing feminine style. This is a \"standard\" combination for girls\nwho want to change their appearance but do not want to lose their original style. Floating hair will make you both\npersonality and gentle charm, also very suitable for hot summer weather. So what are you afraid to try?', '09:00:00', '20:30:00', NULL, NULL, NULL, NULL, 14, '[\"Monday\",\"Tuesday\",\"Wednesday\",\"Thursday\",\"Friday\",\"Saturday\",\"Sunday\"]', 0, '[{\"facebook\":\"\",\"instagram\":\"\"}]'),
(102, 70, 1, 59, 0, 1, 0, 1, 0, 0, 0, 0, 0, 0, 'Classic and modern', 'upload/services/images/image-cover-102-10.jpg', 1, '<strong>\n    Simple, modern with a bit of classic is a unique combination and very new when it comes to hairstyles 2020\n</strong>\n<br><br>\nThis hairstyle was born for those who like the classic style. This hairstyle is a short hairstyle combined with Undercut\nhair cut short on both sides of the head, becoming an extremely new and not monotonous hairstyle for men. This hairstyle\nis a mixture of ancient and modern styles, bringing a youthful and professional look.\n<br><br>\nThis hairstyle is suitable for all faces from round face to long face because it helps cover many defects that\naccentuate the inherent things on the face. Owning this hairstyle you do not spend as much time caring and investing as\nother hairstyles. Therefore, short undercut hairstyles are a smart choice for busy men.', '09:00:00', '21:30:00', NULL, NULL, NULL, NULL, 14, '[\"Monday\",\"Tuesday\",\"Wednesday\",\"Thursday\",\"Friday\",\"Saturday\",\"Sunday\"]', 0, '[{\"facebook\":\"\",\"instagram\":\"\"}]'),
(103, 68, 1, 55, 0, 1, 0, 1, 0, 0, 0, 0, 0, 0, '3d hair dye', 'upload/services/images/image-cover-103-8.jpg', 1, '<strong>\n    A dyeing technique that combines fancy tones from the old palette. The dye will be divided into dark and light\n    patches alternating from the roots to the ends. Gives hair a different brightness despite being dyed the same color.\n</strong>\n<br><br>\nAdvantages: creating attraction, personality, creating depth for hair Expressing the personality and style of the owner.\n<br><br>\nCons: The dye does not hold long. This technique also requires workers to be highly qualified and technically able to do\nit.\n<br>\n3D dye is required to remove hair. This will weaken your hair and make it dry. Moreover, it is difficult to get the\noriginal hair color and color.', '09:00:00', '20:30:00', NULL, NULL, NULL, NULL, 4, '[\"Monday\",\"Tuesday\",\"Wednesday\",\"Thursday\",\"Friday\",\"Saturday\",\"Sunday\"]', 0, '[{\"facebook\":\"\",\"instagram\":\"\"}]'),
(104, 68, 1, 59, 0, 1, 0, 1, 0, 0, 1, 0, 1, 1, 'Dye coated with shadow', 'upload/services/images/image-cover-104-11.jpg', 1, '<strong>\n    Polishing is to wrap a thin layer of polymers outside the hair (products originating from Korea) to make hair look\n    shiny and softer.\n</strong>\n<br><br>\nTo get the best hair color, we have to lighten the hair by raising the foundation or bleaching the hair before dyeing,\nthen adding shade.\n<br>\nThe process of glossing over hair is almost non-oxidized as they are extracted from a predominantly silicon component.\nThis layer of silicon only attaches to the shell of the hair, not to the body of the hair, and sticks to the hair like a\nlayer of COLOR PAINTING, making the hair hard, losing the softness, almost like nail polish of girls. . The process of\ngetting color on the scalp is quite difficult to remove the color. Therefore, when you want to dye to a different color,\nthe bleaching will certainly affect and damage your hair.\n<br>\nHowever, the hair removal also has some difficulties because it can not completely remove red, blue, purple from your\nhair. So the process of converting to other hair colors is quite difficult and can cause damage as well as abrasive\nstructure, broken hair links.\nIf your hair is too damaged and you want to have healthy, shiny hair in a split second, you can try the exclusive nano\nvarnish dyeing technology at Zema. This technology will help minimize the side effects of shade on your hair.\n<br>\nTry and feel the difference!', '08:00:00', '20:00:00', NULL, NULL, NULL, NULL, 3, '[\"Monday\",\"Tuesday\",\"Wednesday\",\"Thursday\",\"Friday\",\"Saturday\",\"Sunday\"]', 0, '[{\"facebook\":\"\",\"instagram\":\"\"}]'),
(106, 68, 1, 60, 0, 1, 0, 1, 0, 0, 0, 0, 0, 0, 'Highlight hair', 'upload/services/images/image-cover-106-style-5.jpg', 1, '<strong>\n    Highlight color (dye small hair pieces with a lighter color than the background)\n</strong>\n<br><br>\n popular with many young people. Basically, there are 4 types of highlights: basic contrast highlighting, drawing on hair, highlighting into patches and light staining.\n<br>\nHair highlights will enhance the style and elegance of the gentleman, and reveal the personality of the ladies.\nHair highlights will be a hairstyle for those who want to change to see a new difference of myself', '08:30:00', '20:00:00', NULL, NULL, NULL, NULL, 14, '[\"Monday\",\"Tuesday\",\"Wednesday\",\"Thursday\",\"Friday\",\"Saturday\"]', 0, '[{\"facebook\":\"\",\"instagram\":\"\"}]'),
(107, 22, 1, 50, 0, 1, 0, 1, 0, 0, 0, 0, 0, 0, 'Hair stylist men', 'upload/services/images/image-cover-107-12.jpg', 1, '<strong>\n    Gentleman!\n    <br>\n    <br>\n</strong>\nNever underestimate the importance of cutting hair.\n<br>\nChoosing the hairstyle that suits your personal style (costume, personality, work ...) is an important factor for\neveryone in this universe to evaluate your appearance.\n<br>\n<br>\nIn an Ax survey in 2009, about 74% of women agreed that hair was the first thing they noticed when interacting with a\nman. When you think about it, the first date is quite similar to the hiring interview you went through earlier.\n<br>\nA personality man will show his personality through the hairstyle they wear. So, your hair will play an important role\nin determining your first impression of you.\n<br>\nMoreover, taking care of your hair is an important factor to evaluate a man. You can let your hair grow naturally, but\nif you neglect it, it will show your mess.\n<br>\n<br>\nLet us make you more perfect in the eyes of those around you!', '08:30:00', '21:00:00', NULL, NULL, NULL, NULL, 3, '[\"Monday\",\"Tuesday\",\"Sunday\",\"Wednesday\",\"Thursday\",\"Friday\",\"Saturday\"]', 0, '[{\"facebook\":\"\",\"instagram\":\"\"}]'),
(108, 22, 1, 55, 0, 1, 0, 1, 0, 0, 0, 0, 0, 0, 'Hair stylist female ', 'upload/services/images/image-cover-108-13.jpg', 1, '<strong>\n    You may not know, just a hairstyle suitable for the face is enough to make women shine! But how is suitable?\n</strong>\n<br>\n<br>\nOne of the \"secrets\" to make a girl become more beautiful and radiant besides her outfit, her charisma is her hair.\n<br>\nBefore choosing the right hairstyle, let\'s find out which face you are: oval face, round face or long face ... then you\nwill find the best hairstyle for each different face type. !\n<br>\n<br>\n<strong>eg :Hair style for round face</strong>\n<br>\nFor round face, the girls can refer to hairstyles such as high cut pixie hair, trimmed or long hair cut layer and curly.\nOn the other hand, you should also avoid short tomboy hair, short chin or thick bangs.\n<br>\n<br>\n<strong>Hair style for long face</strong>\n<br>\nFor women who own long faces, you can refer to the short bangs with curly hair and thin bangs. Also, girls should avoid\nchoosing to have long straight hair or no bangs. This may make your face longer!\n<strong>Hairstyles for angular faces</strong>\n<br>\n<br>\nSquare faces, rectangular faces are angled ones. Because of its wide forehead and square jaw, it makes you look a bit\nrough and older. To hide this, women can choose a number of hairstyles such as bob hair, cut hair neatly combined with\ndiagonal bangs to hide rough, hard lines.\n<br>\n<br>\n<br>\nAbove are some tips on hairstyles for women, come to us so we have the opportunity to please you ....!', '09:00:00', '20:00:00', NULL, NULL, NULL, NULL, 3, '[\"Monday\",\"Tuesday\",\"Wednesday\",\"Thursday\",\"Friday\",\"Saturday\",\"Sunday\"]', 0, '[{\"facebook\":\"\",\"instagram\":\"\"}]'),
(109, 22, 1, 50, 0, 1, 0, 1, 0, 0, 0, 0, 0, 0, 'Hair stylist child model', 'upload/services/images/image-cover-109-9.jpg', 1, '<strong>\n    Modern trends of parents are increasingly young, so choosing hairstyles for angels in the family is also something\n    that parents are extremely interested.\n</strong>\n<br>\n<br>\nPerhaps no parents do not want to hear people praise for their lovely and beautiful angels and stylish style.\n<br>\nSome of the hairstyles below will help your child shine in everyone\'s eyes\n<br>\n<br>\n<strong>Stylish undercut hairstyle</strong>\n<br>\n<br>\nThe undercut hairstyles give the boys a very cute and handsome appearance thanks to the short cut hair that brings cool\nand playful coolness to the babies. Especially the little ones own white skin.\n<br>\n<br>\n<strong>Waxing hairstyles for boys</strong>\n<br>\n<br>\nThis hairstyle will help boys cheat height. Hair is also trimmed on both sides and the middle is long to help parents\neasily style their children with gel or styling wax.\n<br>\n<br>\n<strong>Beautiful, curly hair.</strong>\n<br>\n<br>\nIf parents who like European style can opt for this little curly hair, it will be really attractive and lovely with\nbobbing hair and natural curls. Make our little hotboys more adorable.\n<br>\n<br>\nTrên đây là một số gợi ý nhỏ cho các thiên thần đáng yêu của chúng ta ..., có rất nhiều kiểu tóc đẹp và độc đáo hãy để\nchúng tôi tư vấn và làm đẹp cho các bé!', '09:00:00', '19:00:00', NULL, NULL, NULL, NULL, 5, '[\"Monday\",\"Tuesday\",\"Wednesday\",\"Thursday\",\"Friday\",\"Saturday\",\"Sunday\"]', 0, '[{\"facebook\":\"\",\"instagram\":\"\"}]'),
(112, 23, 1, 80, 0, 1, 0, 1, 0, 0, 0, 0, 0, 0, 'Beard transplant service', 'upload/services/images/image-cover-112-style-4.jpg', 1, '<strong>\n    For a masculine style and strong appearance, the beard plays a very important role. However, not everyone has a\n    beautiful beard. Today, hair experts have found out why men cannot grow beards and the best solution to overcome\n    this problem.\n</strong>\n<br>\n<br>\nThe key cause of sparse beard density is the imbalance between DHT and testosterone in the male body. If DHT causes hair\nloss and baldness, for beards, they are important for stimulating the growth of beards. DHT is essentially a powerful\nform of testosterone, the number of antennae is determined by the number of androgens in the skin to which DHT is\nclosely linked.\n<br>\n<br>\nThe most modern, quality and safest method today is to use HAT itself. Use a healthy hair follicle on the back of the\nhead and transplant into the area where hair is needed. After the transplant, the beard grows naturally and is healthy,\nleaving no scars or necrosis. This procedure takes 2-4 hours depending on the number of antennae implanted.\n<br>\nCome with us for a free consultation!', '08:00:00', '18:00:00', NULL, NULL, NULL, NULL, 16, '[\"Monday\",\"Tuesday\",\"Wednesday\",\"Thursday\",\"Friday\"]', 0, '[{\"facebook\":\"\",\"instagram\":\"\"}]'),
(113, 23, 1, 70, 0, 1, 0, 1, 0, 0, 0, 0, 0, 0, 'Facial hair removal for men', 'upload/services/images/image-cover-113-9.jpg', 1, '<strong>\n    Face area has always been a top beauty concern for women, in which facial hair, mustaches \"denounce\" the masculine\n    characteristics of girls, so girls are always thinking about bleaching. permanent fur. far. So what to do?\n</strong>\n<br>\n<br>\nAccording to a dermatologist, hair grows on your face without affecting health\nbut cosmetic impact. Many girls feel unconfident because their mustache, hairy cheeks and dark skin make the skin less\nbright and look less feminine.\n<br>\nTherefore, if the facial hair condition on your face directly affects the aesthetics, you should remove facial hair to\nregain smooth, smooth and youthful skin as expected.\n<br>\nIf your facial hair is thin and light, you can use natural ingredients such as a mixture of mung bean flour, turmeric\npowder, fresh milk or soy milk, lemon, honey, etc. to weaken the fibers. . The coat makes them pale and easy to fall\noff.\n<br>\nBut if the facial hair is thick and dark, you can refer to some methods of permanent hair removal. This method will\neliminate papillae located deep in the hair follicles and cut off the sugar supply nourish hair growth. Modern light\ntechnologies will completely overcome the discomfort and bring high efficiency in removing hairs as well as providing\nsmooth and white skin.', '00:00:00', '00:00:00', NULL, NULL, NULL, NULL, 5, '[\"Monday\",\"Tuesday\",\"Wednesday\",\"Thursday\",\"Friday\",\"Saturday\",\"Sunday\"]', 0, '[{\"facebook\":\"\",\"instagram\":\"\"}]'),
(114, 23, 1, 49, 0, 1, 0, 1, 0, 0, 0, 0, 0, 0, 'Beard stylist', 'upload/services/images/image-cover-114-7.jpg', 1, '<strong>\n    You want to become more masculine and stronger, really want a satisfactory beard on your face? And you do not know\n    how to have such a beard?\n</strong>\n<br>\n<br>\nAccording to a dermatologist, hair grows on your face without affecting health\nbut cosmetic impact. Many girls feel unconfident because their mustache, hairy cheeks and dark skin make the skin less\nbright and look less feminine.\n<br>\n<br>\nBeards are the highlight of your personality, you can have a more stylish, more elegant look thanks to the properly\ngrown and trimmed beard. In particular, beards are the only \"accessory\" you can experiment with many times to change\nyour appearance without risk, but for guys who are starting to practice beard farming, just choose a style and learn How\nto take care of them is not easy.\n<br>\n<br>\nIf you\'re a beginner, try to bear with itching when the beard starts to grow. To have a \"basic\" beard that is long and\nbushy enough to style, guys need about a month to get hair that\'s long and soft enough to style, during that month if\nitching itches, use it. it. A comb for the beard is developed in the appropriate direction. Please be patient, do not\ncorrect when the beard does not grow as you want, the effort after a month will pay off.\n<br>\n<br>\nIf you want a clear advice on styling for a beard that helps you become more masculine, you can contact us for a free\nconsultation!', '08:30:00', '19:30:00', NULL, NULL, NULL, NULL, 3, '[\"Monday\",\"Tuesday\",\"Wednesday\",\"Thursday\",\"Friday\",\"Saturday\"]', 0, '[{\"facebook\":\"\",\"instagram\":\"\"}]'),
(115, 20, 1, 80, 0, 1, 0, 1, 0, 0, 0, 0, 0, 0, 'Treat dry and damaged scalp', 'upload/services/images/image-cover-115-dl.jpg', 1, '<strong>\n    Dandruff On Your Mind? Wash It Away Forever, With This Effective Dandruff Control Treatment That Lets You Flaunt\n    Your Gorgeous Tresses.\n</strong>\n<br>\n<br>\nIf you are also having dandruff problems, do not worry because we will have a way to prevent it. But before choosing\ntreatment options, it is important to understand why scalp has dandruff:\n<br>\nThe condition of the scalp and hair varies from person to person. The two most common types of dandruff are dry scalp\ndandruff and oily scalp dandruff: Dry dandruff is usually present during puberty and is characterized by the fine, white\nscales on the scalp that cause itching. On the other hand, oily dandruff is reappeared due to increased sebum secretion\nmaking itchy scalp, thinning hair.\n<br>\nThe cause may be due to dirty scalp, frequent unhygienic, improper shampooing, strong sebaceous glands, excessive use of\nhair care cosmetics, psychological factors such as stress, stress. straight, lack of sleep or simply an unreasonable\ndiet. Dandruff is the cause of itching and itching is what keeps us from scratching. Excessive pressure on the scalp and\nhair makes hair follicles weaker and more likely to fall out.\n<br>\n<br>\nIf you experience these symptoms but do not know the cause, please come to us, we will review and advise you the\nappropriate treatment for you.', '00:00:00', '00:00:00', NULL, NULL, NULL, NULL, 14, '[\"Monday\",\"Tuesday\",\"Wednesday\",\"Thursday\",\"Friday\",\"Saturday\",\"Sunday\"]', 0, '[{\"facebook\":\"\",\"instagram\":\"\"}]'),
(116, 20, 1, 100, 0, 1, 0, 1, 0, 0, 0, 0, 0, 0, 'Restores damaged hair', 'upload/services/images/image-cover-116-17.jpg', 1, '<strong>\n    Hair does not hold sticky, not swollen and dry like bamboo roots - damaged hair is difficult to create, messy and\n    annoying. But it is your combination of environmental factors, heat styling and your normal hair care routine that\n    makes hair fragile.\n</strong>\n<br>\n<br>\nThis means that there are also ways to reverse those harmful habits and restore dry hair. Read the popular tips below to\nlearn how to restore damaged hair.\n<br>\n<br>\n<strong>1. Protection from external factors</strong>\n<br>\nYour poor hair struggles every day with external factors. Excessive exposure to sunlight, wind and rain can dry out your\nhair, and if left unattended, it can break. So strengthen your hair protection by conditioning your hair once a week\nwith an intensive hair conditioner or conditioner, such as TRESemmé Platinum Strength hair conditioner. Doing so will\nhelp nourish hair from deep within, to have healthy hair and full of vitality.\n<br>\n<br>\n<strong>2. Protection when styling your hair with heat</strong>\n<br>\nHair dryers, hair irons, curling irons - they\'re all indispensable styling tools, right? But did you know these tools\ncan heat up to 232 ° C? <br>\nTherefore, it is not surprising that they cause dry and damaged hair. And that\'s where heat-resistant hairspray is\nneeded: spray onto damp hair before drying, and spray again on dry hair before using heat styling tools, to form a\nprotective layer against heat. height and keep hair soft and shiny.\n<br>\n<br>\n<strong>3. Comb your hair gently</strong>\n<br>\nDid you know that hair is weakest when wet? This may seem obvious at times when you need to comb your hair thoroughly,\nbut vigorous and repeated brushing can damage the cuticles of your hair, causing it to break and split.\n<br>\nTo protect your hair, brush your hair in the shower after using conditioner - conditioner will coat the hair and act as\na barrier, making it easier to remove knots and tangles. Choose either a soft-bristle-bristle comb or a wide-toothed\ncomb - these combs give your hair more room to slip through, so there\'s less force to remove tangled hair - and gently\nbrush each section of hair one.\n<br>\n<br>\n<strong>4. Hair color care</strong>\nHair dyeing is a great way to change your style and confirm your personality - but like any chemical treatment, dying\nyour hair can cause it to become dry and damaged, making it difficult for your hair to retain its level. bulging and\nglossy.\n<br>\nTo help moisturize and maintain the radiant beauty of your dyed hair, you need to reinforce the natural protective layer\nof your hair by using the best combination of shampoos for colored hair and hair care products. . Special products such\nas color-keeping shampoos will help restore dry and damaged hair, nourish and keep hair strong.\n<br>\n<br>\n<strong>5. No need to wash your hair too much</strong>\n<br>\nNothing is comparable to the refreshing feeling of a freshly washed hair, but a good amount of shampoo is not\nnecessarily good, because this can cause the hair to lose moisture, become dry and brittle.\n<br>\nTry reducing the frequency of shampooing by using a dry shampoo between washings - it will help absorb the lubricant and\neliminate unpleasant odors to give your hair a fresh, shampoo-like appearance. And when you really need to wash your\nhair, be wise to choose a gentle cleansing shampoo that moisturizes your hair!\n<br>\nSo if you often ask yourself \"Why is my hair so dry?\", The answer may be due to your regular shampooing habits. Remember\nthese simple tips for how to restore damaged hair and be ready to welcome healthy and vibrant hair!', '08:00:00', '21:00:00', NULL, NULL, NULL, NULL, 4, '[\"Sunday\",\"Tuesday\",\"Wednesday\",\"Thursday\",\"Friday\",\"Saturday\",\"Monday\"]', 0, '[{\"facebook\":\"\",\"instagram\":\"\"}]'),
(117, 20, 1, 130, 0, 1, 0, 1, 0, 0, 0, 0, 0, 0, 'Hair loss prevention methods', 'upload/services/images/image-cover-117-5.jpg', 1, '<strong>\n    Hair loss prevention methods that everyone should know\n</strong>\n<br>\n<br>\n<b>Causes of hair loss</b>\n<br>\n<br>\n<b>Apply heat to the hair</b>\nDry your hair in hot mode; curling and straightening at high temperatures; Chemical hair dye. All of these effects cause\nthe stratum corneum to quickly destroy. The hair loses its shine and dryness is understandable.\n<br>\n<br>\n<b>Abnormal diet</b>\n<br>\nDiet, lack of nutrients, eat a lot of fried food, grease will make the hair lack nutrients. Damaged hair follicles,\natrophy, not enough nutrients to nourish hair. Therefore, the hair is also susceptible to damage, breakage and thinning.\n<br>\n<br>\n<b>Some other causes</b>\n<br>\nUsing medicine to treat some diseases: thyroid, diabetes, cancer ...; or sitting conditioner regularly, too long without\ntrimming hair ... also makes your hair lifeless.\n<br>\n<br>\n<b>Some ways of hair care at home</b>\n- Grapefruit essential oil: You can mix a few drops of grapefruit essential oil and filtered water into a spray bottle.\nYou spray daily, 2-3 times / day.\n<br>\n- Coconut oil: You can compost coconut oil for about 30 minutes and then wash it with clean water\n<br>\n- Hair mask: You can use beer, butter, aloe vera ... to make a hair mask. After washing your hair, apply the mask to\nyour hair and leave on for 30-45 minutes and then wash with clean water.\n<br>\n<br>\nThe above are some causes and remedies but the hair is damaged and broken.\nYou can go to our center for advice and thorough treatment of the problem you are having with your hair.', '09:00:00', '20:00:00', NULL, NULL, NULL, NULL, 4, '[\"Monday\",\"Tuesday\",\"Wednesday\",\"Thursday\",\"Friday\",\"Saturday\",\"Sunday\"]', 0, '[{\"facebook\":\"\",\"instagram\":\"\"}]'),
(119, 21, 1, 110, 0, 1, 0, 1, 0, 0, 0, 0, 0, 0, 'Hair styling', 'upload/services/images/image-cover-119-14.jpg', 1, '<strong>\n    HAIRDRESSING METHODS - SECRETS FOR BEAUTY HAIR\n</strong>\n<br>\n<br>\n<strong>Hot bending</strong>\n<br>\n<br>\nHot bending comes from the land of the rising sun Japan, but really blooms and is more popular than it is thanks to\nKorean idols. Hot curling for gentle curly hair, big curls, small curls or shrimp noodles is suitable for each face and\ncustomer preferences, so hot curling has become a beauty trend in recent years.\n<br>\nFor hot curling methods, the hair stylist will first apply medicine to the hair, soften and relax the hair, then use a\nroller on the shaft, you can use a large, small roller to create water waves, big curls , the lock is up to the customer\nto choose. Next is an important step, the hairdresser will stimulate the heat to break the old hair link, then continue\napplying the second time, this time the drug to shape the hair in a new shape (curly in batches) .\n<br>\n<br>\nIt can be said that currently hot curling is very popular in many hair salons because this method is easy to use, does\nnot take much styling time, in the process of applying the drug for the first time, the hairdresser can easily check the\nhair. have been absorbed, opened or not to adjust accordingly.\n<br>\nHowever, it is inevitable that the hot curling method will use heat so it will affect the hair, making it possible to\nsplit or dry the hair if the unskilled workman does not know how to adjust the right temperature for the hair. . Not to\nmention the case of shops, hair salons using poor quality medicine does not provide enough moisture, shine to the hair,\nafter perm will lose its natural beauty.\n<br>\n<br>\n<br>\n<br>\n<strong>Cold bending</strong>\n<br>\n<br>\nOriginating from California, USA in the years of 1938-1939, until the 1940s, the cold bending method began to spread and\nis used by many people because of its quickness, convenience, and no need for expensive bulky machines. , and especially\ncan do at room temperature.\n<br>\nThe greatest advantage of the cold bending method is convenient, independent of electromechanical, expensive,\nsophisticated machinery, and does not use heat that can be made at room temperature.\n<br>\nHowever, cold bending has many disadvantages. Firstly, it is necessary to mention the principle of cold curling, the\nworker must first apply softener, which leads to if the worker has errors of applying too much or too little, not enough\ntime for the hair to open, the hair links have not been broken but the mechanic can not check and adjust accordingly,\nafter curling hair will not be curly enough, not creating waves.\n<br>\nEach hair condition, hair condition will be suitable for each curling process and use different curlers. Therefore, to\nget the curly hair you want, you should consider choosing reputable hairdressers, where there are skilled hair stylists\nwho will properly analyze the condition of your hair to choose. Choose the appropriate curling procedure, and use the\nquality curling agent.\n<br>\n<br>\nCome to us for a free consultation, help you have a beautiful healthy hair', '09:00:00', '20:00:00', NULL, NULL, NULL, NULL, 16, '[\"Monday\",\"Tuesday\",\"Wednesday\",\"Thursday\",\"Friday\",\"Saturday\",\"Sunday\"]', 0, '[{\"facebook\":\"\",\"instagram\":\"\"}]'),
(120, 21, 1, 200, 0, 1, 0, 1, 0, 0, 0, 0, 0, 0, 'Hair stylist for events', 'upload/services/images/image-cover-120-15.jpg', 1, '<strong>\n    Along with the slender long dresses, jewelry accessories, indispensable is an impressive hairstyle when coming to events or proms\n</strong>\n<br>\n<br>\nA beautiful, soft hairstyle will impress your opponent and those around you.\nLet them give you a hairstyle that makes you shine.\nFor more information, please contact us for a free consultation\nthank you ! ', '00:00:00', '00:00:00', NULL, NULL, NULL, NULL, 14, '[\"Tuesday\",\"Wednesday\",\"Thursday\",\"Friday\",\"Saturday\",\"Sunday\",\"Monday\"]', 0, '[{\"facebook\":\"\",\"instagram\":\"\"}]');

-- --------------------------------------------------------

--
-- Table structure for table `woobooking_service_employee`
--

CREATE TABLE `woobooking_service_employee` (
  `id` int(11) NOT NULL,
  `employee_id` int(11) NOT NULL,
  `service_id` int(11) NOT NULL,
  `enable_customize` int(11) NOT NULL,
  `price` float NOT NULL,
  `minimum_capacity` int(11) NOT NULL,
  `maximum_capacity` int(11) NOT NULL,
  `description` text NOT NULL
) ENGINE=InnoDB DEFAULT CHARSET=utf8;

--
-- Dumping data for table `woobooking_service_employee`
--

INSERT INTO `woobooking_service_employee` (`id`, `employee_id`, `service_id`, `enable_customize`, `price`, `minimum_capacity`, `maximum_capacity`, `description`) VALUES
(6, 2, 8, 0, 0, 0, 0, ''),
(8, 4, 8, 0, 0, 0, 0, ''),
(9, 2, 26, 0, 0, 0, 0, ''),
(11, 4, 26, 0, 0, 0, 0, ''),
(13, 2, 30, 0, 0, 0, 0, ''),
(316, 3, 99, 0, 0, 0, 0, ''),
(317, 7, 99, 0, 0, 0, 0, ''),
(331, 10, 47, 0, 0, 0, 0, ''),
(332, 30, 47, 0, 0, 0, 0, ''),
(335, 7, 50, 0, 0, 0, 0, ''),
(336, 10, 50, 0, 0, 0, 0, ''),
(337, 3, 86, 0, 0, 0, 0, ''),
(338, 10, 86, 0, 0, 0, 0, ''),
(339, 8, 87, 0, 0, 0, 0, ''),
(340, 15, 95, 0, 0, 0, 0, ''),
(341, 33, 96, 0, 0, 0, 0, ''),
(344, 30, 62, 0, 0, 0, 0, ''),
(345, 1, 63, 0, 0, 0, 0, ''),
(346, 7, 63, 0, 0, 0, 0, ''),
(348, 1, 65, 0, 0, 0, 0, ''),
(349, 3, 65, 0, 0, 0, 0, ''),
(350, 15, 65, 0, 0, 0, 0, ''),
(356, 8, 59, 0, 0, 0, 0, ''),
(357, 10, 59, 0, 0, 0, 0, ''),
(358, 1, 60, 0, 0, 0, 0, ''),
(359, 5, 60, 0, 0, 0, 0, ''),
(360, 7, 60, 0, 0, 0, 0, ''),
(361, 10, 51, 0, 0, 0, 0, ''),
(362, 15, 51, 0, 0, 0, 0, ''),
(363, 33, 51, 0, 0, 0, 0, ''),
(364, 3, 52, 0, 0, 0, 0, ''),
(365, 7, 52, 0, 0, 0, 0, ''),
(366, 3, 57, 0, 0, 0, 0, ''),
(367, 8, 57, 0, 0, 0, 0, ''),
(368, 33, 57, 0, 0, 0, 0, ''),
(370, 1, 58, 0, 0, 0, 0, ''),
(371, 8, 58, 0, 0, 0, 0, ''),
(372, 10, 58, 0, 0, 0, 0, ''),
(376, 5, 69, 0, 0, 0, 0, ''),
(378, 3, 71, 0, 0, 0, 0, ''),
(379, 7, 71, 0, 0, 0, 0, ''),
(380, 8, 71, 0, 0, 0, 0, ''),
(382, 3, 67, 0, 0, 0, 0, ''),
(383, 7, 67, 0, 0, 0, 0, ''),
(384, 15, 68, 0, 0, 0, 0, ''),
(385, 33, 68, 0, 0, 0, 0, ''),
(386, 3, 70, 0, 0, 0, 0, ''),
(387, 15, 70, 0, 0, 0, 0, ''),
(388, 30, 70, 0, 0, 0, 0, ''),
(389, 1, 72, 0, 0, 0, 0, ''),
(390, 5, 72, 0, 0, 0, 0, ''),
(391, 10, 72, 0, 0, 0, 0, ''),
(395, 10, 46, 0, 0, 0, 0, ''),
(396, 15, 46, 0, 0, 0, 0, ''),
(400, 1, 49, 0, 0, 0, 0, ''),
(401, 8, 49, 0, 0, 0, 0, ''),
(402, 1, 48, 0, 0, 0, 0, ''),
(403, 5, 48, 0, 0, 0, 0, ''),
(404, 8, 48, 0, 0, 0, 0, ''),
(405, 3, 64, 0, 0, 0, 0, ''),
(406, 8, 66, 0, 0, 0, 0, ''),
(431, 1, 45, 0, 0, 0, 0, ''),
(432, 5, 45, 0, 0, 0, 0, ''),
(433, 33, 45, 0, 0, 0, 0, ''),
(437, 3, 98, 0, 0, 0, 0, ''),
(438, 7, 98, 0, 0, 0, 0, ''),
(442, 5, 97, 0, 0, 0, 0, ''),
(443, 10, 97, 0, 0, 0, 0, ''),
(444, 33, 97, 0, 0, 0, 0, ''),
(447, 1, 61, 0, 0, 0, 0, ''),
(448, 8, 61, 0, 0, 0, 0, ''),
(486, 3, 105, 0, 0, 0, 0, ''),
(487, 8, 105, 0, 0, 0, 0, ''),
(512, 3, 110, 0, 0, 0, 0, ''),
(513, 7, 111, 0, 0, 0, 0, ''),
(514, 1, 112, 0, 0, 0, 0, ''),
(515, 3, 112, 0, 0, 0, 0, ''),
(516, 8, 112, 0, 0, 0, 0, ''),
(544, 7, 118, 0, 0, 0, 0, ''),
(545, 30, 118, 0, 0, 0, 0, ''),
(546, 33, 118, 0, 0, 0, 0, ''),
(632, 1, 100, 0, 0, 0, 0, ''),
(633, 5, 100, 0, 0, 0, 0, ''),
(634, 7, 100, 0, 0, 0, 0, ''),
(635, 1, 101, 0, 0, 0, 0, ''),
(636, 7, 101, 0, 0, 0, 0, ''),
(637, 8, 101, 0, 0, 0, 0, ''),
(638, 1, 102, 0, 0, 0, 0, ''),
(639, 5, 102, 0, 0, 0, 0, ''),
(640, 8, 102, 0, 0, 0, 0, ''),
(641, 1, 103, 0, 0, 0, 0, ''),
(642, 7, 103, 0, 0, 0, 0, ''),
(643, 8, 103, 0, 0, 0, 0, ''),
(644, 8, 104, 0, 0, 0, 0, ''),
(645, 30, 104, 0, 0, 0, 0, ''),
(646, 33, 104, 0, 0, 0, 0, ''),
(647, 8, 106, 0, 0, 0, 0, ''),
(648, 15, 106, 0, 0, 0, 0, ''),
(649, 33, 106, 0, 0, 0, 0, ''),
(650, 7, 113, 0, 0, 0, 0, ''),
(651, 30, 113, 0, 0, 0, 0, ''),
(652, 33, 113, 0, 0, 0, 0, ''),
(653, 8, 114, 0, 0, 0, 0, ''),
(654, 15, 114, 0, 0, 0, 0, ''),
(655, 33, 114, 0, 0, 0, 0, ''),
(656, 7, 107, 0, 0, 0, 0, ''),
(657, 15, 107, 0, 0, 0, 0, ''),
(658, 30, 107, 0, 0, 0, 0, ''),
(659, 1, 108, 0, 0, 0, 0, ''),
(660, 3, 108, 0, 0, 0, 0, ''),
(661, 7, 108, 0, 0, 0, 0, ''),
(662, 1, 109, 0, 0, 0, 0, ''),
(663, 8, 109, 0, 0, 0, 0, ''),
(664, 33, 109, 0, 0, 0, 0, ''),
(665, 1, 119, 0, 0, 0, 0, ''),
(666, 7, 119, 0, 0, 0, 0, ''),
(667, 30, 119, 0, 0, 0, 0, ''),
(668, 1, 120, 0, 0, 0, 0, ''),
(669, 5, 120, 0, 0, 0, 0, ''),
(670, 30, 120, 0, 0, 0, 0, ''),
(671, 1, 115, 0, 0, 0, 0, ''),
(672, 5, 115, 0, 0, 0, 0, ''),
(673, 8, 115, 0, 0, 0, 0, ''),
(674, 1, 116, 0, 0, 0, 0, ''),
(675, 3, 116, 0, 0, 0, 0, ''),
(676, 5, 116, 0, 0, 0, 0, ''),
(677, 7, 116, 0, 0, 0, 0, ''),
(678, 8, 116, 0, 0, 0, 0, ''),
(679, 10, 116, 0, 0, 0, 0, ''),
(680, 15, 116, 0, 0, 0, 0, ''),
(681, 30, 116, 0, 0, 0, 0, ''),
(682, 33, 116, 0, 0, 0, 0, ''),
(683, 3, 117, 0, 0, 0, 0, ''),
(684, 8, 117, 0, 0, 0, 0, ''),
(685, 30, 117, 0, 0, 0, 0, '');

-- --------------------------------------------------------

--
-- Table structure for table `woobooking_shipping`
--

CREATE TABLE `woobooking_shipping` (
  `id` int(11) NOT NULL,
  `ordering` int(11) NOT NULL,
  `order_id` int(11) NOT NULL,
  `email` varchar(50) NOT NULL,
  `first_name` varchar(50) NOT NULL,
  `company` varchar(255) NOT NULL,
  `country` varchar(50) NOT NULL,
  `address_1` varchar(255) NOT NULL,
  `address_2` varchar(255) NOT NULL,
  `postcode` varchar(50) NOT NULL,
  `city` varchar(50) NOT NULL,
  `state` varchar(50) NOT NULL,
  `phone` varchar(50) NOT NULL,
  `title` varchar(200) NOT NULL,
  `alias` varchar(200) NOT NULL,
  `data` text NOT NULL
) ENGINE=InnoDB DEFAULT CHARSET=utf8;

--
-- Dumping data for table `woobooking_shipping`
--

INSERT INTO `woobooking_shipping` (`id`, `ordering`, `order_id`, `email`, `first_name`, `company`, `country`, `address_1`, `address_2`, `postcode`, `city`, `state`, `phone`, `title`, `alias`, `data`) VALUES
(2, 0, 238, '', '', '', '', '', '', '', '', '', '', '', '', ''),
(3, 0, 243, '', '', '', '', '', '', '', '', '', '', '', '', ''),
(4, 0, 7, '', 'sdfds', 'sdfsdfds', 'VN', 'sdfdsfdsf', '', '34334', 'ssdf', '', '', '', '', ''),
(5, 0, 9, '', 'sdfds', 'sdfsdfds', 'VN', 'sdfdsfdsf', '', '34334', 'ssdf', '', '', '', '', ''),
(6, 0, 10, '', 'sdfds', 'sdfsdfds', 'VN', 'sdfdsfdsf', '', '34334', 'ssdf', '', '', '', '', ''),
(7, 0, 11, '', 'sdfds', 'sdfsdfds', 'VN', 'sdfdsfdsf', '', '34334', 'ssdf', '', '', '', '', ''),
(8, 0, 12, '', 'sdfds', 'sdfsdfds', 'VN', 'sdfdsfdsf', '', '34334', 'ssdf', '', '', '', '', ''),
(9, 0, 13, '', 'sdfds', 'sdfsdfds', 'VN', 'sdfdsfdsf', '', '34334', 'ssdf', '', '', '', '', ''),
(10, 0, 14, '', 'sdfds', 'sdfsdfds', 'VN', 'sdfdsfdsf', '', '34334', 'ssdf', '', '', '', '', ''),
(11, 0, 15, '', 'sdfds', 'sdfsdfds', 'VN', 'sdfdsfdsf', '', '34334', 'ssdf', '', '', '', '', ''),
(12, 0, 16, '', 'sdfds', 'sdfsdfds', 'VN', 'sdfdsfdsf', '', '34334', 'ssdf', '', '', '', '', ''),
(13, 0, 17, '', 'sdfds', 'sdfsdfds', 'VN', 'sdfdsfdsf', '', '34334', 'ssdf', '', '', '', '', ''),
(14, 0, 18, '', 'sdfds', 'sdfsdfds', 'VN', 'sdfdsfdsf', '', '34334', 'ssdf', '', '', '', '', ''),
(15, 0, 19, '', 'sdfds', 'sdfsdfds', 'VN', 'sdfdsfdsf', '', '34334', 'ssdf', '', '', '', '', ''),
(16, 0, 20, '', 'sdfds', 'sdfsdfds', 'VN', 'sdfdsfdsf', '', '34334', 'ssdf', '', '', '', '', ''),
(17, 0, 21, '', 'sdfds', 'sdfsdfds', 'VN', 'sdfdsfdsf', '', '34334', 'ssdf', '', '', '', '', ''),
(18, 0, 22, '', 'sdfds', 'sdfsdfds', 'VN', 'sdfdsfdsf', '', '34334', 'ssdf', '', '', '', '', ''),
(19, 0, 23, '', 'sdfds', 'sdfsdfds', 'VN', 'sdfdsfdsf', '', '34334', 'ssdf', '', '', '', '', ''),
(20, 0, 24, '', 'sdfds', 'sdfsdfds', 'VN', 'sdfdsfdsf', '', '34334', 'ssdf', '', '', '', '', ''),
(21, 0, 25, '', 'sdfds', 'sdfsdfds', 'VN', 'sdfdsfdsf', '', '34334', 'ssdf', '', '', '', '', ''),
(22, 0, 26, '', 'sdfds', 'sdfsdfds', 'VN', 'sdfdsfdsf', '', '34334', 'ssdf', '', '', '', '', ''),
(23, 0, 27, '', 'sdfds', 'sdfsdfds', 'VN', 'sdfdsfdsf', '', '34334', 'ssdf', '', '', '', '', ''),
(24, 0, 28, '', 'sdfds', 'sdfsdfds', 'VN', 'sdfdsfdsf', '', '34334', 'ssdf', '', '', '', '', ''),
(25, 0, 29, '', 'sdfds', 'sdfsdfds', 'VN', 'sdfdsfdsf', '', '34334', 'ssdf', '', '', '', '', ''),
(26, 0, 30, '', 'sdfds', 'sdfsdfds', 'VN', 'sdfdsfdsf', '', '34334', 'ssdf', '', '', '', '', ''),
(27, 0, 31, '', 'sdfds', 'sdfsdfds', 'VN', 'sdfdsfdsf', '', '34334', 'ssdf', '', '', '', '', ''),
(28, 0, 32, '', 'sdfds', 'sdfsdfds', 'VN', 'sdfdsfdsf', '', '34334', 'ssdf', '', '', '', '', ''),
(29, 0, 33, '', 'sdfds', 'sdfsdfds', 'VN', 'sdfdsfdsf', '', '34334', 'ssdf', '', '', '', '', ''),
(30, 0, 34, '', 'sdfds', 'sdfsdfds', 'VN', 'sdfdsfdsf', '', '34334', 'ssdf', '', '', '', '', ''),
(31, 0, 35, '', 'sdfds', 'sdfsdfds', 'VN', 'sdfdsfdsf', '', '34334', 'ssdf', '', '', '', '', ''),
(32, 0, 36, '', 'sdfds', 'sdfsdfds', 'VN', 'sdfdsfdsf', '', '34334', 'ssdf', '', '', '', '', ''),
(33, 0, 37, '', 'sdfds', 'sdfsdfds', 'VN', 'sdfdsfdsf', '', '34334', 'ssdf', '', '', '', '', ''),
(34, 0, 38, '', 'sdfds', 'sdfsdfds', 'VN', 'sdfdsfdsf', '', '34334', 'ssdf', '', '', '', '', ''),
(35, 0, 39, '', 'sdfds', 'sdfsdfds', 'VN', 'sdfdsfdsf', '', '34334', 'ssdf', '', '', '', '', ''),
(36, 0, 40, '', 'sdfds', 'sdfsdfds', 'VN', 'sdfdsfdsf', '', '34334', 'ssdf', '', '', '', '', ''),
(37, 0, 41, '', 'sdfds', 'sdfsdfds', 'VN', 'sdfdsfdsf', '', '34334', 'ssdf', '', '', '', '', ''),
(38, 0, 42, '', 'sdfds', 'sdfsdfds', 'VN', 'sdfdsfdsf', '', '34334', 'ssdf', '', '', '', '', ''),
(39, 0, 43, '', 'sdfds', 'sdfsdfds', 'VN', 'sdfdsfdsf', '', '34334', 'ssdf', '', '', '', '', ''),
(40, 0, 44, '', 'sdfds', 'sdfsdfds', 'VN', 'sdfdsfdsf', '', '34334', 'ssdf', '', '', '', '', ''),
(41, 0, 45, '', 'sdfds', 'sdfsdfds', 'VN', 'sdfdsfdsf', '', '34334', 'ssdf', '', '', '', '', ''),
(42, 0, 46, '', 'sdfds', 'sdfsdfds', 'VN', 'sdfdsfdsf', '', '34334', 'ssdf', '', '', '', '', ''),
(43, 0, 47, '', 'sdfds', 'sdfsdfds', 'VN', 'sdfdsfdsf', '', '34334', 'ssdf', '', '', '', '', ''),
(44, 0, 48, '', 'sdfds', 'sdfsdfds', 'VN', 'sdfdsfdsf', '', '34334', 'ssdf', '', '', '', '', ''),
(45, 0, 49, '', 'sdfds', 'sdfsdfds', 'VN', 'sdfdsfdsf', '', '34334', 'ssdf', '', '', '', '', ''),
(46, 0, 50, '', 'sdfds', 'sdfsdfds', 'VN', 'sdfdsfdsf', '', '34334', 'ssdf', '', '', '', '', ''),
(47, 0, 51, '', 'sdfds', 'sdfsdfds', 'VN', 'sdfdsfdsf', '', '34334', 'ssdf', '', '', '', '', ''),
(48, 0, 6, '', 'sdfds', 'sdfsdfds', 'VN', 'sdfdsfdsf', '', '34334', 'ssdf', '', '', '', '', ''),
(49, 0, 7, '', 'sdfds', 'sdfsdfds', 'VN', 'sdfdsfdsf', '', '34334', 'ssdf', '', '', '', '', ''),
(50, 0, 8, '', 'sdfds', 'sdfsdfds', 'VN', 'sdfdsfdsf', '', '34334', 'ssdf', '', '', '', '', '');

-- --------------------------------------------------------

--
-- Table structure for table `woobooking_state`
--

CREATE TABLE `woobooking_state` (
  `id` int(11) NOT NULL,
  `name` varchar(200) NOT NULL,
  `country_id` int(11) NOT NULL,
  `statecode` char(3) NOT NULL,
  `code` char(2) NOT NULL,
  `published` int(11) NOT NULL,
  `ordering` int(11) NOT NULL,
  `image` varchar(200) NOT NULL
) ENGINE=InnoDB DEFAULT CHARSET=utf8;

--
-- Dumping data for table `woobooking_state`
--

INSERT INTO `woobooking_state` (`id`, `name`, `country_id`, `statecode`, `code`, `published`, `ordering`, `image`) VALUES
(3, 'Antioch', 235, '0', '21', 1, 0, ''),
(4, 'Ha Noi', 242, '0', '', 0, 0, ''),
(5, 'Da Nang', 242, '0', '', 1, 0, ''),
(6, 'New York', 235, '', '', 0, 0, '');

-- --------------------------------------------------------

--
-- Table structure for table `woobooking_tag`
--

CREATE TABLE `woobooking_tag` (
  `id` int(11) NOT NULL,
  `name` varchar(200) NOT NULL,
  `alias` varchar(200) NOT NULL,
  `description` text NOT NULL
) ENGINE=InnoDB DEFAULT CHARSET=utf8;

--
-- Dumping data for table `woobooking_tag`
--

INSERT INTO `woobooking_tag` (`id`, `name`, `alias`, `description`) VALUES
(1, 'title1', 'title1', 'des title1'),
(2, 'sfdsf', '', ''),
(3, 'sdfs', '', ''),
(4, 'sdfsdf', '', ''),
(5, 'ssdfsd', '', ''),
(6, 'đfg', '', ''),
(7, 'ssdfd', '', ''),
(8, 'sdfds', '', ''),
(9, 'sdds', '', ''),
(14, '', '', ''),
(15, 'Yoga Workshop', '', ''),
(16, 'Free', '', ''),
(17, 'Outdoor', '', ''),
(18, 'aerobic', '', ''),
(19, 'combat', '', ''),
(20, 'heavybody', '', ''),
(21, 'Control', '', '');

-- --------------------------------------------------------

--
-- Table structure for table `woobooking_user`
--

CREATE TABLE `woobooking_user` (
  `id` int(11) NOT NULL,
  `first_name` varchar(255) NOT NULL,
  `last_name` varchar(255) NOT NULL,
  `birthday` date NOT NULL,
  `mobile` int(50) NOT NULL,
  `email` varchar(255) NOT NULL,
  `image` varchar(255) NOT NULL,
  `description` text NOT NULL,
  `address` varchar(255) NOT NULL,
  `open_source_user_id` int(11) NOT NULL,
  `company` varchar(255) DEFAULT NULL,
  `created` datetime NOT NULL,
  `business` varchar(255) DEFAULT NULL,
  `published` int(11) NOT NULL,
  `ordering` int(11) NOT NULL
) ENGINE=InnoDB DEFAULT CHARSET=latin1;

--
-- Dumping data for table `woobooking_user`
--

INSERT INTO `woobooking_user` (`id`, `first_name`, `last_name`, `birthday`, `mobile`, `email`, `image`, `description`, `address`, `open_source_user_id`, `company`, `created`, `business`, `published`, `ordering`) VALUES
(1, 'Donald', 'MCkinney', '1992-12-31', 446954783, 'businessplan@gmail.com', 'upload/account/images/hinh-anh-avatar-96.jpg', 'Questa linea di ricerca, finalizzata allo studio degli ecosistemi marini pelagici e costieri, è incentrata sulla progettazione e la realizzazione di nuovi strumenti e sensori per la misura di variabili biologiche, ottiche, fisiche e chimiche dell\'acqua di mare, e di nuove piattaforme di misura per lo studio degli ecosistemi marini a differenti scale spaziali e temporali.', 'Santa monica bullevand', 0, NULL, '0000-00-00 00:00:00', 'JUNIOR UI/UX DEVERLOPER', 0, 0),
(2, 'admin_netbase', '', '0000-00-00', 0, 'hiep.v@netbasejsc.com', '', '', '', 32, NULL, '2018-03-23 03:18:36', NULL, 0, 0),
(3, 'admin_netbase', '', '0000-00-00', 0, 'ngoson2910@gmail.com', '', '', '', 1, NULL, '2020-02-07 09:29:10', NULL, 0, 0),
(4, 'admin_nb', '', '0000-00-00', 0, 'admin_nb@gmail.com', '', '', '', 19, NULL, '2018-10-31 02:39:38', NULL, 0, 0);

-- --------------------------------------------------------

--
-- Table structure for table `woobooking_view`
--

CREATE TABLE `woobooking_view` (
  `id` int(11) UNSIGNED NOT NULL,
  `name` varchar(200) NOT NULL,
  `image` varchar(200) NOT NULL,
  `alias` varchar(200) NOT NULL,
  `published` int(11) NOT NULL,
  `ordering` int(11) NOT NULL,
  `description` text NOT NULL
) ENGINE=InnoDB DEFAULT CHARSET=utf8;

--
-- Dumping data for table `woobooking_view`
--

INSERT INTO `woobooking_view` (`id`, `name`, `image`, `alias`, `published`, `ordering`, `description`) VALUES
(1, 'cronjob', '', '', 0, 0, ''),
(2, 'db_appointments', '', '', 0, 0, ''),
(3, 'calendar', '', '', 1, 0, ''),
(4, 'appointment', '', '', 1, 0, ''),
(5, 'event', '', '', 0, 0, ''),
(6, 'package', '', '', 1, 0, ''),
(7, 'employee', '', '', 0, 0, ''),
(8, 'category', '', '', 1, 0, ''),
(9, 'service', '', '', 0, 0, ''),
(10, 'location', '', '', 0, 0, ''),
(11, 'wbcustomer', '', '', 1, 0, ''),
(12, 'finance', '', '', 0, 0, ''),
(13, 'coupon', '', '', 0, 0, ''),
(14, 'report', '', '', 0, 0, ''),
(15, 'invoice', '', '', 0, 0, ''),
(16, 'notification', '', '', 0, 0, ''),
(17, 'config', '', '', 1, 0, ''),
(18, 'permission', '', '', 0, 0, ''),
(19, 'usergroup', '', '', 0, 0, ''),
(20, 'user', '', '', 0, 0, ''),
(21, 'custom', '', '', 0, 0, ''),
(22, 'membership', '', '', 0, 0, ''),
(23, 'translate', '', '', 0, 0, ''),
(24, 'payment', '', '', 1, 0, ''),
(25, 'currency', '', '', 0, 0, ''),
(26, 'tool', '', '', 0, 0, '');

--
-- Indexes for dumped tables
--

--
-- Indexes for table `woobooking_apps`
--
ALTER TABLE `woobooking_apps`
  ADD PRIMARY KEY (`id`);

--
-- Indexes for table `woobooking_billing`
--
ALTER TABLE `woobooking_billing`
  ADD PRIMARY KEY (`id`);

--
-- Indexes for table `woobooking_block`
--
ALTER TABLE `woobooking_block`
  ADD PRIMARY KEY (`id`);

--
-- Indexes for table `woobooking_category`
--
ALTER TABLE `woobooking_category`
  ADD PRIMARY KEY (`id`);

--
-- Indexes for table `woobooking_category_tag`
--
ALTER TABLE `woobooking_category_tag`
  ADD PRIMARY KEY (`id`),
  ADD KEY `event_id` (`category_id`),
  ADD KEY `tag_id` (`tag_id`);

--
-- Indexes for table `woobooking_config`
--
ALTER TABLE `woobooking_config`
  ADD PRIMARY KEY (`id`);

--
-- Indexes for table `woobooking_country`
--
ALTER TABLE `woobooking_country`
  ADD PRIMARY KEY (`id`);

--
-- Indexes for table `woobooking_customer`
--
ALTER TABLE `woobooking_customer`
  ADD PRIMARY KEY (`id`);

--
-- Indexes for table `woobooking_employee`
--
ALTER TABLE `woobooking_employee`
  ADD PRIMARY KEY (`id`);

--
-- Indexes for table `woobooking_event`
--
ALTER TABLE `woobooking_event`
  ADD PRIMARY KEY (`id`),
  ADD KEY `service_id` (`service_id`),
  ADD KEY `location_id` (`location_id`);

--
-- Indexes for table `woobooking_event_employee`
--
ALTER TABLE `woobooking_event_employee`
  ADD PRIMARY KEY (`id`),
  ADD KEY `event_id` (`event_id`),
  ADD KEY `employee_id` (`employee_id`);

--
-- Indexes for table `woobooking_event_tag`
--
ALTER TABLE `woobooking_event_tag`
  ADD PRIMARY KEY (`id`),
  ADD KEY `event_id` (`event_id`),
  ADD KEY `tag_id` (`tag_id`);

--
-- Indexes for table `woobooking_extra`
--
ALTER TABLE `woobooking_extra`
  ADD PRIMARY KEY (`id`),
  ADD KEY `object_id` (`object_id`);

--
-- Indexes for table `woobooking_finance`
--
ALTER TABLE `woobooking_finance`
  ADD PRIMARY KEY (`id`);

--
-- Indexes for table `woobooking_gallery`
--
ALTER TABLE `woobooking_gallery`
  ADD PRIMARY KEY (`id`);

--
-- Indexes for table `woobooking_location`
--
ALTER TABLE `woobooking_location`
  ADD PRIMARY KEY (`id`);

--
-- Indexes for table `woobooking_notification`
--
ALTER TABLE `woobooking_notification`
  ADD PRIMARY KEY (`id`);

--
-- Indexes for table `woobooking_order`
--
ALTER TABLE `woobooking_order`
  ADD PRIMARY KEY (`id`),
  ADD KEY `order_status_id` (`order_status_id`);

--
-- Indexes for table `woobooking_order_customer`
--
ALTER TABLE `woobooking_order_customer`
  ADD PRIMARY KEY (`id`);

--
-- Indexes for table `woobooking_order_detail`
--
ALTER TABLE `woobooking_order_detail`
  ADD PRIMARY KEY (`id`),
  ADD KEY `order_id` (`order_id`),
  ADD KEY `order_id_2` (`order_id`);

--
-- Indexes for table `woobooking_order_detail_rate`
--
ALTER TABLE `woobooking_order_detail_rate`
  ADD PRIMARY KEY (`id`),
  ADD KEY `order_detail_id` (`order_detail_id`);

--
-- Indexes for table `woobooking_order_package`
--
ALTER TABLE `woobooking_order_package`
  ADD PRIMARY KEY (`id`),
  ADD KEY `order_id` (`order_id`),
  ADD KEY `order_id_2` (`order_id`);

--
-- Indexes for table `woobooking_order_package_rate`
--
ALTER TABLE `woobooking_order_package_rate`
  ADD PRIMARY KEY (`id`),
  ADD KEY `woobooking_order_package_rate` (`order_package_id`);

--
-- Indexes for table `woobooking_order_status`
--
ALTER TABLE `woobooking_order_status`
  ADD PRIMARY KEY (`id`),
  ADD UNIQUE KEY `name` (`name`),
  ADD KEY `id` (`id`);

--
-- Indexes for table `woobooking_package`
--
ALTER TABLE `woobooking_package`
  ADD PRIMARY KEY (`id`);

--
-- Indexes for table `woobooking_package_event`
--
ALTER TABLE `woobooking_package_event`
  ADD PRIMARY KEY (`id`),
  ADD KEY `event_id` (`event_id`),
  ADD KEY `employee_id` (`package_id`);

--
-- Indexes for table `woobooking_package_tag`
--
ALTER TABLE `woobooking_package_tag`
  ADD PRIMARY KEY (`id`),
  ADD KEY `event_id` (`package_id`),
  ADD KEY `tag_id` (`tag_id`);

--
-- Indexes for table `woobooking_payment`
--
ALTER TABLE `woobooking_payment`
  ADD PRIMARY KEY (`id`);

--
-- Indexes for table `woobooking_rate`
--
ALTER TABLE `woobooking_rate`
  ADD PRIMARY KEY (`id`),
  ADD KEY `event_id` (`object_id`);

--
-- Indexes for table `woobooking_review`
--
ALTER TABLE `woobooking_review`
  ADD PRIMARY KEY (`id`);

--
-- Indexes for table `woobooking_service`
--
ALTER TABLE `woobooking_service`
  ADD PRIMARY KEY (`id`),
  ADD KEY `category_id` (`category_id`);

--
-- Indexes for table `woobooking_service_employee`
--
ALTER TABLE `woobooking_service_employee`
  ADD PRIMARY KEY (`id`),
  ADD UNIQUE KEY `event_id` (`employee_id`,`service_id`);

--
-- Indexes for table `woobooking_shipping`
--
ALTER TABLE `woobooking_shipping`
  ADD PRIMARY KEY (`id`);

--
-- Indexes for table `woobooking_state`
--
ALTER TABLE `woobooking_state`
  ADD PRIMARY KEY (`id`);

--
-- Indexes for table `woobooking_tag`
--
ALTER TABLE `woobooking_tag`
  ADD PRIMARY KEY (`id`),
  ADD UNIQUE KEY `name` (`name`);

--
-- Indexes for table `woobooking_user`
--
ALTER TABLE `woobooking_user`
  ADD PRIMARY KEY (`id`);

--
-- Indexes for table `woobooking_view`
--
ALTER TABLE `woobooking_view`
  ADD PRIMARY KEY (`id`),
  ADD UNIQUE KEY `name` (`name`);

--
-- AUTO_INCREMENT for dumped tables
--

--
-- AUTO_INCREMENT for table `woobooking_apps`
--
ALTER TABLE `woobooking_apps`
  MODIFY `id` int(11) UNSIGNED NOT NULL AUTO_INCREMENT, AUTO_INCREMENT=2;

--
-- AUTO_INCREMENT for table `woobooking_billing`
--
ALTER TABLE `woobooking_billing`
  MODIFY `id` int(11) NOT NULL AUTO_INCREMENT, AUTO_INCREMENT=5;

--
-- AUTO_INCREMENT for table `woobooking_block`
--
ALTER TABLE `woobooking_block`
  MODIFY `id` int(11) UNSIGNED NOT NULL AUTO_INCREMENT, AUTO_INCREMENT=259;

--
-- AUTO_INCREMENT for table `woobooking_category`
--
ALTER TABLE `woobooking_category`
  MODIFY `id` int(11) UNSIGNED NOT NULL AUTO_INCREMENT, AUTO_INCREMENT=71;

--
-- AUTO_INCREMENT for table `woobooking_category_tag`
--
ALTER TABLE `woobooking_category_tag`
  MODIFY `id` int(11) NOT NULL AUTO_INCREMENT;

--
-- AUTO_INCREMENT for table `woobooking_country`
--
ALTER TABLE `woobooking_country`
  MODIFY `id` int(11) NOT NULL AUTO_INCREMENT, AUTO_INCREMENT=251;

--
-- AUTO_INCREMENT for table `woobooking_customer`
--
ALTER TABLE `woobooking_customer`
  MODIFY `id` int(11) NOT NULL AUTO_INCREMENT, AUTO_INCREMENT=533;

--
-- AUTO_INCREMENT for table `woobooking_employee`
--
ALTER TABLE `woobooking_employee`
  MODIFY `id` int(11) NOT NULL AUTO_INCREMENT, AUTO_INCREMENT=34;

--
-- AUTO_INCREMENT for table `woobooking_event`
--
ALTER TABLE `woobooking_event`
  MODIFY `id` int(11) NOT NULL AUTO_INCREMENT, AUTO_INCREMENT=120;

--
-- AUTO_INCREMENT for table `woobooking_event_employee`
--
ALTER TABLE `woobooking_event_employee`
  MODIFY `id` int(11) NOT NULL AUTO_INCREMENT, AUTO_INCREMENT=753;

--
-- AUTO_INCREMENT for table `woobooking_event_tag`
--
ALTER TABLE `woobooking_event_tag`
  MODIFY `id` int(11) NOT NULL AUTO_INCREMENT, AUTO_INCREMENT=574;

--
-- AUTO_INCREMENT for table `woobooking_extra`
--
ALTER TABLE `woobooking_extra`
  MODIFY `id` int(11) NOT NULL AUTO_INCREMENT;

--
-- AUTO_INCREMENT for table `woobooking_finance`
--
ALTER TABLE `woobooking_finance`
  MODIFY `id` int(11) NOT NULL AUTO_INCREMENT, AUTO_INCREMENT=3;

--
-- AUTO_INCREMENT for table `woobooking_gallery`
--
ALTER TABLE `woobooking_gallery`
  MODIFY `id` int(11) NOT NULL AUTO_INCREMENT, AUTO_INCREMENT=922;

--
-- AUTO_INCREMENT for table `woobooking_location`
--
ALTER TABLE `woobooking_location`
  MODIFY `id` int(11) NOT NULL AUTO_INCREMENT, AUTO_INCREMENT=17;

--
-- AUTO_INCREMENT for table `woobooking_notification`
--
ALTER TABLE `woobooking_notification`
  MODIFY `id` int(11) UNSIGNED NOT NULL AUTO_INCREMENT, AUTO_INCREMENT=54;

--
-- AUTO_INCREMENT for table `woobooking_order`
--
ALTER TABLE `woobooking_order`
  MODIFY `id` int(11) NOT NULL AUTO_INCREMENT, AUTO_INCREMENT=496;

--
-- AUTO_INCREMENT for table `woobooking_order_customer`
--
ALTER TABLE `woobooking_order_customer`
  MODIFY `id` int(11) NOT NULL AUTO_INCREMENT, AUTO_INCREMENT=2;

--
-- AUTO_INCREMENT for table `woobooking_order_detail`
--
ALTER TABLE `woobooking_order_detail`
  MODIFY `id` int(11) NOT NULL AUTO_INCREMENT, AUTO_INCREMENT=507;

--
-- AUTO_INCREMENT for table `woobooking_order_detail_rate`
--
ALTER TABLE `woobooking_order_detail_rate`
  MODIFY `id` int(11) NOT NULL AUTO_INCREMENT, AUTO_INCREMENT=643;

--
-- AUTO_INCREMENT for table `woobooking_order_package`
--
ALTER TABLE `woobooking_order_package`
  MODIFY `id` int(11) NOT NULL AUTO_INCREMENT;

--
-- AUTO_INCREMENT for table `woobooking_order_package_rate`
--
ALTER TABLE `woobooking_order_package_rate`
  MODIFY `id` int(11) NOT NULL AUTO_INCREMENT;

--
-- AUTO_INCREMENT for table `woobooking_order_status`
--
ALTER TABLE `woobooking_order_status`
  MODIFY `id` int(11) NOT NULL AUTO_INCREMENT, AUTO_INCREMENT=6;

--
-- AUTO_INCREMENT for table `woobooking_package`
--
ALTER TABLE `woobooking_package`
  MODIFY `id` int(11) NOT NULL AUTO_INCREMENT, AUTO_INCREMENT=5;

--
-- AUTO_INCREMENT for table `woobooking_package_event`
--
ALTER TABLE `woobooking_package_event`
  MODIFY `id` int(11) NOT NULL AUTO_INCREMENT, AUTO_INCREMENT=69;

--
-- AUTO_INCREMENT for table `woobooking_package_tag`
--
ALTER TABLE `woobooking_package_tag`
  MODIFY `id` int(11) NOT NULL AUTO_INCREMENT, AUTO_INCREMENT=26;

--
-- AUTO_INCREMENT for table `woobooking_payment`
--
ALTER TABLE `woobooking_payment`
  MODIFY `id` int(11) UNSIGNED NOT NULL AUTO_INCREMENT, AUTO_INCREMENT=73;

--
-- AUTO_INCREMENT for table `woobooking_rate`
--
ALTER TABLE `woobooking_rate`
  MODIFY `id` int(11) NOT NULL AUTO_INCREMENT, AUTO_INCREMENT=648;

--
-- AUTO_INCREMENT for table `woobooking_review`
--
ALTER TABLE `woobooking_review`
  MODIFY `id` int(11) UNSIGNED NOT NULL AUTO_INCREMENT, AUTO_INCREMENT=181;

--
-- AUTO_INCREMENT for table `woobooking_service`
--
ALTER TABLE `woobooking_service`
  MODIFY `id` int(11) NOT NULL AUTO_INCREMENT, AUTO_INCREMENT=121;

--
-- AUTO_INCREMENT for table `woobooking_service_employee`
--
ALTER TABLE `woobooking_service_employee`
  MODIFY `id` int(11) NOT NULL AUTO_INCREMENT, AUTO_INCREMENT=686;

--
-- AUTO_INCREMENT for table `woobooking_shipping`
--
ALTER TABLE `woobooking_shipping`
  MODIFY `id` int(11) NOT NULL AUTO_INCREMENT, AUTO_INCREMENT=51;

--
-- AUTO_INCREMENT for table `woobooking_state`
--
ALTER TABLE `woobooking_state`
  MODIFY `id` int(11) NOT NULL AUTO_INCREMENT, AUTO_INCREMENT=7;

--
-- AUTO_INCREMENT for table `woobooking_tag`
--
ALTER TABLE `woobooking_tag`
  MODIFY `id` int(11) NOT NULL AUTO_INCREMENT, AUTO_INCREMENT=22;

--
-- AUTO_INCREMENT for table `woobooking_user`
--
ALTER TABLE `woobooking_user`
  MODIFY `id` int(11) NOT NULL AUTO_INCREMENT, AUTO_INCREMENT=5;

--
-- AUTO_INCREMENT for table `woobooking_view`
--
ALTER TABLE `woobooking_view`
  MODIFY `id` int(11) UNSIGNED NOT NULL AUTO_INCREMENT, AUTO_INCREMENT=27;

--
-- Constraints for dumped tables
--

--
-- Constraints for table `woobooking_event`
--
ALTER TABLE `woobooking_event`
  ADD CONSTRAINT `woobooking_event_ibfk_1` FOREIGN KEY (`service_id`) REFERENCES `woobooking_service` (`id`) ON DELETE CASCADE ON UPDATE CASCADE,
  ADD CONSTRAINT `woobooking_event_ibfk_2` FOREIGN KEY (`location_id`) REFERENCES `woobooking_location` (`id`) ON DELETE CASCADE ON UPDATE CASCADE;

--
-- Constraints for table `woobooking_event_employee`
--
ALTER TABLE `woobooking_event_employee`
  ADD CONSTRAINT `woobooking_event_employee_ibfk_1` FOREIGN KEY (`employee_id`) REFERENCES `woobooking_employee` (`id`) ON DELETE CASCADE ON UPDATE CASCADE,
  ADD CONSTRAINT `woobooking_event_employee_ibfk_2` FOREIGN KEY (`event_id`) REFERENCES `woobooking_event` (`id`) ON DELETE CASCADE ON UPDATE CASCADE;

--
-- Constraints for table `woobooking_event_tag`
--
ALTER TABLE `woobooking_event_tag`
  ADD CONSTRAINT `woobooking_event_tag_ibfk_1` FOREIGN KEY (`tag_id`) REFERENCES `woobooking_tag` (`id`) ON DELETE CASCADE ON UPDATE CASCADE,
  ADD CONSTRAINT `woobooking_event_tag_ibfk_2` FOREIGN KEY (`event_id`) REFERENCES `woobooking_event` (`id`) ON DELETE CASCADE ON UPDATE CASCADE;

--
-- Constraints for table `woobooking_extra`
--
ALTER TABLE `woobooking_extra`
  ADD CONSTRAINT `woobooking_extra_ibfk_1` FOREIGN KEY (`object_id`) REFERENCES `woobooking_service` (`id`) ON DELETE CASCADE ON UPDATE CASCADE;

--
-- Constraints for table `woobooking_order`
--
ALTER TABLE `woobooking_order`
  ADD CONSTRAINT `woobooking_order_ibfk_1` FOREIGN KEY (`order_status_id`) REFERENCES `woobooking_order_status` (`id`) ON DELETE CASCADE ON UPDATE CASCADE;

--
-- Constraints for table `woobooking_order_detail`
--
ALTER TABLE `woobooking_order_detail`
  ADD CONSTRAINT `woobooking_order_detail_ibfk_1` FOREIGN KEY (`order_id`) REFERENCES `woobooking_order` (`id`) ON DELETE CASCADE ON UPDATE CASCADE;

--
-- Constraints for table `woobooking_order_detail_rate`
--
ALTER TABLE `woobooking_order_detail_rate`
  ADD CONSTRAINT `woobooking_order_detail_rate_ibfk_1` FOREIGN KEY (`order_detail_id`) REFERENCES `woobooking_order_detail` (`id`) ON DELETE CASCADE ON UPDATE CASCADE;

--
-- Constraints for table `woobooking_order_package`
--
ALTER TABLE `woobooking_order_package`
  ADD CONSTRAINT `woobooking_order_package` FOREIGN KEY (`order_id`) REFERENCES `woobooking_order` (`id`) ON DELETE CASCADE ON UPDATE CASCADE;

--
-- Constraints for table `woobooking_order_package_rate`
--
ALTER TABLE `woobooking_order_package_rate`
  ADD CONSTRAINT `woobooking_order_package_rate` FOREIGN KEY (`order_package_id`) REFERENCES `woobooking_order_package` (`id`) ON DELETE CASCADE ON UPDATE CASCADE;

--
-- Constraints for table `woobooking_package_event`
--
ALTER TABLE `woobooking_package_event`
  ADD CONSTRAINT `woobooking_package_event_ibfk_1` FOREIGN KEY (`event_id`) REFERENCES `woobooking_event` (`id`) ON DELETE CASCADE ON UPDATE CASCADE,
  ADD CONSTRAINT `woobooking_package_event_ibfk_2` FOREIGN KEY (`package_id`) REFERENCES `woobooking_package` (`id`) ON DELETE CASCADE ON UPDATE CASCADE;

--
-- Constraints for table `woobooking_service`
--
ALTER TABLE `woobooking_service`
  ADD CONSTRAINT `woobooking_service_ibfk_1` FOREIGN KEY (`category_id`) REFERENCES `woobooking_category` (`id`) ON DELETE CASCADE ON UPDATE CASCADE;
COMMIT;

